{"id":9505,"date":"2025-05-23T14:56:22","date_gmt":"2025-05-23T07:56:22","guid":{"rendered":"https:\/\/hibucenter.com\/index.php\/loc-nhien-lieu-loc-dau-js-asakashi-fuel-filter-fe25001-danh-cho-xe-ford-everest-ranger-bt-50\/"},"modified":"2025-05-28T14:18:58","modified_gmt":"2025-05-28T07:18:58","slug":"loc-nhien-lieu-loc-dau-js-asakashi-fuel-filter-fe25001-danh-cho-xe-ford-everest-ranger-bt-50","status":"publish","type":"product","link":"https:\/\/hibucenter.com\/index.php\/loc-nhien-lieu-loc-dau-js-asakashi-fuel-filter-fe25001-danh-cho-xe-ford-everest-ranger-bt-50\/","title":{"rendered":"L\u1ecdc Nhi\u00ean Li\u1ec7u &#8211; L\u1ecdc D\u1ea7u JS ASAKASHI Fuel Filter FE25001 D\u00e0nh cho xe FORD Everest, Ranger, BT-50"},"content":{"rendered":"<p>Kh\u00e1ch h\u00e0ng kh\u00f4ng r\u00f5 v\u1ec1 k\u00edch th\u01b0\u1edbc, m\u00e3 h\u00e0ng c\u1ea7n mua vui l\u00f2ng s\u1eed d\u1ee5ng c\u00f4ng c\u1ee5 chat c\u1ee7a Shopee \u0111\u1ec3 \u0111\u01b0\u1ee3c nh\u00e2n vi\u00ean k\u1ef9 thu\u1eadt t\u01b0 v\u1ea5n nh\u00e9. Xin c\u1ea3m \u01a1n !<\/p>\n<p> TH\u00d4NG TIN S\u1ea2N PH\u1ea8M:<br \/>\n&#8211; M\u00e3 s\u1ea3n ph\u1ea9m: FE25001<br \/>\n&#8211; Xu\u1ea5t x\u1ee9: Nh\u1eadt B\u1ea3n<br \/>\n&#8211; K\u00edch th\u01b0\u1edbc:<br \/>\n                  Length 1  : 84<br \/>\n                  Outside Diameter 1  : 83<br \/>\n                  Inner Diameter  : 30<br \/>\n                  Inner Diameter (D)  : 27\/12<\/p>\n<p>\u1ee8NG D\u1ee4NG:<br \/>\nFORD\u00a0\u00bb\u00a0Everest 2.2 \/ 3.2<br \/>\nFORD\u00a0\u00bb\u00a0Ranger 2.2 \/ 3.2<br \/>\nMAZDA\u00a0\u00bb\u00a0BT-50 2.2L, 3.2L<\/p>\n<p>https:\/\/cf.shopee.vn\/file\/vn-11134208-7r98o-ls6q8jl7fe6xa7<\/p>\n<p>&#8211; C\u00e1c m\u00e3 thay th\u1ebf:<br \/>\nFORD 1 725 552<br \/>\nFORD 1722896<br \/>\nFORD 1749359<br \/>\nFORD 72341489<br \/>\nFORD AB399155DD<br \/>\nFORD AB399176AB<br \/>\nFORD AB399176AC<br \/>\nFORD L2MZ-9365-A<br \/>\nFORD LU2J-9176-AA<br \/>\nFORD LU2Z-9365-A<br \/>\nFORD U2Y0-13-ZA5A<br \/>\nMAZDA 1WA0-13-ZA5<br \/>\nMAZDA U201-13-ZA5A<br \/>\nMAZDA U2Y0-13-ZA5<br \/>\nMITSUBISHI 1770A337<br \/>\nMITSUBISHI 1770A338<br \/>\nTOYOTA 23390-0L050<\/p>\n<p>#Loc_dau_ford_ranger#loc_dau_ford_everest#loc_dau_js_asakashi<br \/>\n#loc_nhien_lieu_js_asakashi<br \/>\n#hibucenter<\/p>\n","protected":false},"excerpt":{"rendered":"<p>Kh\u00e1ch h\u00e0ng kh\u00f4ng r\u00f5 v\u1ec1 k\u00edch th\u01b0\u1edbc, m\u00e3 h\u00e0ng c\u1ea7n mua vui l\u00f2ng s\u1eed d\u1ee5ng c\u00f4ng c\u1ee5 chat c\u1ee7a Shopee \u0111\u1ec3 \u0111\u01b0\u1ee3c nh\u00e2n vi\u00ean k\u1ef9 thu\u1eadt t\u01b0 v\u1ea5n nh\u00e9. Xin c\u1ea3m \u01a1n ! TH\u00d4NG TIN S\u1ea2N PH\u1ea8M: &#8211; M\u00e3 s\u1ea3n ph\u1ea9m: FE25001 &#8211; Xu\u1ea5t x\u1ee9: Nh\u1eadt B\u1ea3n &#8211; K\u00edch th\u01b0\u1edbc: Length 1 : 84 Outside&hellip;<\/p>\n","protected":false},"featured_media":9508,"comment_status":"closed","ping_status":"open","template":"","meta":[],"product_cat":[117,95],"product_tag":[],"class_list":{"0":"post-9505","1":"product","2":"type-product","3":"status-publish","4":"has-post-thumbnail","6":"product_brand-js-asakashi","7":"product_cat-cham-soc-o-to-xe-hoi","8":"product_cat-san-pham","10":"first","11":"instock","12":"product-type-simple","13":"col-xs-6 col-sm-4","14":"col-md-3 col-lg-3","15":"un-4-cols"},"_links":{"self":[{"href":"https:\/\/hibucenter.com\/index.php\/wp-json\/wp\/v2\/product\/9505","targetHints":{"allow":["GET"]}}],"collection":[{"href":"https:\/\/hibucenter.com\/index.php\/wp-json\/wp\/v2\/product"}],"about":[{"href":"https:\/\/hibucenter.com\/index.php\/wp-json\/wp\/v2\/types\/product"}],"replies":[{"embeddable":true,"href":"https:\/\/hibucenter.com\/index.php\/wp-json\/wp\/v2\/comments?post=9505"}],"version-history":[{"count":1,"href":"https:\/\/hibucenter.com\/index.php\/wp-json\/wp\/v2\/product\/9505\/revisions"}],"predecessor-version":[{"id":9507,"href":"https:\/\/hibucenter.com\/index.php\/wp-json\/wp\/v2\/product\/9505\/revisions\/9507"}],"wp:featuredmedia":[{"embeddable":true,"href":"https:\/\/hibucenter.com\/index.php\/wp-json\/wp\/v2\/media\/9508"}],"wp:attachment":[{"href":"https:\/\/hibucenter.com\/index.php\/wp-json\/wp\/v2\/media?parent=9505"}],"wp:term":[{"taxonomy":"product_cat","embeddable":true,"href":"https:\/\/hibucenter.com\/index.php\/wp-json\/wp\/v2\/product_cat?post=9505"},{"taxonomy":"product_tag","embeddable":true,"href":"https:\/\/hibucenter.com\/index.php\/wp-json\/wp\/v2\/product_tag?post=9505"}],"curies":[{"name":"wp","href":"https:\/\/api.w.org\/{rel}","templated":true}]}}