{"id":9477,"date":"2025-05-23T14:56:22","date_gmt":"2025-05-23T07:56:22","guid":{"rendered":"https:\/\/hibucenter.com\/index.php\/loc-gio-dong-co-xe-hyundai-accent-js-asakashi-a9329-xuat-xu-nhat\/"},"modified":"2025-05-28T14:18:58","modified_gmt":"2025-05-28T07:18:58","slug":"loc-gio-dong-co-xe-hyundai-accent-js-asakashi-a9329-xuat-xu-nhat","status":"publish","type":"product","link":"https:\/\/hibucenter.com\/index.php\/loc-gio-dong-co-xe-hyundai-accent-js-asakashi-a9329-xuat-xu-nhat\/","title":{"rendered":"L\u1ecdc Gi\u00f3 \u0110\u1ed9ng C\u01a1 Xe Hyundai Accent JS ASAKASHI A9329, Xu\u1ea5t X\u1ee9 Nh\u1eadt"},"content":{"rendered":"<p>KH\u00c1CH H\u00c0NG VUI L\u00d2NG LI\u00caN H\u1ec6 CHO SHOP QUA C\u00d4NG C\u1ee4 CHAT C\u1ee6A SHOPEE \u0110\u1ec2 \u0110\u01af\u1ee2C NH\u00c2N VI\u00caN H\u1ed6 TR\u1ee2 T\u01af V\u1ea4N NH\u00c9  <\/p>\n<p>  TH\u00d4NG TIN S\u1ea2N PH\u1ea8M:<br \/>\n&#8211; Nh\u00e0 s\u1ea3n xu\u1ea5t\tJS Asakashi<br \/>\n&#8211; Xu\u1ea5t x\u1ee9: Nh\u1eadt B\u1ea3n<br \/>\n&#8211; M\u00e3 s\u1ea3n ph\u1ea9m: \tA9329<br \/>\n&#8211; K\u00edch th\u01b0\u1edbc : \t  247 x 146 x 56 mm<\/p>\n<p>https:\/\/cf.shopee.vn\/file\/vn-11134208-7r98o-lswgpfv85ift2c<\/p>\n<p>  \u1ee8NG D\u1ee4NG :<br \/>\n&#8211; HYUNDAI\u00a0\u00bb\u00a0Accent 1.4 G4LC (2018 ~ )<br \/>\n&#8211; HYUNDAI\u00a0\u00bb\u00a0Accent 1.6 D4FB \/ G4FG (2017 ~ )<br \/>\n&#8211; HYUNDAI\u00a0\u00bb\u00a0i20 (2014 ~ )<\/p>\n<p>&#8211; KIA\u00a0\u00bb\u00a0Carens (2021 ~ )<br \/>\n&#8211; KIA\u00a0\u00bb\u00a0Sonet (2020 ~ )<\/p>\n<p>  M\u00e3 thay th\u1ebf:<br \/>\nHYUNDAI 28113-C7000<br \/>\nHYUNDAI 28113-C8000<\/p>\n<p>https:\/\/cf.shopee.vn\/file\/vn-11134208-7r98o-lswgpfv86x0901<br \/>\nhttps:\/\/cf.shopee.vn\/file\/vn-11134208-7r98o-lswgpfv88bkpfa<\/p>\n<p> \u0110\u1eb7c t\u00ednh k\u1ef9 thu\u1eadt s\u1ea3n ph\u1ea9m:<br \/>\n\u00a0\u00a0\u00a0\u00a0\u00a0\u00a0\u2666\u00a0B\u1ea3o v\u1ec7 \u0111\u1ed9ng c\u01a1 kh\u1ecfi b\u1ee5i b\u1ea9n, s\u1ef1 \u0103n m\u00f2n.<br \/>\n\u00a0\u00a0\u00a0\u00a0\u00a0\u2666\u00a0\u0110\u1ea3m b\u1ea3o cung c\u1ea5p l\u01b0\u1ee3ng kh\u00f4ng kh\u00ed s\u1ea1ch.<br \/>\n\u00a0\u00a0\u00a0\u00a0\u00a0\u2666\u00a0Gi\u1ea3m ti\u1ebfng \u1ed3n trong qu\u00e1 tr\u00ecnh v\u1eadn h\u00e0nh xe.<\/p>\n<p>\u00a0\u00a0\u00a0\u00a0\u00a0\u25ba\u00a0Thay m\u1edbi l\u1ecdc gi\u00f3 \u0111\u1ed9ng c\u01a1 m\u1ed7i 15.000 \u2013 20000 km ho\u1eb7c theo khuy\u1ebfn ngh\u1ecb c\u1ee7a nh\u00e0 s\u1ea3n xu\u1ea5t xe.<\/p>\n<p>#loc_gio_dong_co_js_asakashi #loc_gio_dong_co #loc_js_asakashi<br \/>\n#loc_dong_co_Accent  #loc_gio_dong_co_i20 #loc_gio_dong_co_Carens #loc_gio_dong_co_Sonet<br \/>\n #A9329<\/p>\n","protected":false},"excerpt":{"rendered":"<p>KH\u00c1CH H\u00c0NG VUI L\u00d2NG LI\u00caN H\u1ec6 CHO SHOP QUA C\u00d4NG C\u1ee4 CHAT C\u1ee6A SHOPEE \u0110\u1ec2 \u0110\u01af\u1ee2C NH\u00c2N VI\u00caN H\u1ed6 TR\u1ee2 T\u01af V\u1ea4N NH\u00c9 TH\u00d4NG TIN S\u1ea2N PH\u1ea8M: &#8211; Nh\u00e0 s\u1ea3n xu\u1ea5t JS Asakashi &#8211; Xu\u1ea5t x\u1ee9: Nh\u1eadt B\u1ea3n &#8211; M\u00e3 s\u1ea3n ph\u1ea9m: A9329 &#8211; K\u00edch th\u01b0\u1edbc : 247 x 146 x 56 mm https:\/\/cf.shopee.vn\/file\/vn-11134208-7r98o-lswgpfv85ift2c \u1ee8NG&hellip;<\/p>\n","protected":false},"featured_media":9482,"comment_status":"closed","ping_status":"open","template":"","meta":[],"product_cat":[117,95],"product_tag":[],"class_list":{"0":"post-9477","1":"product","2":"type-product","3":"status-publish","4":"has-post-thumbnail","6":"product_brand-js-asakashi","7":"product_cat-cham-soc-o-to-xe-hoi","8":"product_cat-san-pham","10":"first","11":"instock","12":"product-type-simple","13":"col-xs-6 col-sm-4","14":"col-md-3 col-lg-3","15":"un-4-cols"},"_links":{"self":[{"href":"https:\/\/hibucenter.com\/index.php\/wp-json\/wp\/v2\/product\/9477","targetHints":{"allow":["GET"]}}],"collection":[{"href":"https:\/\/hibucenter.com\/index.php\/wp-json\/wp\/v2\/product"}],"about":[{"href":"https:\/\/hibucenter.com\/index.php\/wp-json\/wp\/v2\/types\/product"}],"replies":[{"embeddable":true,"href":"https:\/\/hibucenter.com\/index.php\/wp-json\/wp\/v2\/comments?post=9477"}],"version-history":[{"count":1,"href":"https:\/\/hibucenter.com\/index.php\/wp-json\/wp\/v2\/product\/9477\/revisions"}],"predecessor-version":[{"id":9481,"href":"https:\/\/hibucenter.com\/index.php\/wp-json\/wp\/v2\/product\/9477\/revisions\/9481"}],"wp:featuredmedia":[{"embeddable":true,"href":"https:\/\/hibucenter.com\/index.php\/wp-json\/wp\/v2\/media\/9482"}],"wp:attachment":[{"href":"https:\/\/hibucenter.com\/index.php\/wp-json\/wp\/v2\/media?parent=9477"}],"wp:term":[{"taxonomy":"product_cat","embeddable":true,"href":"https:\/\/hibucenter.com\/index.php\/wp-json\/wp\/v2\/product_cat?post=9477"},{"taxonomy":"product_tag","embeddable":true,"href":"https:\/\/hibucenter.com\/index.php\/wp-json\/wp\/v2\/product_tag?post=9477"}],"curies":[{"name":"wp","href":"https:\/\/api.w.org\/{rel}","templated":true}]}}