{"id":9451,"date":"2025-05-23T14:56:22","date_gmt":"2025-05-23T07:56:22","guid":{"rendered":"https:\/\/hibucenter.com\/index.php\/js-asakashi-loc-gio-dieu-hoa-than-hoat-tinh-ac304c-hyundai-i10-mitsubishi-attrage-mirage\/"},"modified":"2025-05-28T14:18:58","modified_gmt":"2025-05-28T07:18:58","slug":"js-asakashi-loc-gio-dieu-hoa-than-hoat-tinh-ac304c-hyundai-i10-mitsubishi-attrage-mirage","status":"publish","type":"product","link":"https:\/\/hibucenter.com\/index.php\/js-asakashi-loc-gio-dieu-hoa-than-hoat-tinh-ac304c-hyundai-i10-mitsubishi-attrage-mirage\/","title":{"rendered":"JS ASAKASHI L\u1ecdc Gi\u00f3 \u0110i\u1ec1u H\u00f2a Than Ho\u1ea1t T\u00ednh AC304C Hyundai I10, MITSUBISHI Attrage, Mirage,&#8230;."},"content":{"rendered":"<p>L\u1ecdc Gi\u00f3 \u0110i\u1ec1u H\u00f2a Than Ho\u1ea1t T\u00ednh JS ASAKASHI AC304C | Hyundai I10 (19-) MITSUBISHI Attrage (13 -) Mirage ( 13-) Xpander .<\/p>\n<p>  L\u01afU \u00dd : Qu\u00fd kh\u00e1ch h\u00e0ng vui l\u00f2ng li\u00ean h\u1ec7 cho shop qua c\u00f4ng c\u1ee5 chat c\u1ee7a shopee tr\u01b0\u1edbc khi mua h\u00e0ng \u0111\u1ec3 \u0111\u01b0\u1ee3c nh\u00e2n vi\u00ean k\u1ef9 thu\u1eadt t\u01b0 v\u1ea5n h\u1ed7 tr\u1ee3 nh\u00e9. Tr\u00e1nh tr\u01b0\u1eddng h\u1ee3p \u0111\u1eb7t sai m\u00e3 sai k\u00edch th\u01b0\u1edbc \u1ea1.Xin c\u1ea3m \u01a1n !!<\/p>\n<p> TH\u00d4NG TIN S\u1ea2N PH\u1ea8M:<br \/>\n&#8211; H\u00e3ng s\u1ea3n xu\u1ea5t : JS Asakashi<br \/>\n&#8211; Xu\u1ea5t x\u1ee9: Nh\u1eadt B\u1ea3n.<br \/>\n&#8211; M\u00e3 ph\u1ee5 t\u00f9ng: 7803A012<br \/>\n&#8211; M\u00e3 l\u1ecdc: AC304C<br \/>\n&#8211; K\u00edch th\u01b0\u1edbc : 180 mm &#8211; 178 mm &#8211; 18 mm<br \/>\n&#8211; M\u1ee9c \u0111\u1ed9 l\u1ecdc : L\u1ecdc \u0111\u01b0\u1ee3c b\u1ee5i si\u00eau nh\u1ecf, c\u00f3 kh\u1ea3 n\u0103ng h\u1ea5p ph\u1ee5 m\u00f9i h\u00f4i v\u00e0 ch\u1ed1ng vi khu\u1ea9n x\u00e2m nh\u1eadp<\/p>\n<p>https:\/\/cf.shopee.vn\/file\/vn-11134208-7r98o-lr85q1n4jxjt64<\/p>\n<p> \u1ee8NG D\u1ee4NG :<br \/>\n   + HYUNDAi I10 (19 -),<br \/>\n   + MITSUBISHI Atrage ( 13 &#8211; ). Mirage ( 13- ), Xpander ( 18 &#8211; ).<\/p>\n<p>&#8211; M\u00e3 n\u00e0y c\u00f3 th\u1ec3 thay th\u1ebf c\u00e1c m\u00e3 sau :<br \/>\nHyundai : 97133C4100<br \/>\nJS Asakashi  AC304<br \/>\nJS Asakashi  AC304J<br \/>\nKia  97133C4100<br \/>\nMercedes-benz   6811235000<br \/>\nMercedesbenz   A6811235000<br \/>\nMitsubishi  7803A012<br \/>\nMitsubishi  7850A002<br \/>\nMitsubishi  7850A012<br \/>\nMitsubishi  MZ600152<br \/>\nNissan  271206A00B<br \/>\nNissan  271206A00C<br \/>\nNissan AY684NS013<br \/>\nNissan  AY684NS023<br \/>\nNissan  AY684NS025<br \/>\nNissan  AY685NS013<br \/>\nNissan  AY685NS023<br \/>\nNissan   AY685NS025S<br \/>\nsangyong  6811235000<\/p>\n<p>&#8211; AC304C l\u00e0 m\u00e3 l\u1ecdc \u0111i\u1ec1u h\u00f2a d\u00f9ng \u0111\u01b0\u1ee3c cho c\u00e1c xe c\u00f3 k\u00edch th\u01b0\u1edbc t\u1ea5m l\u1ecdc l\u00e0 180 x 178 x 18 (mm). N\u1ebfu k\u00edch th\u01b0\u1edbc n\u00e0y nh\u1ecf h\u01a1n ho\u1eb7c l\u1edbn h\u01a1n t\u1ea5m l\u1ecdc b\u1ea1n \u0111ang d\u00f9ng, h\u00e3y c\u00e2n nh\u1eafc sang s\u1ea3n ph\u1ea9m kh\u00e1c c\u00f3 k\u00edch th\u01b0\u1edbc ph\u00f9 h\u1ee3p h\u01a1n. Nguy\u00ean nh\u00e2n do n\u1ebfu l\u1eafp kh\u00f4ng v\u1eeba xe th\u00ec t\u1ea5m l\u1ecdc gi\u00f3 n\u00e0y s\u1ebd kh\u00f4ng ph\u00e1t huy \u0111\u01b0\u1ee3c t\u00e1c d\u1ee5ng c\u1ee7a n\u00f3, kh\u00f4ng kh\u00ed b\u1ea9n v\u1eabn c\u00f3 th\u1ec3 chui l\u1ecdt v\u00e0 g\u00e2y h\u01b0 h\u1ea1i \u0111\u1ebfn h\u1ec7 th\u1ed1ng \u0111i\u1ec1u h\u00f2a.\u00a0<\/p>\n<p>#loc_gio_JS_Asakashi_AC304C#loc_JSASAKASHI<br \/>\n#loc_dieu_hoa_xpander#loc_dieu_hoa_Atrage#loc_dieu_hia_i10<br \/>\n#Loc_gio_dieu_hoa_than_hoat_tinh<\/p>\n","protected":false},"excerpt":{"rendered":"<p>L\u1ecdc Gi\u00f3 \u0110i\u1ec1u H\u00f2a Than Ho\u1ea1t T\u00ednh JS ASAKASHI AC304C | Hyundai I10 (19-) MITSUBISHI Attrage (13 -) Mirage ( 13-) Xpander . L\u01afU \u00dd : Qu\u00fd kh\u00e1ch h\u00e0ng vui l\u00f2ng li\u00ean h\u1ec7 cho shop qua c\u00f4ng c\u1ee5 chat c\u1ee7a shopee tr\u01b0\u1edbc khi mua h\u00e0ng \u0111\u1ec3 \u0111\u01b0\u1ee3c nh\u00e2n vi\u00ean k\u1ef9 thu\u1eadt t\u01b0 v\u1ea5n h\u1ed7 tr\u1ee3&hellip;<\/p>\n","protected":false},"featured_media":9454,"comment_status":"closed","ping_status":"open","template":"","meta":[],"product_cat":[117,95],"product_tag":[],"class_list":{"0":"post-9451","1":"product","2":"type-product","3":"status-publish","4":"has-post-thumbnail","6":"product_brand-js-asakashi","7":"product_cat-cham-soc-o-to-xe-hoi","8":"product_cat-san-pham","10":"first","11":"instock","12":"product-type-simple","13":"col-xs-6 col-sm-4","14":"col-md-3 col-lg-3","15":"un-4-cols"},"_links":{"self":[{"href":"https:\/\/hibucenter.com\/index.php\/wp-json\/wp\/v2\/product\/9451","targetHints":{"allow":["GET"]}}],"collection":[{"href":"https:\/\/hibucenter.com\/index.php\/wp-json\/wp\/v2\/product"}],"about":[{"href":"https:\/\/hibucenter.com\/index.php\/wp-json\/wp\/v2\/types\/product"}],"replies":[{"embeddable":true,"href":"https:\/\/hibucenter.com\/index.php\/wp-json\/wp\/v2\/comments?post=9451"}],"version-history":[{"count":1,"href":"https:\/\/hibucenter.com\/index.php\/wp-json\/wp\/v2\/product\/9451\/revisions"}],"predecessor-version":[{"id":9453,"href":"https:\/\/hibucenter.com\/index.php\/wp-json\/wp\/v2\/product\/9451\/revisions\/9453"}],"wp:featuredmedia":[{"embeddable":true,"href":"https:\/\/hibucenter.com\/index.php\/wp-json\/wp\/v2\/media\/9454"}],"wp:attachment":[{"href":"https:\/\/hibucenter.com\/index.php\/wp-json\/wp\/v2\/media?parent=9451"}],"wp:term":[{"taxonomy":"product_cat","embeddable":true,"href":"https:\/\/hibucenter.com\/index.php\/wp-json\/wp\/v2\/product_cat?post=9451"},{"taxonomy":"product_tag","embeddable":true,"href":"https:\/\/hibucenter.com\/index.php\/wp-json\/wp\/v2\/product_tag?post=9451"}],"curies":[{"name":"wp","href":"https:\/\/api.w.org\/{rel}","templated":true}]}}