{"id":9003,"date":"2025-05-22T10:17:59","date_gmt":"2025-05-22T03:17:59","guid":{"rendered":"http:\/\/hibucenter.com\/index.php\/dung-dich-chong-nuoc-mua-liqui-moly-clear-view-1590-125ml\/"},"modified":"2025-05-23T10:37:07","modified_gmt":"2025-05-23T03:37:07","slug":"dung-dich-chong-nuoc-mua-liqui-moly-clear-view-1590-125ml","status":"publish","type":"product","link":"https:\/\/hibucenter.com\/index.php\/dung-dich-chong-nuoc-mua-liqui-moly-clear-view-1590-125ml\/","title":{"rendered":"Dung D\u1ecbch Ch\u1ed1ng N\u01b0\u1edbc M\u01b0a Liqui Moly Clear View 1590 125ml"},"content":{"rendered":"<p>Dung D\u1ecbch Ch\u1ed1ng N\u01b0\u1edbc M\u01b0a Liqui Moly Clear View 1590 125ml<\/p>\n<p>TH\u00d4NG TIN S\u1ea2N PH\u1ea8M:<br \/>\n&#8211; Nh\u00e0 s\u1ea3n xu\u1ea5t: LIQUI MOLY<br \/>\n&#8211; Xu\u1ea5t x\u1ee9: \u0110\u1ee9c<br \/>\n&#8211; M\u00e3 s\u1ea3n ph\u1ea9m: 1590<br \/>\n&#8211; Dung t\u00edch: 125ml<\/p>\n<p>\u2728\u2728Fix-clear Rain Repellent kh\u00e1ng n\u01b0\u1edbc m\u01b0a, t\u1ea1o hi\u1ec7u \u1ee9ng nh\u01b0 n\u01b0\u1edbc tr\u00ean l\u00e1 sen, d\u00f9ng cho k\u00ednh xe v\u00e0 m\u0169 b\u1ea3o hi\u1ec3m.<br \/>\n&#8211; Kh\u00e1ng n\u01b0\u1edbc m\u01b0a, t\u1ea1o hi\u1ec7u \u1ee9ng nh\u01b0 n\u01b0\u1edbc tr\u00ean l\u00e1 sen, d\u00f9ng cho k\u00ednh xe v\u00e0 m\u0169 b\u1ea3o hi\u1ec3m. N\u01b0\u1edbc m\u01b0a s\u1ebd gom l\u1ea1i th\u00e0nh gi\u1ecdt v\u00e0 ch\u1ea3y nhanh xu\u1ed1ng kh\u1ecfi b\u1ec1 m\u1eb7t k\u00ednh m\u00e0 kh\u00f4ng c\u1ea7n s\u1eed d\u1ee5ng c\u1ea7n g\u1ea1t n\u01b0\u1edbc.<br \/>\n&#8211; B\u1ea3o v\u1ec7 k\u00ednh kh\u1ecfi c\u00f4n tr\u00f9ng, h\u01a1i nu\u1edbc. Mang l\u1ea1i \u0111\u1ed9 an to\u00e0n cao khi tr\u1eddi m\u01b0a.<\/p>\n<p>\u2728\u2728C\u00e1ch d\u00f9ng:<br \/>\n&#8211; V\u1ec7 sinh s\u1ea1ch v\u00e0 lau kh\u00f4 c\u1eeda k\u00ednh hay k\u00ednh m\u0169 b\u1ea3o hi\u1ec3m. \u0110\u1ed5 m\u1ed9t \u00edt dung d\u1ecbch fix-clear Rain Repellent l\u00ean m\u1ed9t v\u1ea3i s\u1ea1ch v\u00e0 ti\u1ebfn h\u00e0nh lau m\u1ecfng \u0111\u1ec1u l\u00ean k\u00ednh v\u1edbi chuy\u1ec3n \u0111\u1ed9ng v\u00f2ng tr\u00f2n. Sau kho\u1ea3ng 10 ph\u00fat, \u0111\u00e1nh b\u00f3ng v\u1edbi kh\u0103n cho \u0111\u1ebfn khi c\u1eeda k\u00ednh s\u1ea1ch, trong.<br \/>\n&#8211; N\u00ean s\u1eed d\u1ee5ng s\u1ea3n ph\u1ea9m 4 tu\u1ea7n m\u1ed9t l\u1ea7n.<\/p>\n<p>HB CENTER cam k\u1ebft b\u00e1n c\u00e1c s\u1ea3n ph\u1ea9m ch\u00ednh h\u00e3ng c\u1ee7a Liqui Moly<\/p>\n<p>#CHONG_BAM_NUOC_LIQUI_MOLY#LiquiMoly1590 #1590 #ChongNuocMuaClearView<\/p>\n","protected":false},"excerpt":{"rendered":"<p>Dung D\u1ecbch Ch\u1ed1ng N\u01b0\u1edbc M\u01b0a Liqui Moly Clear View 1590 125ml TH\u00d4NG TIN S\u1ea2N PH\u1ea8M: &#8211; Nh\u00e0 s\u1ea3n xu\u1ea5t: LIQUI MOLY &#8211; Xu\u1ea5t x\u1ee9: \u0110\u1ee9c &#8211; M\u00e3 s\u1ea3n ph\u1ea9m: 1590 &#8211; Dung t\u00edch: 125ml \u2728\u2728Fix-clear Rain Repellent kh\u00e1ng n\u01b0\u1edbc m\u01b0a, t\u1ea1o hi\u1ec7u \u1ee9ng nh\u01b0 n\u01b0\u1edbc tr\u00ean l\u00e1 sen, d\u00f9ng cho k\u00ednh xe v\u00e0 m\u0169 b\u1ea3o&hellip;<\/p>\n","protected":false},"featured_media":9005,"comment_status":"closed","ping_status":"open","template":"","meta":[],"product_cat":[118],"product_tag":[184],"class_list":{"0":"post-9003","1":"product","2":"type-product","3":"status-publish","4":"has-post-thumbnail","6":"product_brand-liqui","7":"product_cat-dung-dich-phu-gia-dau-nhon","8":"product_tag-liqui-moly","10":"first","11":"instock","12":"product-type-simple","13":"col-xs-6 col-sm-4","14":"col-md-3 col-lg-3","15":"un-4-cols"},"_links":{"self":[{"href":"https:\/\/hibucenter.com\/index.php\/wp-json\/wp\/v2\/product\/9003","targetHints":{"allow":["GET"]}}],"collection":[{"href":"https:\/\/hibucenter.com\/index.php\/wp-json\/wp\/v2\/product"}],"about":[{"href":"https:\/\/hibucenter.com\/index.php\/wp-json\/wp\/v2\/types\/product"}],"replies":[{"embeddable":true,"href":"https:\/\/hibucenter.com\/index.php\/wp-json\/wp\/v2\/comments?post=9003"}],"version-history":[{"count":1,"href":"https:\/\/hibucenter.com\/index.php\/wp-json\/wp\/v2\/product\/9003\/revisions"}],"predecessor-version":[{"id":9004,"href":"https:\/\/hibucenter.com\/index.php\/wp-json\/wp\/v2\/product\/9003\/revisions\/9004"}],"wp:featuredmedia":[{"embeddable":true,"href":"https:\/\/hibucenter.com\/index.php\/wp-json\/wp\/v2\/media\/9005"}],"wp:attachment":[{"href":"https:\/\/hibucenter.com\/index.php\/wp-json\/wp\/v2\/media?parent=9003"}],"wp:term":[{"taxonomy":"product_cat","embeddable":true,"href":"https:\/\/hibucenter.com\/index.php\/wp-json\/wp\/v2\/product_cat?post=9003"},{"taxonomy":"product_tag","embeddable":true,"href":"https:\/\/hibucenter.com\/index.php\/wp-json\/wp\/v2\/product_tag?post=9003"}],"curies":[{"name":"wp","href":"https:\/\/api.w.org\/{rel}","templated":true}]}}