{"id":8929,"date":"2025-05-22T10:17:59","date_gmt":"2025-05-22T03:17:59","guid":{"rendered":"http:\/\/hibucenter.com\/index.php\/sap-danh-bong-son-xe-dap-liqui-moly-bike-gloss-spray-wax-6058-400ml\/"},"modified":"2025-05-23T10:37:08","modified_gmt":"2025-05-23T03:37:08","slug":"sap-danh-bong-son-xe-dap-liqui-moly-bike-gloss-spray-wax-6058-400ml","status":"publish","type":"product","link":"https:\/\/hibucenter.com\/index.php\/sap-danh-bong-son-xe-dap-liqui-moly-bike-gloss-spray-wax-6058-400ml\/","title":{"rendered":"S\u00e1p \u0111\u00e1nh b\u00f3ng s\u01a1n xe \u0111\u1ea1p LIQUI MOLY Bike Gloss Spray Wax 6058 400ml"},"content":{"rendered":"<p>S\u00e1p \u0111\u00e1nh b\u00f3ng s\u01a1n xe \u0111\u1ea1p LIQUI MOLY Bike Gloss Spray Wax 6058 400ml<\/p>\n<p><> TH\u00d4NG TIN S\u1ea2N PH\u1ea8M:<br \/>\n&#8211; T\u00ean ti\u1ebfng anh: Bike Gloss Spray Wax<br \/>\n&#8211; M\u00e3 s\u1ea3n ph\u1ea9m: 6058<br \/>\n&#8211; Dung t\u00edch: 400ml<br \/>\n&#8211; Chai nh\u1ef1a<br \/>\n&#8211; D\u1ea1ng x\u1ecbt<\/p>\n<p><> \u0110\u1eb6C \u0110I\u1ec2M S\u1ea2N PH\u1ea8M:<br \/>\n&#8211; C\u00f3 kh\u1ea3 n\u0103ng l\u00e0m s\u1ea1ch v\u00e0 \u0111\u00e1nh b\u00f3ng t\u1ed1t tr\u00ean b\u1ec1 m\u1eb7t s\u01a1n xe gi\u00fap b\u1ea1n gi\u1eef l\u1edbp s\u01a1n t\u1ed1t nh\u1ea5t v\u00e0 b\u1ec1n m\u00e0u nh\u1ea5t.<br \/>\n&#8211; \u0110\u1eb7c bi\u1ec7t d\u1ec5 \u0111\u00e1nh b\u00f3ng (nh\u01b0 qu\u00e9t b\u1ee5i), t\u1ea1o ra b\u1ec1 m\u1eb7t m\u1ecbn m\u00e0ng v\u1edbi \u0111\u1ed9 b\u00f3ng cao v\u00e0 \u0111\u1ed9 s\u00e2u m\u00e0u \u0111\u1eb7c bi\u1ec7t t\u1ed1t tr\u00ean t\u1ea5t c\u1ea3 c\u00e1c lo\u1ea1i s\u01a1n v\u00e0 men.<br \/>\n&#8211; L\u1edbp b\u1ea3o v\u1ec7 k\u1ebft qu\u1ea3 b\u00f9 \u0111\u1eafp c\u00e1c v\u1ebft tr\u1ea7y x\u01b0\u1edbc nh\u1ecf v\u00e0 b\u1ea3o v\u1ec7 s\u01a1n ch\u1ed1ng l\u1ea1i t\u00e1c \u0111\u1ed9ng c\u1ee7a th\u1eddi ti\u1ebft.<br \/>\n&#8211; L\u1edbp s\u01a1n b\u1ec1n m\u00e0u gi\u00fap ch\u1ed1ng l\u1ea1i m\u1ecdi v\u1ebft b\u1ea9n v\u00e0 th\u1eddi ti\u1ebft cho b\u1ea1n y\u00ean t\u00e2m h\u01a1n khi s\u1eed d\u1ee5ng.<\/p>\n<p>HIBUCENTER chuy\u00ean ph\u00e2n ph\u1ed1i s\u1ea3n ph\u1ea9m LIQUI MOLY Ch\u00ednh H\u00e3ng \u2013 Uy T\u00edn \u2013 Ch\u1ea5t L\u01b0\u1ee3ng!!!<\/p>\n<p>#hibucenter#xedap #bicycle #liqui #moly #6058 #vesinh #sap #danhbong #BikeGlossSprayWax<\/p>\n","protected":false},"excerpt":{"rendered":"<p>S\u00e1p \u0111\u00e1nh b\u00f3ng s\u01a1n xe \u0111\u1ea1p LIQUI MOLY Bike Gloss Spray Wax 6058 400ml TH\u00d4NG TIN S\u1ea2N PH\u1ea8M: &#8211; T\u00ean ti\u1ebfng anh: Bike Gloss Spray Wax &#8211; M\u00e3 s\u1ea3n ph\u1ea9m: 6058 &#8211; Dung t\u00edch: 400ml &#8211; Chai nh\u1ef1a &#8211; D\u1ea1ng x\u1ecbt \u0110\u1eb6C \u0110I\u1ec2M S\u1ea2N PH\u1ea8M: &#8211; C\u00f3 kh\u1ea3 n\u0103ng l\u00e0m s\u1ea1ch v\u00e0 \u0111\u00e1nh b\u00f3ng t\u1ed1t&hellip;<\/p>\n","protected":false},"featured_media":8931,"comment_status":"closed","ping_status":"open","template":"","meta":[],"product_cat":[118],"product_tag":[184],"class_list":{"0":"post-8929","1":"product","2":"type-product","3":"status-publish","4":"has-post-thumbnail","6":"product_brand-liqui","7":"product_cat-dung-dich-phu-gia-dau-nhon","8":"product_tag-liqui-moly","10":"first","11":"instock","12":"product-type-simple","13":"col-xs-6 col-sm-4","14":"col-md-3 col-lg-3","15":"un-4-cols"},"_links":{"self":[{"href":"https:\/\/hibucenter.com\/index.php\/wp-json\/wp\/v2\/product\/8929","targetHints":{"allow":["GET"]}}],"collection":[{"href":"https:\/\/hibucenter.com\/index.php\/wp-json\/wp\/v2\/product"}],"about":[{"href":"https:\/\/hibucenter.com\/index.php\/wp-json\/wp\/v2\/types\/product"}],"replies":[{"embeddable":true,"href":"https:\/\/hibucenter.com\/index.php\/wp-json\/wp\/v2\/comments?post=8929"}],"version-history":[{"count":1,"href":"https:\/\/hibucenter.com\/index.php\/wp-json\/wp\/v2\/product\/8929\/revisions"}],"predecessor-version":[{"id":8930,"href":"https:\/\/hibucenter.com\/index.php\/wp-json\/wp\/v2\/product\/8929\/revisions\/8930"}],"wp:featuredmedia":[{"embeddable":true,"href":"https:\/\/hibucenter.com\/index.php\/wp-json\/wp\/v2\/media\/8931"}],"wp:attachment":[{"href":"https:\/\/hibucenter.com\/index.php\/wp-json\/wp\/v2\/media?parent=8929"}],"wp:term":[{"taxonomy":"product_cat","embeddable":true,"href":"https:\/\/hibucenter.com\/index.php\/wp-json\/wp\/v2\/product_cat?post=8929"},{"taxonomy":"product_tag","embeddable":true,"href":"https:\/\/hibucenter.com\/index.php\/wp-json\/wp\/v2\/product_tag?post=8929"}],"curies":[{"name":"wp","href":"https:\/\/api.w.org\/{rel}","templated":true}]}}