{"id":8771,"date":"2025-05-22T10:03:25","date_gmt":"2025-05-22T03:03:25","guid":{"rendered":"http:\/\/hibucenter.com\/index.php\/cao-cap-son-den-bong-ma-chrome-ma-kem-senfineco-4039-400ml-4501-450ml-4502-450ml-hang-chinh-hang\/"},"modified":"2025-05-23T11:10:27","modified_gmt":"2025-05-23T04:10:27","slug":"cao-cap-son-den-bong-ma-chrome-ma-kem-senfineco-4039-400ml-4501-450ml-4502-450ml-hang-chinh-hang","status":"publish","type":"product","link":"https:\/\/hibucenter.com\/index.php\/cao-cap-son-den-bong-ma-chrome-ma-kem-senfineco-4039-400ml-4501-450ml-4502-450ml-hang-chinh-hang\/","title":{"rendered":"{Cao C\u1ea5p} S\u01a1n \u0110en B\u00f3ng\/ M\u1ea1 Chrome\/ M\u1ea1 K\u1ebdm SENFINECO 4039 (400ML) | 4501 (450ML) | 4502 (450ML) \u2013 H\u00c0NG CH\u00cdNH H\u00c3NG"},"content":{"rendered":"<p>{Cao C\u1ea5p} S\u01a1n \u0110en B\u00f3ng\/ M\u1ea1 Chrome\/ M\u1ea1 K\u1ebdm SENFINECO 4039 (400ML)\/ 4501 (450ML)\/ 4502 (450ML) \u2013 H\u00c0NG CH\u00cdNH H\u00c3NG<\/p>\n<p>Th\u00f4ng s\u1ed1:<br \/>\n&#8211; Dung t\u00edch: 400 ML (M\u00e0u \u0110en B\u00f3ng)\/ 450ML (M\u00e0u M\u1ea1 Chrome &#038; M\u00e0u M\u1ea1 K\u1ebdm)<br \/>\n&#8211; Th\u01b0\u01a1ng hi\u1ec7u: Senfineco<br \/>\n&#8211; Xu\u1ea5t x\u1ee9: Germany \u2013 \u0110\u1ee9c<\/p>\n<p>M\u00f4 t\u1ea3:<br \/>\nTh\u00edch h\u1ee3p \u0111\u1ec3 s\u01a1n b\u1ec1 m\u1eb7t kim lo\u1ea1i, g\u1ed7, th\u1ee7y tinh, nh\u1ef1a, th\u00f9ng carton, v\u1ea3i, g\u1ed1m s\u1ee9 v\u00e0 c\u00e1c v\u1eadt li\u1ec7u kh\u00e1c. S\u01a1n c\u00f3 th\u1ec3 \u0111\u01b0\u1ee3c s\u1eed d\u1ee5ng cho \u00f4 t\u00f4, xe m\u00e1y, xe \u0111\u1ea1p, c\u00e1c thi\u1ebft b\u1ecb kh\u00e1c nhau c\u0169ng nh\u01b0 gia d\u1ee5ng, s\u1edf th\u00edch v\u00e0 cu\u1ed9c s\u1ed1ng h\u00e0ng ng\u00e0y. D\u00e0nh cho s\u1eed d\u1ee5ng trong nh\u00e0 v\u00e0 ngo\u00e0i tr\u1eddi. Ch\u1ed1ng th\u1eddi ti\u1ebft: kh\u00f4ng n\u1ee9t, kh\u00f4ng phai, kh\u00f4ng \u1ed1 v\u00e0ng. N\u00f3 kh\u00f4ng ch\u1ee9a ch\u00ec c\u0169ng nh\u01b0 th\u1ee7y ng\u00e2n. N\u00f3 \u0111\u01b0\u1ee3c s\u1eed d\u1ee5ng \u0111\u1ec3 l\u00e0m s\u1ea1ch c\u0169ng nh\u01b0 nhu\u1ed9m ho\u00e0n ch\u1ec9nh. N\u00f3 ng\u0103n ch\u1eb7n s\u1ef1 \u0103n m\u00f2n v\u00e0 oxy h\u00f3a.<\/p>\n<p>T\u00ednh ch\u1ea5t:<br \/>\n&#8211; Ph\u00f9 h\u1ee3p v\u1edbi t\u1ea5t c\u1ea3 c\u00e1c b\u1ec1 m\u1eb7t ch\u1eafc ch\u1eafn<br \/>\n&#8211; Suitbale \u0111\u1ec3 s\u1eed d\u1ee5ng b\u00ean trong v\u00e0 b\u00ean ngo\u00e0i<br \/>\n&#8211; Kh\u00f4 nhanh ch\u00f3ng<br \/>\n&#8211; Th\u1eddi ti\u1ebft v\u00e0 ch\u1ed1ng tia UV<br \/>\n&#8211; Cung c\u1ea5p m\u1ed9t l\u1edbp ph\u1ee7 acrylic b\u1ec1n<\/p>\n<p>\u1ee8ng d\u1ee5ng:<br \/>\nNhi\u1ec7t \u0111\u1ed9 l\u00fd t\u01b0\u1edfng \u0111\u1ec3 phun l\u00e0 20\u00b0? V\u1ec7 sinh k\u1ef9 khu v\u1ef1c c\u1ea7n s\u01a1n, lo\u1ea1i b\u1ecf r\u1ec9 s\u00e9t, d\u1ea7u m\u1ee1\u2026 L\u1eafc \u0111\u1ec1u b\u00ecnh x\u1ecbt trong kho\u1ea3ng 2 ph\u00fat tr\u01b0\u1edbc khi s\u1eed d\u1ee5ng. Gi\u1eef lon \u1edf v\u1ecb tr\u00ed th\u1eb3ng \u0111\u1ee9ng v\u00e0 ph\u1ee7 m\u1ed9t l\u1edbp m\u1ecfng t\u1eeb kho\u1ea3ng c\u00e1ch 40 cm theo chuy\u1ec3n \u0111\u1ed9ng \u1ed5n \u0111\u1ecbnh. Lau s\u1ea1ch c\u00e1c khu v\u1ef1c b\u1ecb b\u1ea9n ngay l\u1eadp t\u1ee9c. Ph\u1ee7 2 &#8211; 3 l\u1edbp c\u00e1ch nhau \u00edt nh\u1ea5t 3 ph\u00fat. Sau khi ho\u00e0n th\u00e0nh l\u1edbp s\u01a1n, h\u00e3y l\u00e0m s\u1ea1ch m\u00e1y phun s\u01b0\u01a1ng b\u1eb1ng c\u00e1ch l\u1eadt ng\u01b0\u1ee3c n\u1eafp h\u1ed9p v\u00e0 nh\u1ea5n v\u00f2i phun trong v\u00e0i gi\u00e2y.<\/p>\n<p>M\u00e3 s\u1ea3n ph\u1ea9m: 4039 \u2013 Paint Acrylic Black Gloss \u2013 S\u01a1n \u0110en B\u00f3ng<br \/>\n4501 \u2013 Paint Acrylic Chrom Bright \u2013 S\u01a1n M\u1ea1 Chrome<br \/>\n4502 \u2013 Paint Acrylic Zinc Galvanisazion \u2013 S\u01a1n M\u1ea1 K\u1ebdm <\/p>\n<p>HIBUCENTER cam k\u1ebft b\u00e1n t\u1ea5t c\u1ea3 c\u00e1c s\u1ea3n ph\u1ea9m c\u1ee7a SENFINECO Ch\u00ednh H\u00e3ng &#8211; Uy T\u00edn &#8211; Ch\u1ea5t L\u01b0\u1ee3ng!!!!<\/p>\n<p>#SENFINECO #HIBUCENTER #ChamSocXeMay #ChamSocOto #MadeInGermany #XuatXuDuc #SenfinecoGermany #CarCare #PhuGiaChamSocXe #Rider #Motorbike #Senfineco4039 #Senfineco4501 #Senfineco4502 #SenfinecoSonDenBong #SenfinecoSonMaChrome #SenfinecoSonMaKem #PaintAcrylicSenfineco<\/p>\n","protected":false},"excerpt":{"rendered":"<p>{Cao C\u1ea5p} S\u01a1n \u0110en B\u00f3ng\/ M\u1ea1 Chrome\/ M\u1ea1 K\u1ebdm SENFINECO 4039 (400ML)\/ 4501 (450ML)\/ 4502 (450ML) \u2013 H\u00c0NG CH\u00cdNH H\u00c3NG Th\u00f4ng s\u1ed1: &#8211; Dung t\u00edch: 400 ML (M\u00e0u \u0110en B\u00f3ng)\/ 450ML (M\u00e0u M\u1ea1 Chrome &#038; M\u00e0u M\u1ea1 K\u1ebdm) &#8211; Th\u01b0\u01a1ng hi\u1ec7u: Senfineco &#8211; Xu\u1ea5t x\u1ee9: Germany \u2013 \u0110\u1ee9c M\u00f4 t\u1ea3: Th\u00edch h\u1ee3p \u0111\u1ec3 s\u01a1n b\u1ec1&hellip;<\/p>\n","protected":false},"featured_media":8773,"comment_status":"closed","ping_status":"open","template":"","meta":[],"product_cat":[118],"product_tag":[187],"class_list":{"0":"post-8771","1":"product","2":"type-product","3":"status-publish","4":"has-post-thumbnail","6":"product_brand-senfineco","7":"product_cat-dung-dich-phu-gia-dau-nhon","8":"product_tag-senfineco","10":"first","11":"instock","12":"product-type-simple","13":"col-xs-6 col-sm-4","14":"col-md-3 col-lg-3","15":"un-4-cols"},"_links":{"self":[{"href":"https:\/\/hibucenter.com\/index.php\/wp-json\/wp\/v2\/product\/8771","targetHints":{"allow":["GET"]}}],"collection":[{"href":"https:\/\/hibucenter.com\/index.php\/wp-json\/wp\/v2\/product"}],"about":[{"href":"https:\/\/hibucenter.com\/index.php\/wp-json\/wp\/v2\/types\/product"}],"replies":[{"embeddable":true,"href":"https:\/\/hibucenter.com\/index.php\/wp-json\/wp\/v2\/comments?post=8771"}],"version-history":[{"count":1,"href":"https:\/\/hibucenter.com\/index.php\/wp-json\/wp\/v2\/product\/8771\/revisions"}],"predecessor-version":[{"id":8772,"href":"https:\/\/hibucenter.com\/index.php\/wp-json\/wp\/v2\/product\/8771\/revisions\/8772"}],"wp:featuredmedia":[{"embeddable":true,"href":"https:\/\/hibucenter.com\/index.php\/wp-json\/wp\/v2\/media\/8773"}],"wp:attachment":[{"href":"https:\/\/hibucenter.com\/index.php\/wp-json\/wp\/v2\/media?parent=8771"}],"wp:term":[{"taxonomy":"product_cat","embeddable":true,"href":"https:\/\/hibucenter.com\/index.php\/wp-json\/wp\/v2\/product_cat?post=8771"},{"taxonomy":"product_tag","embeddable":true,"href":"https:\/\/hibucenter.com\/index.php\/wp-json\/wp\/v2\/product_tag?post=8771"}],"curies":[{"name":"wp","href":"https:\/\/api.w.org\/{rel}","templated":true}]}}