{"id":8748,"date":"2025-05-22T10:03:25","date_gmt":"2025-05-22T03:03:25","guid":{"rendered":"http:\/\/hibucenter.com\/index.php\/chai-xit-ve-sinh-thang-va-chi-tiet-thang-senfineco-9994-600ml-brake-part-cleaner-hang-chinh-hang-hibucenter\/"},"modified":"2025-05-23T11:10:27","modified_gmt":"2025-05-23T04:10:27","slug":"chai-xit-ve-sinh-thang-va-chi-tiet-thang-senfineco-9994-600ml-brake-part-cleaner-hang-chinh-hang-hibucenter","status":"publish","type":"product","link":"https:\/\/hibucenter.com\/index.php\/chai-xit-ve-sinh-thang-va-chi-tiet-thang-senfineco-9994-600ml-brake-part-cleaner-hang-chinh-hang-hibucenter\/","title":{"rendered":"Chai X\u1ecbt V\u1ec7 Sinh Th\u1eafng V\u00e0 Chi Ti\u1ebft Th\u1eafng Senfineco 9994 \u2013 600ML Brake &#038; Part Cleaner H\u00e0ng Ch\u00ednh H\u00e3ng \u2013 HIBUCENTER"},"content":{"rendered":"<p>Chai X\u1ecbt V\u1ec7 Sinh Th\u1eafng V\u00e0 Chi Ti\u1ebft Th\u1eafng Senfineco 9994 \u2013 600ML Brake &#038; Part Cleaner H\u00e0ng Ch\u00ednh H\u00e3ng \u2013 HIBUCENTER<\/p>\n<p>Chai X\u1ecbt V\u1ec7 Sinh Th\u1eafng V\u00e0 Chi Ti\u1ebft Th\u1eafng Senfineco 9994 \u2013 600ML Brake &#038; Part Cleaner l\u00e0m s\u1ea1ch v\u00e0 t\u1ea9y nh\u1eddn c\u00e1c b\u1ed9 ph\u1eadn trong l\u0129nh v\u1ef1c \u00f4 t\u00f4 v\u00e0 c\u00f4ng nghi\u1ec7p. Ch\u1ee7 y\u1ebfu d\u00e0nh cho phanh, ly h\u1ee3p, truy\u1ec1n v\u00e0 cho c\u00f4ng vi\u1ec7c l\u1eafp r\u00e1p v\u00e0 s\u1eeda ch\u1eefa. Lo\u1ea1i b\u1ecf v\u1ebft d\u1ea7u m\u1ee1 t\u1eeb c\u00e1c t\u1ea5m tr\u1ea3i s\u00e0n, v\u1ea3i v\u00e0 qu\u1ea7n \u00e1o.<\/p>\n<p>&#8211; Dung t\u00edch: 600ML<br \/>\n&#8211; Th\u01b0\u01a1ng hi\u1ec7u: Senfineco<br \/>\n&#8211; Nh\u1eadp Kh\u1ea9u: Germany &#8211; \u0110\u1ee9c<br \/>\n&#8211; M\u00e3 s\u1ea3n ph\u1ea9m: 9994<\/p>\n<p>\u0110\u1eb7c t\u00ednh:<br \/>\n&#8211; Nh\u1ef1a h\u00f2a tan v\u00e0 d\u01b0 l\u01b0\u1ee3ng lo\u1ea1i tar<br \/>\n&#8211; Lo\u1ea1i b\u1ecf c\u00e1c ch\u1ea5t g\u00e2y \u00f4 nhi\u1ec5m d\u1ea7u m\u1ee1<br \/>\n&#8211; Bay h\u01a1i nhanh v\u00e0 kh\u00f4ng c\u00f3 c\u1eb7n<br \/>\n&#8211; \u00c1p su\u1ea5t cao cho hi\u1ec7u qu\u1ea3 l\u00e0m s\u1ea1ch v\u1eadt l\u00fd b\u1ed5 sung<br \/>\n&#8211; D\u1ec5 d\u00e0ng s\u1eed d\u1ee5ng \u1edf nh\u1eefng n\u01a1i kh\u00f3 ti\u1ebfp c\u1eadn nh\u1edd van 360 \u00b0<br \/>\n&#8211; Trung t\u00ednh \u0111\u1ed1i v\u1edbi c\u00e1c b\u1ed9 ph\u1eadn cao su, nylon v\u00e0 nh\u1ef1a. <\/p>\n<p>\u1ee8ng d\u1ee5ng:<br \/>\n+ S\u1ea3nph\u1ea9m c\u00f3 th\u1ec3 \u0111\u01b0\u1ee3c s\u1eed d\u1ee5ng cho nhi\u1ec1u \u1ee9ng d\u1ee5ng chuy\u00ean nghi\u1ec7p<br \/>\n+ Ch\u00f9i r\u1eeda \u0111a n\u0103ng.<\/p>\n<p>HIBUCENTER cam k\u1ebft b\u00e1n t\u1ea5t c\u1ea3 c\u00e1c s\u1ea3n ph\u1ea9m c\u1ee7a Senfineco Ch\u00ednh H\u00e3ng \u2013 Uy T\u00edn \u2013 Ch\u1ea5t L\u01b0\u1ee3ng!!!<\/p>\n<p>#SENFINECO #HIBUCENTER #ChamSocXeMay #ChamSocOto #MadeInGermany #XuatXuDuc #SenfinecoGermany #CarCare #PhuGiaChamSocXe #Rider #Motorbike #Senfineco9994 #ChaiXitVeSinhThangVaChiTietThang9994<\/p>\n","protected":false},"excerpt":{"rendered":"<p>Chai X\u1ecbt V\u1ec7 Sinh Th\u1eafng V\u00e0 Chi Ti\u1ebft Th\u1eafng Senfineco 9994 \u2013 600ML Brake &#038; Part Cleaner H\u00e0ng Ch\u00ednh H\u00e3ng \u2013 HIBUCENTER Chai X\u1ecbt V\u1ec7 Sinh Th\u1eafng V\u00e0 Chi Ti\u1ebft Th\u1eafng Senfineco 9994 \u2013 600ML Brake &#038; Part Cleaner l\u00e0m s\u1ea1ch v\u00e0 t\u1ea9y nh\u1eddn c\u00e1c b\u1ed9 ph\u1eadn trong l\u0129nh v\u1ef1c \u00f4 t\u00f4 v\u00e0 c\u00f4ng nghi\u1ec7p.&hellip;<\/p>\n","protected":false},"featured_media":8750,"comment_status":"closed","ping_status":"open","template":"","meta":[],"product_cat":[118],"product_tag":[187],"class_list":{"0":"post-8748","1":"product","2":"type-product","3":"status-publish","4":"has-post-thumbnail","6":"product_brand-senfineco","7":"product_cat-dung-dich-phu-gia-dau-nhon","8":"product_tag-senfineco","10":"first","11":"instock","12":"product-type-simple","13":"col-xs-6 col-sm-4","14":"col-md-3 col-lg-3","15":"un-4-cols"},"_links":{"self":[{"href":"https:\/\/hibucenter.com\/index.php\/wp-json\/wp\/v2\/product\/8748","targetHints":{"allow":["GET"]}}],"collection":[{"href":"https:\/\/hibucenter.com\/index.php\/wp-json\/wp\/v2\/product"}],"about":[{"href":"https:\/\/hibucenter.com\/index.php\/wp-json\/wp\/v2\/types\/product"}],"replies":[{"embeddable":true,"href":"https:\/\/hibucenter.com\/index.php\/wp-json\/wp\/v2\/comments?post=8748"}],"version-history":[{"count":1,"href":"https:\/\/hibucenter.com\/index.php\/wp-json\/wp\/v2\/product\/8748\/revisions"}],"predecessor-version":[{"id":8749,"href":"https:\/\/hibucenter.com\/index.php\/wp-json\/wp\/v2\/product\/8748\/revisions\/8749"}],"wp:featuredmedia":[{"embeddable":true,"href":"https:\/\/hibucenter.com\/index.php\/wp-json\/wp\/v2\/media\/8750"}],"wp:attachment":[{"href":"https:\/\/hibucenter.com\/index.php\/wp-json\/wp\/v2\/media?parent=8748"}],"wp:term":[{"taxonomy":"product_cat","embeddable":true,"href":"https:\/\/hibucenter.com\/index.php\/wp-json\/wp\/v2\/product_cat?post=8748"},{"taxonomy":"product_tag","embeddable":true,"href":"https:\/\/hibucenter.com\/index.php\/wp-json\/wp\/v2\/product_tag?post=8748"}],"curies":[{"name":"wp","href":"https:\/\/api.w.org\/{rel}","templated":true}]}}