{"id":8699,"date":"2025-05-22T10:03:25","date_gmt":"2025-05-22T03:03:25","guid":{"rendered":"http:\/\/hibucenter.com\/index.php\/chuyen-nghiep-dung-dich-ve-sinh-he-thong-van-dau-vao-senfineco-9972-400ml-intake-valve-cleaner-hang-chinh-hang\/"},"modified":"2025-05-23T11:10:28","modified_gmt":"2025-05-23T04:10:28","slug":"chuyen-nghiep-dung-dich-ve-sinh-he-thong-van-dau-vao-senfineco-9972-400ml-intake-valve-cleaner-hang-chinh-hang","status":"publish","type":"product","link":"https:\/\/hibucenter.com\/index.php\/chuyen-nghiep-dung-dich-ve-sinh-he-thong-van-dau-vao-senfineco-9972-400ml-intake-valve-cleaner-hang-chinh-hang\/","title":{"rendered":"{Chuy\u00ean Nghi\u1ec7p} Dung D\u1ecbch V\u1ec7 Sinh H\u1ec7 Th\u1ed1ng Van \u0110\u1ea7u V\u00e0o Senfineco 9972 \u2013 400ML Intake Valve Cleaner \u2013 H\u00e0ng Ch\u00ednh H\u00e3ng"},"content":{"rendered":"<p>\u2728{Chuy\u00ean Nghi\u1ec7p} Dung D\u1ecbch V\u1ec7 Sinh H\u1ec7 Th\u1ed1ng Van \u0110\u1ea7u V\u00e0o Senfineco 9972 \u2013 400ML Intake Valve Cleaner \u2013 H\u00e0ng Ch\u00ednh H\u00e3ng\u2728 <\/p>\n<p>  Th\u00f4ng s\u1ed1:<br \/>\n&#8211; Dung t\u00edch: 400ML<br \/>\n&#8211; Th\u01b0\u01a1ng hi\u1ec7u: Senfineco<br \/>\n&#8211; Xu\u1ea5t x\u1ee9: \u0110\u1ee9c<\/p>\n<p>  M\u00f4 t\u1ea3:<br \/>\nDung d\u1ecbch v\u1ec7 sinh h\u1ec7 th\u1ed1ng van \u0111\u1ea7u v\u00e0o lo\u1ea1i b\u1ecf t\u1ea5t c\u1ea3 c\u00e1c lo\u1ea1i c\u1eb7n b\u1ea9n kh\u00f3 t\u1ea9y kh\u1ecfi van ti\u1ebft l\u01b0u (IAC), EGR v\u00e0 van phun m\u00e0 kh\u00f4ng c\u1ea7n th\u00e1o d\u1ee1. Ph\u1ee5c h\u1ed3i ho\u1ea1t \u0111\u1ed9ng ch\u1ee9c n\u0103ng c\u1ee7a c\u00e1c b\u1ed9 ph\u1eadn chuy\u1ec3n \u0111\u1ed9ng v\u00e0 gi\u1ea3m ti\u00eau th\u1ee5 nhi\u00ean li\u1ec7u. Kh\u1ea3 n\u0103ng xuy\u00ean th\u1ea5u v\u01b0\u1ee3t tr\u1ed9i C\u00e1c \u0111\u1eb7c t\u00ednh cho ph\u00e9p n\u00f3 l\u00e0m s\u1ea1ch nh\u1eefng n\u01a1i kh\u00f3 ti\u1ebfp c\u1eadn trong \u0111\u01b0\u1eddng n\u1ea1p m\u00e0 kh\u00f4ng c\u1ea7n th\u00e1o r\u1eddi. Trung l\u1eadp \u0111\u1ed1i v\u1edbi h\u1ea7u h\u1ebft nh\u1ef1a, cao su v\u00e0 s\u01a1n xe h\u01a1i. S\u1ea3n ph\u1ea9m n\u00e0y \u0111\u01b0\u1ee3c \u00e1p d\u1ee5ng cho \u0111\u1ed9ng c\u01a1 hai v\u00e0 b\u1ed1n th\u00ec m\u1edbi nh\u1ea5t c\u00f3 c\u1ea3m bi\u1ebfn oxy v\u00e0 ch\u1ea5t x\u00fac t\u00e1c.<\/p>\n<p>  T\u00ednh ch\u1ea5t:<br \/>\n&#8211; \u0110\u1eb7c t\u00ednh th\u00e2m nh\u1eadp tuy\u1ec7t v\u1eddi<br \/>\n&#8211; B\u1ed1c h\u01a1i nhanh v\u00e0 kh\u00f4ng c\u00f3 c\u1eb7n<br \/>\n&#8211; H\u00f2a tan c\u1eb7n nh\u1ef1a v\u00e0 h\u1eafc \u00edn<br \/>\n&#8211; Lo\u1ea1i b\u1ecf c\u00e1c ch\u1ea5t b\u1ea9n g\u1ed1c d\u1ea7u v\u00e0 m\u1ee1<br \/>\n&#8211; Ph\u1ee5c h\u1ed3i ho\u1ea1t \u0111\u1ed9ng ch\u1ee9c n\u0103ng c\u1ee7a t\u1ea5t c\u1ea3 c\u00e1c b\u1ed9 ph\u1eadn chuy\u1ec3n \u0111\u1ed9ng<\/p>\n<p>  \u1ee8ng d\u1ee5ng:<br \/>\nCh\u1ea5t t\u1ea9y r\u1eeda \u0111a n\u0103ng cho t\u1ea5t c\u1ea3 c\u00e1c b\u1ec1 m\u1eb7t kim lo\u1ea1i b\u1ecb b\u1ea9n nhi\u1ec1u<br \/>\nT\u1ea1o l\u1ed1i v\u00e0o \u0111\u01b0\u1eddng \u1ed1ng n\u1ea1p. \u0110\u01b0a ch\u1ea5t l\u00e0m s\u1ea1ch van n\u1ea1p v\u00e0o khu v\u1ef1c n\u1ea1p h\u1ea1 l\u01b0u c\u1ee7a \u0111\u1ed3ng h\u1ed3 \u0111o l\u01b0u l\u01b0\u1ee3ng kh\u00ed. T\u1eaft \u0111\u1ed9ng c\u01a1, x\u1ecbt k\u1ef9 c\u00e1c b\u1ed9 ph\u1eadn c\u1ea7n l\u00e0m s\u1ea1ch v\u00e0 \u0111\u1ec3 t\u00e1c nh\u00e2n ph\u00e1t huy t\u00e1c d\u1ee5ng trong 2-3 ph\u00fat. Sau \u0111\u00f3 kh\u1edfi \u0111\u1ed9ng l\u1ea1i \u0111\u1ed9ng c\u01a1 v\u00e0 phun m\u1ea1nh l\u1ea1i to\u00e0n b\u1ed9 khu v\u1ef1c \u0111\u1ed9ng c\u01a1 ch\u1ea1y \u1edf t\u1ed1c \u0111\u1ed9 v\u1eeba ph\u1ea3i (2.000-3.000 v\u00f2ng \/ ph\u00fat). L\u00e0m s\u1ea1ch l\u1eb7p l\u1ea1i trong tr\u01b0\u1eddng h\u1ee3p nghi\u00eam tr\u1ecdng.<br \/>\nSau m\u1ed9t th\u1eddi gian, d\u1ea7u v\u00e0 mu\u1ed9i than t\u00edch t\u1ee5 d\u1ea7n tr\u00ean van EGR v\u00e0 IAC v\u00e0 \u1ea3nh h\u01b0\u1edfng \u0111\u1ebfn d\u00f2ng kh\u00ed. K\u1ebft qu\u1ea3 l\u00e0, t\u1ed1c \u0111\u1ed9 \u0111\u1ed9ng c\u01a1 dao \u0111\u1ed9ng \u1edf ch\u1ebf \u0111\u1ed9 kh\u00f4ng t\u1ea3i v\u00e0 t\u1ed1c \u0111\u1ed9 \u0111\u1ed9ng c\u01a1 gi\u1ea3m t\u1eeb t\u1eeb m\u00e0 kh\u00f4ng t\u0103ng t\u1ed1c n\u1eefa. Trong nh\u1eefng tr\u01b0\u1eddng h\u1ee3p nh\u01b0 v\u1eady, Intake Valve Cleaner s\u1ebd ho\u1ea1t \u0111\u1ed9ng nh\u01b0 m\u1ed9t gi\u1ea3i ph\u00e1p gi\u1ea3i quy\u1ebft v\u1ea5n \u0111\u1ec1 \u0111\u1ec3 kh\u00f4i ph\u1ee5c l\u1ea1i hi\u1ec7u su\u1ea5t ch\u1ee9c n\u0103ng ban \u0111\u1ea7u.<\/p>\n<p>  M\u00e3 s\u1ea3n ph\u1ea9m: 9972 \u2013 Intake Valve Cleaner \u2013 V\u1ec7 Sinh H\u1ec7 Th\u1ed1ng Van \u0110\u1ea7u V\u00e0o <\/p>\n<p>\u2728\u2728 HIBUCENTER cam k\u1ebft b\u00e1n t\u1ea5t c\u1ea3 c\u00e1c s\u1ea3n ph\u1ea9m c\u1ee7a SENFINECO Ch\u00ednh H\u00e3ng &#8211; Uy T\u00edn &#8211; Ch\u1ea5t L\u01b0\u1ee3ng!!!! \u2728\u2728<\/p>\n<p>#SENFINECO #HIBUCENTER #ChamSocXeMay #ChamSocOto #MadeInGermany #XuatXuDuc #SenfinecoGermany #CarCare #PhuGiaChamSocXe #Rider #Motorbike #Senfineco9972 #VeSinhHeThongVanDauVao #400ML #IntakeValveCleaner<\/p>\n","protected":false},"excerpt":{"rendered":"<p>\u2728{Chuy\u00ean Nghi\u1ec7p} Dung D\u1ecbch V\u1ec7 Sinh H\u1ec7 Th\u1ed1ng Van \u0110\u1ea7u V\u00e0o Senfineco 9972 \u2013 400ML Intake Valve Cleaner \u2013 H\u00e0ng Ch\u00ednh H\u00e3ng\u2728 Th\u00f4ng s\u1ed1: &#8211; Dung t\u00edch: 400ML &#8211; Th\u01b0\u01a1ng hi\u1ec7u: Senfineco &#8211; Xu\u1ea5t x\u1ee9: \u0110\u1ee9c M\u00f4 t\u1ea3: Dung d\u1ecbch v\u1ec7 sinh h\u1ec7 th\u1ed1ng van \u0111\u1ea7u v\u00e0o lo\u1ea1i b\u1ecf t\u1ea5t c\u1ea3 c\u00e1c lo\u1ea1i c\u1eb7n b\u1ea9n&hellip;<\/p>\n","protected":false},"featured_media":8701,"comment_status":"closed","ping_status":"open","template":"","meta":[],"product_cat":[118],"product_tag":[187],"class_list":{"0":"post-8699","1":"product","2":"type-product","3":"status-publish","4":"has-post-thumbnail","6":"product_brand-senfineco","7":"product_cat-dung-dich-phu-gia-dau-nhon","8":"product_tag-senfineco","10":"first","11":"instock","12":"product-type-simple","13":"col-xs-6 col-sm-4","14":"col-md-3 col-lg-3","15":"un-4-cols"},"_links":{"self":[{"href":"https:\/\/hibucenter.com\/index.php\/wp-json\/wp\/v2\/product\/8699","targetHints":{"allow":["GET"]}}],"collection":[{"href":"https:\/\/hibucenter.com\/index.php\/wp-json\/wp\/v2\/product"}],"about":[{"href":"https:\/\/hibucenter.com\/index.php\/wp-json\/wp\/v2\/types\/product"}],"replies":[{"embeddable":true,"href":"https:\/\/hibucenter.com\/index.php\/wp-json\/wp\/v2\/comments?post=8699"}],"version-history":[{"count":1,"href":"https:\/\/hibucenter.com\/index.php\/wp-json\/wp\/v2\/product\/8699\/revisions"}],"predecessor-version":[{"id":8700,"href":"https:\/\/hibucenter.com\/index.php\/wp-json\/wp\/v2\/product\/8699\/revisions\/8700"}],"wp:featuredmedia":[{"embeddable":true,"href":"https:\/\/hibucenter.com\/index.php\/wp-json\/wp\/v2\/media\/8701"}],"wp:attachment":[{"href":"https:\/\/hibucenter.com\/index.php\/wp-json\/wp\/v2\/media?parent=8699"}],"wp:term":[{"taxonomy":"product_cat","embeddable":true,"href":"https:\/\/hibucenter.com\/index.php\/wp-json\/wp\/v2\/product_cat?post=8699"},{"taxonomy":"product_tag","embeddable":true,"href":"https:\/\/hibucenter.com\/index.php\/wp-json\/wp\/v2\/product_tag?post=8699"}],"curies":[{"name":"wp","href":"https:\/\/api.w.org\/{rel}","templated":true}]}}