{"id":8587,"date":"2025-05-22T10:01:06","date_gmt":"2025-05-22T03:01:06","guid":{"rendered":"http:\/\/hibucenter.com\/index.php\/nhot-dong-co-senfineco-8964-fully-synthetic-max-life-sae-5w40-api-sn-acea-a3-b4-xuat-xu-duc-hang-chinh-hang\/"},"modified":"2025-05-23T11:10:28","modified_gmt":"2025-05-23T04:10:28","slug":"nhot-dong-co-senfineco-8964-fully-synthetic-max-life-sae-5w40-api-sn-acea-a3-b4-xuat-xu-duc-hang-chinh-hang","status":"publish","type":"product","link":"https:\/\/hibucenter.com\/index.php\/nhot-dong-co-senfineco-8964-fully-synthetic-max-life-sae-5w40-api-sn-acea-a3-b4-xuat-xu-duc-hang-chinh-hang\/","title":{"rendered":"Nh\u1edbt \u0110\u1ed9ng C\u01a1 SENFINECO 8964 Fully Synthetic Max Life Sae 5W40 API SN ACEA A3\/B4 &#8211; Xu\u1ea5t X\u1ee9 \u0110\u1ee9c &#8211; H\u00e0ng Ch\u00ednh H\u00e3ng"},"content":{"rendered":"<p>Nh\u1edbt \u0110\u1ed9ng C\u01a1 Senfineco 8964 \u0110\u1ee9c Fully Synthetic Max Life Sae 5W40 API SN ACEA A3\/B4<br \/>\n                                                          Dung T\u00edch 1L &#8211; Xu\u1ea5t X\u1ee9 \u0110\u1ee9c &#8211; H\u00e0ng Ch\u00ednh H\u00e3ng<\/p>\n<p>&#8211; D\u1ea7u \u0111\u1ed9ng c\u01a1 hi\u1ec7u su\u1ea5t cao, t\u1ed5ng h\u1ee3p, g\u1ed1c Nh\u00f3m III gi\u00fap b\u1ea3o v\u1ec7 t\u1ed1i \u01b0u, k\u00e9o d\u00e0i tu\u1ed5i th\u1ecd v\u00e0 \u0111\u1ed9 tin c\u1eady c\u1ee7a \u0111\u1ed9ng c\u01a1. K\u1ebft h\u1ee3p hi\u1ec7u su\u1ea5t ch\u1ed1ng m\u00e0i m\u00f2n v\u01b0\u1ee3t tr\u1ed9i v\u00e0 kh\u1ea3 n\u0103ng b\u1ea3o v\u1ec7 nhi\u1ec7t \u0111\u1ed9 cao v\u01b0\u1ee3t tr\u1ed9i v\u1edbi c\u00e1c \u0111\u1eb7c t\u00ednh kh\u1edfi \u0111\u1ed9ng l\u1ea1nh tuy\u1ec7t v\u1eddi. T\u00ednh ch\u1ea5t Gi\u1ea3m m\u1ee9c ti\u00eau th\u1ee5 nhi\u00ean li\u1ec7u v\u00e0 l\u01b0\u1ee3ng kh\u00ed th\u1ea3i CO2 T\u0103ng s\u1ee9c m\u1ea1nh \u0111\u1ed9ng c\u01a1 Ch\u1ec9 s\u1ed1 \u0111\u1ed9 nh\u1edbt cao v\u00e0 r\u1ea5t \u1ed5n \u0111\u1ecbnh B\u1eaft \u0111\u1ea7u l\u1ea1nh nhanh Mang l\u1ea1i \u0111\u1ed9 \u1ed5n \u0111\u1ecbnh nhi\u1ec7t v\u01b0\u1ee3t tr\u1ed9i, \u0111\u1ea3m b\u1ea3o t\u1ed1i thi\u1ec3u c\u1eb7n b\u1ea9n cho \u0111\u1ed9ng c\u01a1 \u0111\u1ec3 b\u00ean trong s\u1ea1ch h\u01a1n \u0110\u1ea3m b\u1ea3o b\u1ea3o v\u1ec7 \u0111\u1ed9ng c\u01a1 ngay t\u1eeb gi\u00e2y ph\u00fat \u0111\u00e1nh l\u1eeda \u0111\u1ea7u ti\u00ean, gi\u1ea3m thi\u1ec3u m\u00e0i m\u00f2n v\u00e0 h\u01b0 h\u1ecfng B\u1ea3o v\u1ec7 b\u1ed9 l\u1ecdc h\u1ea1t diesel .<\/p>\n<p>&#8211; TH\u00d4NG S\u1ed0 K\u1ef8 THU\u1eacT:<br \/>\n +  SAE 5W-40<br \/>\n +  API SN<br \/>\n +  ACEA A3\/B4<br \/>\n +  BMW Longlife-01<br \/>\n +  Flat 9.55535-M2<br \/>\n +  MB 229.3<br \/>\n +  Porsche A40<br \/>\n +  Renault RN 0700\/ RN 0710<br \/>\n +  VW 502 00\/505 01<\/p>\n<p>#HANGCHINHHANG#SENFINECO#HIBUCENTER<br \/>\n#nhotcaocap#nhotdongco#nhotdongcoma8964<\/p>\n","protected":false},"excerpt":{"rendered":"<p>Nh\u1edbt \u0110\u1ed9ng C\u01a1 Senfineco 8964 \u0110\u1ee9c Fully Synthetic Max Life Sae 5W40 API SN ACEA A3\/B4 Dung T\u00edch 1L &#8211; Xu\u1ea5t X\u1ee9 \u0110\u1ee9c &#8211; H\u00e0ng Ch\u00ednh H\u00e3ng &#8211; D\u1ea7u \u0111\u1ed9ng c\u01a1 hi\u1ec7u su\u1ea5t cao, t\u1ed5ng h\u1ee3p, g\u1ed1c Nh\u00f3m III gi\u00fap b\u1ea3o v\u1ec7 t\u1ed1i \u01b0u, k\u00e9o d\u00e0i tu\u1ed5i th\u1ecd v\u00e0 \u0111\u1ed9 tin c\u1eady c\u1ee7a \u0111\u1ed9ng c\u01a1.&hellip;<\/p>\n","protected":false},"featured_media":8589,"comment_status":"closed","ping_status":"open","template":"","meta":[],"product_cat":[118],"product_tag":[187],"class_list":{"0":"post-8587","1":"product","2":"type-product","3":"status-publish","4":"has-post-thumbnail","6":"product_brand-senfineco","7":"product_cat-dung-dich-phu-gia-dau-nhon","8":"product_tag-senfineco","10":"first","11":"instock","12":"product-type-simple","13":"col-xs-6 col-sm-4","14":"col-md-3 col-lg-3","15":"un-4-cols"},"_links":{"self":[{"href":"https:\/\/hibucenter.com\/index.php\/wp-json\/wp\/v2\/product\/8587","targetHints":{"allow":["GET"]}}],"collection":[{"href":"https:\/\/hibucenter.com\/index.php\/wp-json\/wp\/v2\/product"}],"about":[{"href":"https:\/\/hibucenter.com\/index.php\/wp-json\/wp\/v2\/types\/product"}],"replies":[{"embeddable":true,"href":"https:\/\/hibucenter.com\/index.php\/wp-json\/wp\/v2\/comments?post=8587"}],"version-history":[{"count":1,"href":"https:\/\/hibucenter.com\/index.php\/wp-json\/wp\/v2\/product\/8587\/revisions"}],"predecessor-version":[{"id":8588,"href":"https:\/\/hibucenter.com\/index.php\/wp-json\/wp\/v2\/product\/8587\/revisions\/8588"}],"wp:featuredmedia":[{"embeddable":true,"href":"https:\/\/hibucenter.com\/index.php\/wp-json\/wp\/v2\/media\/8589"}],"wp:attachment":[{"href":"https:\/\/hibucenter.com\/index.php\/wp-json\/wp\/v2\/media?parent=8587"}],"wp:term":[{"taxonomy":"product_cat","embeddable":true,"href":"https:\/\/hibucenter.com\/index.php\/wp-json\/wp\/v2\/product_cat?post=8587"},{"taxonomy":"product_tag","embeddable":true,"href":"https:\/\/hibucenter.com\/index.php\/wp-json\/wp\/v2\/product_tag?post=8587"}],"curies":[{"name":"wp","href":"https:\/\/api.w.org\/{rel}","templated":true}]}}