{"id":8564,"date":"2025-05-22T10:01:06","date_gmt":"2025-05-22T03:01:06","guid":{"rendered":"http:\/\/hibucenter.com\/index.php\/xa-bong-bot-tuyet-cao-cap-senfineco-9951-loai-bo-bui-ban-bao-ve-be-mat-hibucenter\/"},"modified":"2025-05-23T11:10:28","modified_gmt":"2025-05-23T04:10:28","slug":"xa-bong-bot-tuyet-cao-cap-senfineco-9951-loai-bo-bui-ban-bao-ve-be-mat-hibucenter","status":"publish","type":"product","link":"https:\/\/hibucenter.com\/index.php\/xa-bong-bot-tuyet-cao-cap-senfineco-9951-loai-bo-bui-ban-bao-ve-be-mat-hibucenter\/","title":{"rendered":"X\u00e0 B\u00f4ng B\u1ecdt Tuy\u1ebft Cao C\u1ea5p SENFINECO 9951 | Lo\u1ea1i B\u1ecf B\u1ee5i B\u1ea9n, B\u1ea3o V\u1ec7 B\u1ec1 M\u1eb7t | Hibucenter"},"content":{"rendered":"<p>X\u00e0 b\u00f4ng b\u1ecdt tuy\u1ebft cao c\u1ea5p l\u00e0m gi\u1ea3m r\u00f5 r\u1ec7t c\u00e1c v\u1ebft \u0111\u00f3m v\u00e0 v\u1ec7t \u0111\u1ec3 c\u00f3 l\u1edbp s\u01a1n b\u00f3ng cao. C\u00f4ng th\u1ee9c t\u1ea1o b\u1ecdt cao \u0111\u01b0\u1ee3c c\u00f4 \u0111\u1eb7t \u0111\u1ec3 l\u00e0m s\u1ea1ch hi\u1ec7u qu\u1ea3 h\u01a1n r\u1eeda xe gi\u00fap lo\u1ea1i b\u1ecf b\u1ee5i b\u1ea9n v\u00e0 c\u1eb7n b\u1ecf do m\u01b0a , m\u01b0a , tuy\u1ebft v\u00e0 c\u00f4n tr\u00f9ng g\u00e2y ra m\u1ed9t c\u00e1ch anh to\u00e0n, \u0111\u1ec3 l\u1ea1i cho chi\u1ebfc xe c\u1ee7a b\u1ea1n m\u1ed9t l\u1edbp ho\u00e0n thi\u1ec7n r\u1ef1c r\u1ee1 . B\u1ea3o v\u1ec7 b\u1ec1 m\u1eb7t \u0111\u01b0\u1ee3c b\u00f4i s\u00e1p &#8211; s\u1ebd kh\u00f4ng l\u00e0m b\u00f4ng tr\u00f3c ho\u1eb7c x\u1ec9n m\u00e0u b\u1ec1 m\u1eb7t.<\/p>\n<p>* \u0110\u1eb7c \u0111i\u1ec3m :<br \/>\n&#8211; Gi\u1ea3m r\u00f5 r\u1ec7t c\u00e1c \u0111\u00f3m v\u00e0 v\u1ec7t<br \/>\n&#8211; C\u00f4ng th\u1ee9c mang l\u1ea1i \u0111\u1ed9 b\u00f3ng cao<br \/>\n&#8211; C\u00f4ng th\u1ee9c mang l\u1ea1i l\u1edbp s\u01a1n si\u00eau b\u00f3ng<br \/>\n&#8211; Ch\u1ee9 Wax b\u1ea3o v\u1ec7 b\u1ec1 m\u1eb7t<\/p>\n<p>https:\/\/cf.shopee.vn\/file\/vn-11134208-7r98o-lpu5pwdmkhqq7d<\/p>\n<p>* H\u01b0\u1edbng D\u1eabn S\u1eed D\u1ee5ng :<br \/>\n&#8211; \u0110\u1ec3 c\u00f3 hi\u1ec7u qu\u1ea3 r\u00f5 nh\u1ea5t tr\u00e1nh r\u1eeda xe d\u01b0\u1edbi \u00e1nh n\u1eafng tr\u1ef1c ti\u1ebfp<br \/>\n&#8211; X\u1ecbt n\u01b0\u1edbc l\u00ean xe \u0111\u1ec3 l\u00e0m m\u1ec1m v\u1ebft b\u1ea9n<br \/>\n&#8211; Pha t\u1ec9 l\u1ec7 1:20 v\u1edbi b\u00ecnh t\u1ea1o b\u1ecdt tuy\u1ebft b\u1eb1ng n\u01b0\u1edbc &#8211; T\u1ec9 l\u1ec7 1:200 v\u1edbi b\u00ecnh t\u1ea1o b\u1ecdt tuy\u1ebft b\u1eb1ng kh\u00ed ph\u1ee7 \u0111i\u1ec1u l\u00ean xe<br \/>\n&#8211; Pha t\u1ec9 l\u1ec7 1:200 v\u00e0o x\u00f4 v\u00e0 x\u1ecbt v\u00f2i cao \u00e1p \u0111\u1ec3 t\u1ea1o b\u1ecdt<br \/>\n&#8211; D\u00f9ng kh\u0103n \u0111\u1ec3 lau s\u1ea1ch xe l\u1ea1i<br \/>\n&#8211; X\u1ea3 l\u1ea1i b\u1eb1ng n\u01b0\u1edbc s\u1ea1ch<br \/>\n&#8211; Th\u1ecfi kh\u00f4 l\u1ea1i b\u1eb1ng kh\u00ed ho\u1eb7c lau kh\u00f4 b\u1eb1ng kh\u0103n <\/p>\n<p>#senfineco9951#Xabongbottuyet#nuocruaxe#Hibucenter#dungdichruaxe<\/p>\n","protected":false},"excerpt":{"rendered":"<p>X\u00e0 b\u00f4ng b\u1ecdt tuy\u1ebft cao c\u1ea5p l\u00e0m gi\u1ea3m r\u00f5 r\u1ec7t c\u00e1c v\u1ebft \u0111\u00f3m v\u00e0 v\u1ec7t \u0111\u1ec3 c\u00f3 l\u1edbp s\u01a1n b\u00f3ng cao. C\u00f4ng th\u1ee9c t\u1ea1o b\u1ecdt cao \u0111\u01b0\u1ee3c c\u00f4 \u0111\u1eb7t \u0111\u1ec3 l\u00e0m s\u1ea1ch hi\u1ec7u qu\u1ea3 h\u01a1n r\u1eeda xe gi\u00fap lo\u1ea1i b\u1ecf b\u1ee5i b\u1ea9n v\u00e0 c\u1eb7n b\u1ecf do m\u01b0a , m\u01b0a , tuy\u1ebft v\u00e0 c\u00f4n tr\u00f9ng g\u00e2y&hellip;<\/p>\n","protected":false},"featured_media":8567,"comment_status":"closed","ping_status":"open","template":"","meta":[],"product_cat":[118],"product_tag":[187],"class_list":{"0":"post-8564","1":"product","2":"type-product","3":"status-publish","4":"has-post-thumbnail","6":"product_brand-senfineco","7":"product_cat-dung-dich-phu-gia-dau-nhon","8":"product_tag-senfineco","10":"first","11":"instock","12":"product-type-simple","13":"col-xs-6 col-sm-4","14":"col-md-3 col-lg-3","15":"un-4-cols"},"_links":{"self":[{"href":"https:\/\/hibucenter.com\/index.php\/wp-json\/wp\/v2\/product\/8564","targetHints":{"allow":["GET"]}}],"collection":[{"href":"https:\/\/hibucenter.com\/index.php\/wp-json\/wp\/v2\/product"}],"about":[{"href":"https:\/\/hibucenter.com\/index.php\/wp-json\/wp\/v2\/types\/product"}],"replies":[{"embeddable":true,"href":"https:\/\/hibucenter.com\/index.php\/wp-json\/wp\/v2\/comments?post=8564"}],"version-history":[{"count":1,"href":"https:\/\/hibucenter.com\/index.php\/wp-json\/wp\/v2\/product\/8564\/revisions"}],"predecessor-version":[{"id":8566,"href":"https:\/\/hibucenter.com\/index.php\/wp-json\/wp\/v2\/product\/8564\/revisions\/8566"}],"wp:featuredmedia":[{"embeddable":true,"href":"https:\/\/hibucenter.com\/index.php\/wp-json\/wp\/v2\/media\/8567"}],"wp:attachment":[{"href":"https:\/\/hibucenter.com\/index.php\/wp-json\/wp\/v2\/media?parent=8564"}],"wp:term":[{"taxonomy":"product_cat","embeddable":true,"href":"https:\/\/hibucenter.com\/index.php\/wp-json\/wp\/v2\/product_cat?post=8564"},{"taxonomy":"product_tag","embeddable":true,"href":"https:\/\/hibucenter.com\/index.php\/wp-json\/wp\/v2\/product_tag?post=8564"}],"curies":[{"name":"wp","href":"https:\/\/api.w.org\/{rel}","templated":true}]}}