{"id":8018,"date":"2025-05-16T10:50:05","date_gmt":"2025-05-16T03:50:05","guid":{"rendered":"https:\/\/hibucenter.com\/index.php\/dung-dich-ve-sinh-he-thong-diesel-sonax-common-rail-diesel-system-cleaner-521100-250ml\/"},"modified":"2025-05-23T11:11:04","modified_gmt":"2025-05-23T04:11:04","slug":"dung-dich-ve-sinh-he-thong-diesel-sonax-common-rail-diesel-system-cleaner-521100-250ml","status":"publish","type":"product","link":"https:\/\/hibucenter.com\/index.php\/dung-dich-ve-sinh-he-thong-diesel-sonax-common-rail-diesel-system-cleaner-521100-250ml\/","title":{"rendered":"Dung d\u1ecbch v\u1ec7 sinh h\u1ec7 th\u1ed1ng diesel SONAX Common Rail Diesel System Cleaner 521100 250ml"},"content":{"rendered":"<p>Dung d\u1ecbch v\u1ec7 sinh h\u1ec7 th\u1ed1ng diesel SONAX Common Rail Diesel System Cleaner 250ml<\/p>\n<p><> TH\u00d4NG TIN S\u1ea2N PH\u1ea8M:<br \/>\n&#8211; M\u00e3 s\u1ea3n ph\u1ea9m: 521100<br \/>\n&#8211; Dung t\u00edch: 250ml<br \/>\n&#8211; C\u00f4ng d\u1ee5ng:  D\u00f9ng \u0111\u1ec3 v\u1ec7 sinh h\u1ec7 th\u1ed1ng diesel<br \/>\n&#8211; Th\u01b0\u01a1ng hi\u1ec7u: Sonax<br \/>\n&#8211; Xu\u1ea5t x\u1ee9: \u0110\u1ee9c<\/p>\n<p><> \u0110\u1eb6C \u0110I\u1ec2M S\u1ea2N PH\u1ea8M:<br \/>\n&#8211; B\u1ea3o v\u1ec7 v\u00e0 ch\u1ed1ng hao m\u00f2n c\u00e1c b\u1ed9 ph\u1eadn chuy\u1ec3n \u0111\u1ed9ng c\u1ee7a h\u1ec7 th\u1ed1ng diesel.<br \/>\n&#8211; Ng\u0103n ch\u1eb7n qu\u00e1 tr\u00ecnh oxy h\u00f3a.<br \/>\n&#8211; Gia t\u0103ng kh\u1ea3 n\u0103ng b\u00f4i tr\u01a1n c\u1ee7a nhi\u00ean li\u1ec7u diesel.<br \/>\n&#8211; Gia t\u0103ng tu\u1ed5i th\u1ecd c\u00e1c chi ti\u1ebft trong h\u1ec7 th\u1ed1ng d\u1ea7u Diesel.<br \/>\n&#8211; Ng\u0103n \u0111\u00f3ng c\u1eb7n tr\u00ean Kim phun v\u00e0 gi\u00fap phun nhi\u00ean li\u1ec7u v\u1edbi l\u01b0\u1ee3ng ch\u00ednh x\u00e1c.<\/p>\n<p><> H\u01af\u1edaNG D\u1eaaN S\u1eec D\u1ee4NG:<br \/>\n&#8211; \u0110\u1ed5 to\u00e0n b\u1ed9 dung t\u00edch 250ml v\u00e0o b\u00ecnh nhi\u00ean li\u1ec7u d\u1ea7u Diesel (kho\u1ea3ng 40-60 l\u00edt).<br \/>\n&#8211; V\u1eadn h\u00e0nh v\u00e0 theo d\u00f5i qu\u00e1 tr\u00ecnh s\u1eed d\u1ee5ng.<br \/>\n&#8211; B\u1ea3o qu\u1ea3n \u0111\u01b0\u1ee3c 5 n\u0103m (t\u00ednh t\u1eeb ng\u00e0y s\u1ea3n xu\u1ea5t)<br \/>\n&#8211; L\u01b0u \u00fd: Tr\u00e1nh ti\u1ebfp x\u00fac v\u1edbi da, tr\u00e1nh ng\u1eedi v\u00e0 s\u1eed d\u1ee5ng n\u01a1i th\u00f4ng tho\u00e1ng. Tr\u00e1nh xa t\u1ea7m tay tr\u1ebb em v\u00e0 l\u01b0u gi\u1eef n\u01a1i k\u00edn \u0111\u00e1o an to\u00e0n ho\u1eb7c t\u1ed1t nh\u1ea5t s\u1eed d\u1ee5ng h\u1ebft 1 l\u1ea7n.<\/p>\n<p>HIBU CENTER chuy\u00ean ph\u00e2n ph\u1ed1i s\u1ea3n ph\u1ea9m SONAX Ch\u00ednh H\u00e3ng \u2013 Uy T\u00edn \u2013 Ch\u1ea5t L\u01b0\u1ee3ng!!!<\/p>\n<p>#HIBUCENTER#SONAX#hibucenter#sonax#sonaxvesinh#sonaxvesinhhethongxang#vesinhhethongxang#CommonRailDieselSystemCleaner#sonax521100#521100#<\/p>\n","protected":false},"excerpt":{"rendered":"<p>Dung d\u1ecbch v\u1ec7 sinh h\u1ec7 th\u1ed1ng diesel SONAX Common Rail Diesel System Cleaner 250ml TH\u00d4NG TIN S\u1ea2N PH\u1ea8M: &#8211; M\u00e3 s\u1ea3n ph\u1ea9m: 521100 &#8211; Dung t\u00edch: 250ml &#8211; C\u00f4ng d\u1ee5ng: D\u00f9ng \u0111\u1ec3 v\u1ec7 sinh h\u1ec7 th\u1ed1ng diesel &#8211; Th\u01b0\u01a1ng hi\u1ec7u: Sonax &#8211; Xu\u1ea5t x\u1ee9: \u0110\u1ee9c \u0110\u1eb6C \u0110I\u1ec2M S\u1ea2N PH\u1ea8M: &#8211; B\u1ea3o v\u1ec7 v\u00e0 ch\u1ed1ng hao&hellip;<\/p>\n","protected":false},"featured_media":8020,"comment_status":"closed","ping_status":"open","template":"","meta":[],"product_cat":[118],"product_tag":[188],"class_list":{"0":"post-8018","1":"product","2":"type-product","3":"status-publish","4":"has-post-thumbnail","6":"product_brand-sonax","7":"product_cat-dung-dich-phu-gia-dau-nhon","8":"product_tag-sonax","10":"first","11":"instock","12":"purchasable","13":"product-type-simple","14":"col-xs-6 col-sm-4","15":"col-md-3 col-lg-3","16":"un-4-cols"},"_links":{"self":[{"href":"https:\/\/hibucenter.com\/index.php\/wp-json\/wp\/v2\/product\/8018","targetHints":{"allow":["GET"]}}],"collection":[{"href":"https:\/\/hibucenter.com\/index.php\/wp-json\/wp\/v2\/product"}],"about":[{"href":"https:\/\/hibucenter.com\/index.php\/wp-json\/wp\/v2\/types\/product"}],"replies":[{"embeddable":true,"href":"https:\/\/hibucenter.com\/index.php\/wp-json\/wp\/v2\/comments?post=8018"}],"version-history":[{"count":1,"href":"https:\/\/hibucenter.com\/index.php\/wp-json\/wp\/v2\/product\/8018\/revisions"}],"predecessor-version":[{"id":8019,"href":"https:\/\/hibucenter.com\/index.php\/wp-json\/wp\/v2\/product\/8018\/revisions\/8019"}],"wp:featuredmedia":[{"embeddable":true,"href":"https:\/\/hibucenter.com\/index.php\/wp-json\/wp\/v2\/media\/8020"}],"wp:attachment":[{"href":"https:\/\/hibucenter.com\/index.php\/wp-json\/wp\/v2\/media?parent=8018"}],"wp:term":[{"taxonomy":"product_cat","embeddable":true,"href":"https:\/\/hibucenter.com\/index.php\/wp-json\/wp\/v2\/product_cat?post=8018"},{"taxonomy":"product_tag","embeddable":true,"href":"https:\/\/hibucenter.com\/index.php\/wp-json\/wp\/v2\/product_tag?post=8018"}],"curies":[{"name":"wp","href":"https:\/\/api.w.org\/{rel}","templated":true}]}}