{"id":7879,"date":"2025-05-16T10:50:05","date_gmt":"2025-05-16T03:50:05","guid":{"rendered":"https:\/\/hibucenter.com\/index.php\/vo-chai-xit-dung-dich-tao-bot-cham-soc-xe-oto-sonax-496141-hibucenter\/"},"modified":"2025-05-23T11:11:07","modified_gmt":"2025-05-23T04:11:07","slug":"vo-chai-xit-dung-dich-tao-bot-cham-soc-xe-oto-sonax-496141-hibucenter","status":"publish","type":"product","link":"https:\/\/hibucenter.com\/index.php\/vo-chai-xit-dung-dich-tao-bot-cham-soc-xe-oto-sonax-496141-hibucenter\/","title":{"rendered":"V\u1ecf Chai X\u1ecbt Dung D\u1ecbch T\u1ea1o B\u1ecdt Ch\u0103m S\u00f3c Xe \u00d4t\u00f4 SONAX 496141 | Hibucenter"},"content":{"rendered":"<p>< > TH\u00d4NG TIN S\u1ea2N PH\u1ea8M : <\/p>\n<p>&#8211; M\u00e3 s\u1ea3n ph\u1ea9m : SN496141<\/p>\n<p>&#8211; Ch\u1ea5t li\u1ec7u: nh\u1ef1a PE<\/p>\n<p>&#8211; Dung t\u00edch: 250 ml<\/p>\n<p>&#8211; Quy c\u00e1ch 1 chai.<\/p>\n<p>&#8211; S\u1ea3n ph\u1ea9m ch\u1ec9 v\u1ecf chai, kh\u00f4ng ch\u1ee9a dung d\u1ecbch.<\/p>\n<p>&#8211; Tr\u1ecdng l\u01b0\u1ee3ng :300 g<\/p>\n<p>** Chai r\u1ed7ng t\u1ea1o b\u1ecdt tuy\u1ebft v\u00e0o chai 250 ml. T\u1ea1o ra m\u1ed9t l\u1edbp b\u1ecdt l\u1edbn, l\u00e2u tr\u00f4i v\u00e0 kh\u00f4ng th\u1ea5m v\u00e0o b\u1ec1 m\u1eb7t th\u1ea5m h\u00fat. C\u00f3 th\u1ec3 \u0111\u01b0\u1ee3c s\u1eed d\u1ee5ng trong n\u1ed9i th\u1ea5t xe v\u1edbi PROFILINE Leather Cleaner, PROFILINE Sensitive Surface Detailer, Multistar v\u00e0 ch\u1ea5t l\u00e0m s\u1ea1ch n\u1ed9i th\u1ea5t.<\/p>\n<p>**C\u00f3 th\u1ec3 s\u1eed d\u1ee5ng trong n\u1ed9i th\u1ea5t v\u1edbi c\u00e1c s\u1ea3n ph\u1ea9m Sonax nh\u01b0 l\u00e0m s\u1ea1ch gh\u1ebf da, v\u1ec7 sinh n\u1ed9i th\u1ea5t 321, t\u1ea9y r\u1eeda \u0111a n\u0103ng 627.<\/p>\n<p>https:\/\/cf.shopee.vn\/file\/vn-11134208-7r98o-lpais9pusw2679<\/p>\n<p>#sonax#sonax496141#Chamsocxe#Hibucenter<\/p>\n","protected":false},"excerpt":{"rendered":"<p>< > TH\u00d4NG TIN S\u1ea2N PH\u1ea8M : &#8211; M\u00e3 s\u1ea3n ph\u1ea9m : SN496141 &#8211; Ch\u1ea5t li\u1ec7u: nh\u1ef1a PE &#8211; Dung t\u00edch: 250 ml &#8211; Quy c\u00e1ch 1 chai. &#8211; S\u1ea3n ph\u1ea9m ch\u1ec9 v\u1ecf chai, kh\u00f4ng ch\u1ee9a dung d\u1ecbch. &#8211; Tr\u1ecdng l\u01b0\u1ee3ng :300 g ** Chai r\u1ed7ng t\u1ea1o b\u1ecdt tuy\u1ebft v\u00e0o chai 250 ml. T\u1ea1o ra&hellip;<\/p>\n","protected":false},"featured_media":7882,"comment_status":"closed","ping_status":"open","template":"","meta":[],"product_cat":[118],"product_tag":[188],"class_list":{"0":"post-7879","1":"product","2":"type-product","3":"status-publish","4":"has-post-thumbnail","6":"product_brand-sonax","7":"product_cat-dung-dich-phu-gia-dau-nhon","8":"product_tag-sonax","10":"first","11":"instock","12":"purchasable","13":"product-type-simple","14":"col-xs-6 col-sm-4","15":"col-md-3 col-lg-3","16":"un-4-cols"},"_links":{"self":[{"href":"https:\/\/hibucenter.com\/index.php\/wp-json\/wp\/v2\/product\/7879","targetHints":{"allow":["GET"]}}],"collection":[{"href":"https:\/\/hibucenter.com\/index.php\/wp-json\/wp\/v2\/product"}],"about":[{"href":"https:\/\/hibucenter.com\/index.php\/wp-json\/wp\/v2\/types\/product"}],"replies":[{"embeddable":true,"href":"https:\/\/hibucenter.com\/index.php\/wp-json\/wp\/v2\/comments?post=7879"}],"version-history":[{"count":1,"href":"https:\/\/hibucenter.com\/index.php\/wp-json\/wp\/v2\/product\/7879\/revisions"}],"predecessor-version":[{"id":7881,"href":"https:\/\/hibucenter.com\/index.php\/wp-json\/wp\/v2\/product\/7879\/revisions\/7881"}],"wp:featuredmedia":[{"embeddable":true,"href":"https:\/\/hibucenter.com\/index.php\/wp-json\/wp\/v2\/media\/7882"}],"wp:attachment":[{"href":"https:\/\/hibucenter.com\/index.php\/wp-json\/wp\/v2\/media?parent=7879"}],"wp:term":[{"taxonomy":"product_cat","embeddable":true,"href":"https:\/\/hibucenter.com\/index.php\/wp-json\/wp\/v2\/product_cat?post=7879"},{"taxonomy":"product_tag","embeddable":true,"href":"https:\/\/hibucenter.com\/index.php\/wp-json\/wp\/v2\/product_tag?post=7879"}],"curies":[{"name":"wp","href":"https:\/\/api.w.org\/{rel}","templated":true}]}}