{"id":6962,"date":"2025-04-29T09:42:13","date_gmt":"2025-04-29T02:42:13","guid":{"rendered":"https:\/\/hibucenter.com\/index.php\/product\/coi-chong-nuoc-bosch-ec12c-strider-horn-hang-chinh-hang\/"},"modified":"2025-07-21T10:35:53","modified_gmt":"2025-07-21T03:35:53","slug":"coi-chong-nuoc-bosch-ec12c-strider-horn-hang-chinh-hang","status":"publish","type":"product","link":"https:\/\/hibucenter.com\/index.php\/coi-chong-nuoc-bosch-ec12c-strider-horn-hang-chinh-hang\/","title":{"rendered":"C\u00f2i Ch\u1ed1ng N\u01b0\u1edbc BOSCH EC12C Strider Horn &#8211; H\u00e0ng Ch\u00ednh H\u00e3ng"},"content":{"rendered":"<p>TH\u00d4NG TIN S\u1ea2N PH\u1ea8M:<br \/>\nC\u00f4ng ngh\u1ec7 s\u1ea3n xu\u1ea5t:\u00a0Bosch &#8211; Germany<br \/>\nM\u00e3 ph\u1ee5 t\u00f9ng Bosch:\u00a0  0986AH0220<br \/>\nXu\u1ea5t x\u1ee9:\u00a0Made in China, BOSCH<br \/>\n\u00a0<br \/>\nTh\u00f4ng s\u1ed1 &#038; \u0110\u1eb7c t\u00ednh k\u1ef9 thu\u1eadt s\u1ea3n ph\u1ea9m:<br \/>\n\u00a0\u00a0\u00a0\u00a0\u00a0\u2666\u00a0\u00a0T\u1ea7n s\u1ed1 \u00e2m thanh:\u00a0400\/500 Hz.<br \/>\n\u00a0\u00a0\u00a0\u00a0\u00a0\u2666\u00a0\u00a0C\u01b0\u1eddng \u0111\u1ed9 \u00e2m thanh: 105 \u2013 118 Db.<br \/>\n\u00a0\u00a0\u00a0\u00a0\u00a0\u2666\u00a0\u00a0\u00c2m thanh k\u1ebft h\u1ee3p h\u00e0i h\u00f2a 1 tone cao v\u00e0 1 tone tr\u1ea7m.<br \/>\n\u00a0\u00a0\u00a0\u00a0\u00a0\u2666\u00a0\u00a0Kh\u1ea3 n\u0103ng Truy\u1ec1n \u00e2m r\u1ed9ng.<br \/>\n\u00a0\u00a0  \u00a0\u2666 Ch\u1ed1ng b\u1ee5i v\u00e0 n\u01b0\u1edbc:  IP56<br \/>\n\u00a0\u00a0  \u00a0\u2666 \u0110i\u1ec7n \u00e1p: 12V<br \/>\n&#8211; Hi\u1ec7u su\u1ea5t \u00e2m thanh v\u01b0\u1ee3t tr\u1ed9i. Giai \u0111i\u1ec7u h\u00e0i h\u00f2a m\u1ea1nh m\u1ebd v\u1edbi truy\u1ec1n \u00e2m g\u00f3c r\u1ed9ng.<br \/>\nhttps:\/\/cf.shopee.vn\/file\/vn-11134208-23010-cl1a67qgx8lv26<br \/>\nhttps:\/\/cf.shopee.vn\/file\/vn-11134208-23010-srr739qgx8lv93<\/p>\n<p>#coi_chong_nuoc#ken_chong_nuoc#ken_bosch#ken_ec12c<\/p>\n","protected":false},"excerpt":{"rendered":"<p>TH\u00d4NG TIN S\u1ea2N PH\u1ea8M: C\u00f4ng ngh\u1ec7 s\u1ea3n xu\u1ea5t:\u00a0Bosch &#8211; Germany M\u00e3 ph\u1ee5 t\u00f9ng Bosch:\u00a0 0986AH0220 Xu\u1ea5t x\u1ee9:\u00a0Made in China, BOSCH \u00a0 Th\u00f4ng s\u1ed1 &#038; \u0110\u1eb7c t\u00ednh k\u1ef9 thu\u1eadt s\u1ea3n ph\u1ea9m: \u00a0\u00a0\u00a0\u00a0\u00a0\u2666\u00a0\u00a0T\u1ea7n s\u1ed1 \u00e2m thanh:\u00a0400\/500 Hz. \u00a0\u00a0\u00a0\u00a0\u00a0\u2666\u00a0\u00a0C\u01b0\u1eddng \u0111\u1ed9 \u00e2m thanh: 105 \u2013 118 Db. \u00a0\u00a0\u00a0\u00a0\u00a0\u2666\u00a0\u00a0\u00c2m thanh k\u1ebft h\u1ee3p h\u00e0i h\u00f2a 1 tone cao v\u00e0 1 tone&hellip;<\/p>\n","protected":false},"featured_media":6965,"comment_status":"closed","ping_status":"open","template":"","meta":[],"product_cat":[117],"product_tag":[],"class_list":{"0":"post-6962","1":"product","2":"type-product","3":"status-publish","4":"has-post-thumbnail","6":"product_brand-bosch-car-service","7":"product_cat-cham-soc-o-to-xe-hoi","9":"first","10":"instock","11":"product-type-simple","12":"col-xs-6 col-sm-4","13":"col-md-3 col-lg-3","14":"un-4-cols"},"_links":{"self":[{"href":"https:\/\/hibucenter.com\/index.php\/wp-json\/wp\/v2\/product\/6962","targetHints":{"allow":["GET"]}}],"collection":[{"href":"https:\/\/hibucenter.com\/index.php\/wp-json\/wp\/v2\/product"}],"about":[{"href":"https:\/\/hibucenter.com\/index.php\/wp-json\/wp\/v2\/types\/product"}],"replies":[{"embeddable":true,"href":"https:\/\/hibucenter.com\/index.php\/wp-json\/wp\/v2\/comments?post=6962"}],"version-history":[{"count":0,"href":"https:\/\/hibucenter.com\/index.php\/wp-json\/wp\/v2\/product\/6962\/revisions"}],"wp:featuredmedia":[{"embeddable":true,"href":"https:\/\/hibucenter.com\/index.php\/wp-json\/wp\/v2\/media\/6965"}],"wp:attachment":[{"href":"https:\/\/hibucenter.com\/index.php\/wp-json\/wp\/v2\/media?parent=6962"}],"wp:term":[{"taxonomy":"product_cat","embeddable":true,"href":"https:\/\/hibucenter.com\/index.php\/wp-json\/wp\/v2\/product_cat?post=6962"},{"taxonomy":"product_tag","embeddable":true,"href":"https:\/\/hibucenter.com\/index.php\/wp-json\/wp\/v2\/product_tag?post=6962"}],"curies":[{"name":"wp","href":"https:\/\/api.w.org\/{rel}","templated":true}]}}