{"id":6788,"date":"2025-04-29T09:00:05","date_gmt":"2025-04-29T02:00:05","guid":{"rendered":"https:\/\/hibucenter.com\/index.php\/product\/bosch-gat-mua-a974s-set-21-19-glk-2012-mini-cooper-chan-bam\/"},"modified":"2025-07-21T10:35:56","modified_gmt":"2025-07-21T03:35:56","slug":"bosch-gat-mua-a974s-set-21-19-glk-2012-mini-cooper-chan-bam","status":"publish","type":"product","link":"https:\/\/hibucenter.com\/index.php\/bosch-gat-mua-a974s-set-21-19-glk-2012-mini-cooper-chan-bam\/","title":{"rendered":"BOSCH G\u1ea1t M\u01b0a A974S Set 21&#8243; &#038; 19&#8243;: GLK (2012-), Mini cooper ( ch\u00e2n b\u1ea5m)"},"content":{"rendered":"<p>L\u01afU \u00dd : Qu\u00fd kh\u00e1ch h\u00e0ng vui l\u00f2ng nh\u1eafn tin cho shop qua c\u00f4ng c\u1ee5 chat c\u1ee7a shopee tr\u01b0\u1edbc khi mua h\u00e0ng \u0111\u1ec3 \u0111\u01b0\u1ee3c nh\u00e2n vi\u00ean k\u1ef9 thu\u1eadt t\u01b0 v\u1ea5n nh\u00e9. Tr\u00e1nh tr\u01b0\u1eddng h\u1ee3p \u0111\u1eb7t sai m\u00e3 sai k\u00edch th\u01b0\u1edbc \u1ea1 . Xin c\u1ea3m \u01a1n !<\/p>\n<p>< >TH\u00d4NG TIN S\u1ea2N PH\u1ea8M:<\/p>\n<p>Lo\u1ea1i ph\u1ee5 t\u00f9ng : C\u1ea7n g\u1ea1t m\u01b0a cho xe \u00f4 t\u00f4<\/p>\n<p>H\u00e3ng s\u1ea3n xu\u1ea5t : Bosch<\/p>\n<p>Xu\u1ea5t x\u1ee9: Made in SERBIA<\/p>\n<p>D\u00f2ng s\u1ea3n ph\u1ea9m : AeroTwin EURO Set<\/p>\n<p>M\u00e3 s\u1ea3n ph\u1ea9m : A974S | M\u00e3 ph\u1ee5 t\u00f9ng : 3397118974<\/p>\n<p>K\u00edch th\u01b0\u1edbc : 21 inch\/19 inch ~ 53cm\/48cm<\/p>\n<p>Quy c\u00e1ch B\u1ed9 2 chi\u1ebfc<\/p>\n<p>Lo\u1ea1i g\u1ea1t : G\u1ea1t kh\u00f4ng x\u01b0\u01a1ng Khung g\u1ea1t Khung m\u1ec1m <\/p>\n<p>L\u01b0\u1ee1i g\u1ea1t : Cao su<\/p>\n<p>https:\/\/cf.shopee.vn\/file\/vn-11134208-7r98o-lz1fwa5dpajl3a<br \/>\nhttps:\/\/cf.shopee.vn\/file\/vn-11134208-7r98o-lz1fwa5dqp418c<\/p>\n<p>< > \u1ee8NG D\u1ee4NG :<br \/>\n    Toyota, Honda, Hyundai, Kia, Suzuki, Mitsubishi,GLK (2012-), Mini cooper ( ch\u00e2n b\u1ea5m)<\/p>\n<p> *  \u0110\u1eb7c t\u00ednh k\u1ef9 thu\u1eadt s\u1ea3n ph\u1ea9m:<\/p>\n<p>\u2022\tL\u00e0 b\u1ed9 2 chi\u1ebfc g\u1ea1t m\u01b0a ri\u00eang bi\u1ec7t gi\u1ed1ng nh\u01b0 nguy\u00ean b\u1ea3n OE theo xe, d\u00e0nh cho c\u00e1c d\u00f2ng xe \u00c2u v\u00e0 M\u1ef9.<br \/>\n\u2022\tCung c\u1ea5p hi\u1ec7u qu\u1ea3 g\u1ea1t m\u01b0a t\u1ed1i \u01b0u nh\u1ea5t v\u00e0 k\u00e9o d\u00e0i th\u1eddi gian s\u1eed d\u1ee5ng.<br \/>\n\u2022\tThay th\u1ebf \u0111\u01b0\u1ee3c 99% c\u00e1c d\u00f2ng xe l\u1eafp g\u1ea1t nguy\u00ean b\u1ea3n.<br \/>\n\u2022\tKh\u1ea3 n\u0103ng l\u1eafp \u0111\u1eb7t d\u1ec5 d\u00e0ng, c\u00f3 h\u01b0\u1edbng d\u1eabn l\u1eafp \u0111\u1eb7t ghi tr\u00ean v\u1ecf h\u1ed9p v\u00e0 m\u00e3 QR code k\u1ebft n\u1ed1i video.<\/p>\n<p>#g\u1ea1t_m\u01b0a#g\u1ea1t_m\u01b0a_bosch#g\u1ea1t_m\u01b0a_\u00f4_t\u00f4#c\u1ea7n_g\u1ea1t_n\u01b0\u1edbc_\u00f4_t\u00f4<br \/>\n#c\u1ea7n_g\u1ea1t_m\u01b0a_\u00f4_t\u00f4#g\u1ea1t_n\u01b0\u1edbc_\u00f4_t\u00f4#g\u1ea1t_n\u01b0\u1edbc<\/p>\n","protected":false},"excerpt":{"rendered":"<p>L\u01afU \u00dd : Qu\u00fd kh\u00e1ch h\u00e0ng vui l\u00f2ng nh\u1eafn tin cho shop qua c\u00f4ng c\u1ee5 chat c\u1ee7a shopee tr\u01b0\u1edbc khi mua h\u00e0ng \u0111\u1ec3 \u0111\u01b0\u1ee3c nh\u00e2n vi\u00ean k\u1ef9 thu\u1eadt t\u01b0 v\u1ea5n nh\u00e9. Tr\u00e1nh tr\u01b0\u1eddng h\u1ee3p \u0111\u1eb7t sai m\u00e3 sai k\u00edch th\u01b0\u1edbc \u1ea1 . Xin c\u1ea3m \u01a1n ! < >TH\u00d4NG TIN S\u1ea2N PH\u1ea8M: Lo\u1ea1i ph\u1ee5 t\u00f9ng :&hellip;<\/p>\n","protected":false},"featured_media":6791,"comment_status":"closed","ping_status":"open","template":"","meta":[],"product_cat":[117],"product_tag":[],"class_list":{"0":"post-6788","1":"product","2":"type-product","3":"status-publish","4":"has-post-thumbnail","6":"product_brand-bosch-car-service","7":"product_cat-cham-soc-o-to-xe-hoi","9":"first","10":"instock","11":"product-type-simple","12":"col-xs-6 col-sm-4","13":"col-md-3 col-lg-3","14":"un-4-cols"},"_links":{"self":[{"href":"https:\/\/hibucenter.com\/index.php\/wp-json\/wp\/v2\/product\/6788","targetHints":{"allow":["GET"]}}],"collection":[{"href":"https:\/\/hibucenter.com\/index.php\/wp-json\/wp\/v2\/product"}],"about":[{"href":"https:\/\/hibucenter.com\/index.php\/wp-json\/wp\/v2\/types\/product"}],"replies":[{"embeddable":true,"href":"https:\/\/hibucenter.com\/index.php\/wp-json\/wp\/v2\/comments?post=6788"}],"version-history":[{"count":0,"href":"https:\/\/hibucenter.com\/index.php\/wp-json\/wp\/v2\/product\/6788\/revisions"}],"wp:featuredmedia":[{"embeddable":true,"href":"https:\/\/hibucenter.com\/index.php\/wp-json\/wp\/v2\/media\/6791"}],"wp:attachment":[{"href":"https:\/\/hibucenter.com\/index.php\/wp-json\/wp\/v2\/media?parent=6788"}],"wp:term":[{"taxonomy":"product_cat","embeddable":true,"href":"https:\/\/hibucenter.com\/index.php\/wp-json\/wp\/v2\/product_cat?post=6788"},{"taxonomy":"product_tag","embeddable":true,"href":"https:\/\/hibucenter.com\/index.php\/wp-json\/wp\/v2\/product_tag?post=6788"}],"curies":[{"name":"wp","href":"https:\/\/api.w.org\/{rel}","templated":true}]}}