{"id":6772,"date":"2025-04-29T09:00:05","date_gmt":"2025-04-29T02:00:05","guid":{"rendered":"https:\/\/hibucenter.com\/index.php\/product\/bosch-gat-mua-cao-su-clear-advantage-moc-chu-u-xuong-mem-du-size-chuyen-danh-cho-xe-chau-a\/"},"modified":"2025-07-21T10:35:56","modified_gmt":"2025-07-21T03:35:56","slug":"bosch-gat-mua-cao-su-clear-advantage-moc-chu-u-xuong-mem-du-size-chuyen-danh-cho-xe-chau-a","status":"publish","type":"product","link":"https:\/\/hibucenter.com\/index.php\/bosch-gat-mua-cao-su-clear-advantage-moc-chu-u-xuong-mem-du-size-chuyen-danh-cho-xe-chau-a\/","title":{"rendered":"BOSCH G\u1ea1t M\u01b0a Cao Su Clear Advantage &#8211; M\u00f3c Ch\u1eef U &#8211; X\u01b0\u01a1ng M\u1ec1m &#8211; \u0110\u1ee7 Size | Chuy\u00ean D\u00e0nh Cho Xe Ch\u00e2u \u00c1"},"content":{"rendered":"<p>&#8211; CAM K\u1ebeT CH\u00cdNH H\u00c3NG 100%<br \/>\n&#8211; H\u1ed6 TR\u1ee2 \u0110\u1ed4I TR\u1ea2 S\u1ea2N PH\u1ea8M TRONG V\u00d2NG 1 TU\u1ea6N N\u1ebeU S\u1ea2N PH\u1ea8M C\u00d3 V\u1ea4N \u0110\u1ec0<br \/>\n&#8211; GI\u00c1 B\u00c1N L\u00c0 GI\u00c1 C\u1ee6A 1 C\u00c2Y G\u1ea0T, KH\u00d4NG PH\u1ea2I L\u00c0 1 C\u1eb6P<br \/>\n&#8211; Kh\u00e1nh h\u00e0ng kh\u00f4ng r\u00f5 v\u1ec1 k\u00edch th\u01b0\u1edbc c\u1ea7n mua vui l\u00f2ng s\u1eed d\u1ee5ng c\u00f4ng c\u1ee5 chat c\u1ee7a Shopee \u0111\u1ec3 \u0111\u01b0\u1ee3c t\u01b0 v\u1ea5n<\/p>\n<p> Clear Advantage : M\u1edbi v\u00e0 \u0111\u01b0\u1ee3c c\u1ea3i ti\u1ebfn<br \/>\nThi\u1ebft k\u1ebf \u0111\u01b0\u1ee3c c\u1ea5p b\u1eb1ng s\u00e1ng ch\u1ebf d\u1ef1a tr\u00ean s\u1ea3n ph\u1ea9n cao c\u1ea5p Aerotin \u0111\u01b0\u1ee3c ch\u1ee9ng nh\u1eadn qu\u1ed1c t\u1ebf<br \/>\n\u0110\u01b0\u1ee3c ti\u1ebft k\u1ebf t\u1ea1i \u0110\u1ee9c v\u00e0 B\u1ec9<br \/>\nT\u0103ng c\u01b0\u1eddng \u0111\u1ed9 b\u1ec1n v\u00e0 kh\u1ea3 n\u0103ng g\u1ea1t<br \/>\nCh\u1ed1ng \u0103n m\u00f2n: c\u00e1c b\u1ed9 ph\u1eadn kim lo\u1ea1i \u0111\u01b0\u1ee3c bao b\u1ecdc k\u00edn<br \/>\nChuy\u1ec3n \u0111\u1ed9ng g\u1ea1t \u00eam \u00e1i: kh\u00f4ng c\u00f3 khung \u0111\u1ee1 b\u1eb1ng kim lo\u1ea1i \/ nh\u1ef1a, kh\u1edbp n\u1ed1i ho\u1eb7c \u0111i\u1ec3m ch\u1ed1t<br \/>\nL\u1ef1a ch\u1ecdn kinh t\u1ebf \u0111\u1ec3 s\u1edf h\u1eefu lo\u1ea1i g\u1ea1t m\u01b0a c\u00f3 c\u00f4ng ngh\u1ec7 ti\u00ean ti\u1ebfn.<\/p>\n<p>\u01afU \u0110I\u1ec2M:<br \/>\nD\u1ec5 d\u00e0ng t\u1ef1 l\u1eafp \u0111\u1eb7t. Nhanh ch\u00f3ng d\u1ec5 d\u00e0ng v\u00e0 an to\u00e0n<br \/>\n\u0110\u1ea3m b\u1ea3o an to\u00e0n k\u1ec3 c\u1ea3 khi \u1edf v\u1eadn t\u1ed1c cao<br \/>\nL\u01b0\u1ee1i g\u1ea1t cao su t\u1ef1 nhi\u00ean c\u00f3 ph\u1ee7 graphite (than ch\u00ec) \u0111\u1ed9c quy\u1ec1n \u0111\u01b0\u1ee3c ph\u00e1t tri\u1ec3n \u0111\u1ec3 \u0111\u1eb7c bi\u1ec7t ph\u00f9 h\u1ee3p v\u1edbi \u0111\u1ed9 \u1ea9m v\u00e0 nhi\u1ec7t \u0111\u1ed9 cao. c\u00e1c c\u1ea1nh c\u1ee7a l\u01b0\u1ee1i g\u1ea1t c\u00f3 \u0111\u1ed9 ch\u00ednh x\u00e1c si\u00eau nh\u1ecf gi\u1ea3m thi\u1ec3u vi\u1ec7c \u0111\u1ec3 l\u1ea1i v\u1ec7t v\u00e0 rung<\/p>\n<p>&#8211; K\u00edch th\u01b0\u1edbc :<br \/>\n+ 14&#8243; : 350mm<br \/>\n+ 16&#8243; : 400mm<br \/>\n+ 18&#8243; : 450mm<br \/>\n+ 19&#8243; : 475mm<br \/>\n+ 20&#8243; : 500mm<br \/>\n+ 21&#8243; : 530mm<br \/>\n+ 22&#8243; : 550mm<br \/>\n+ 24&#8243; : 600mm<br \/>\n+ 26&#8243; : 650mm<br \/>\n+ 28&#8243; : 700mm<\/p>\n<p>https:\/\/cf.shopee.vn\/file\/347c93de3b56c8c30466173db09d119c<br \/>\nhttps:\/\/cf.shopee.vn\/file\/70bd4d2e7bf44f45db6ee08909ab90a2<\/p>\n<p>D\u1ea4U HI\u1ec6U N\u00caN THAY G\u1ea0T M\u01afA:<br \/>\n&#8211; Xu\u1ea5t hi\u1ec7n nh\u1eefng v\u1ebft s\u1ecdc,v\u1eb1n<br \/>\n&#8211; Khu v\u1ef1c qu\u00e9t b\u1ecb b\u1ecf s\u00f3t,t\u1ea7m nh\u00ecn m\u1edd<br \/>\n&#8211; Nh\u1eefng v\u1ec7t tia ngang<br \/>\n&#8211; Rung v\u00e0 c\u00f3 ti\u1ebfng \u1ed3n<\/p>\n","protected":false},"excerpt":{"rendered":"<p>&#8211; CAM K\u1ebeT CH\u00cdNH H\u00c3NG 100% &#8211; H\u1ed6 TR\u1ee2 \u0110\u1ed4I TR\u1ea2 S\u1ea2N PH\u1ea8M TRONG V\u00d2NG 1 TU\u1ea6N N\u1ebeU S\u1ea2N PH\u1ea8M C\u00d3 V\u1ea4N \u0110\u1ec0 &#8211; GI\u00c1 B\u00c1N L\u00c0 GI\u00c1 C\u1ee6A 1 C\u00c2Y G\u1ea0T, KH\u00d4NG PH\u1ea2I L\u00c0 1 C\u1eb6P &#8211; Kh\u00e1nh h\u00e0ng kh\u00f4ng r\u00f5 v\u1ec1 k\u00edch th\u01b0\u1edbc c\u1ea7n mua vui l\u00f2ng s\u1eed d\u1ee5ng c\u00f4ng c\u1ee5 chat c\u1ee7a&hellip;<\/p>\n","protected":false},"featured_media":6775,"comment_status":"closed","ping_status":"open","template":"","meta":[],"product_cat":[117],"product_tag":[],"class_list":{"0":"post-6772","1":"product","2":"type-product","3":"status-publish","4":"has-post-thumbnail","6":"product_brand-bosch-car-service","7":"product_cat-cham-soc-o-to-xe-hoi","9":"first","10":"instock","11":"product-type-simple","12":"col-xs-6 col-sm-4","13":"col-md-3 col-lg-3","14":"un-4-cols"},"_links":{"self":[{"href":"https:\/\/hibucenter.com\/index.php\/wp-json\/wp\/v2\/product\/6772","targetHints":{"allow":["GET"]}}],"collection":[{"href":"https:\/\/hibucenter.com\/index.php\/wp-json\/wp\/v2\/product"}],"about":[{"href":"https:\/\/hibucenter.com\/index.php\/wp-json\/wp\/v2\/types\/product"}],"replies":[{"embeddable":true,"href":"https:\/\/hibucenter.com\/index.php\/wp-json\/wp\/v2\/comments?post=6772"}],"version-history":[{"count":0,"href":"https:\/\/hibucenter.com\/index.php\/wp-json\/wp\/v2\/product\/6772\/revisions"}],"wp:featuredmedia":[{"embeddable":true,"href":"https:\/\/hibucenter.com\/index.php\/wp-json\/wp\/v2\/media\/6775"}],"wp:attachment":[{"href":"https:\/\/hibucenter.com\/index.php\/wp-json\/wp\/v2\/media?parent=6772"}],"wp:term":[{"taxonomy":"product_cat","embeddable":true,"href":"https:\/\/hibucenter.com\/index.php\/wp-json\/wp\/v2\/product_cat?post=6772"},{"taxonomy":"product_tag","embeddable":true,"href":"https:\/\/hibucenter.com\/index.php\/wp-json\/wp\/v2\/product_tag?post=6772"}],"curies":[{"name":"wp","href":"https:\/\/api.w.org\/{rel}","templated":true}]}}