{"id":6544,"date":"2025-04-29T08:55:09","date_gmt":"2025-04-29T01:55:09","guid":{"rendered":"https:\/\/hibucenter.com\/index.php\/product\/bosch-loc-dau-nhot-dong-co-loc-giay-o0098-danh-cho-xe-kia-hyundai-2\/"},"modified":"2025-07-21T10:36:01","modified_gmt":"2025-07-21T03:36:01","slug":"bosch-loc-dau-nhot-dong-co-loc-giay-o0098-danh-cho-xe-kia-hyundai-2","status":"publish","type":"product","link":"https:\/\/hibucenter.com\/index.php\/bosch-loc-dau-nhot-dong-co-loc-giay-o0098-danh-cho-xe-kia-hyundai-2\/","title":{"rendered":"BOSCH L\u1ecdc D\u1ea7u Nh\u1edbt \u0110\u1ed9ng C\u01a1 (L\u1ecdc Gi\u1ea5y)  O0098 D\u00e0nh Cho Xe KIA , HYUNDAI,&#8230;"},"content":{"rendered":"<p>L\u1ecdc D\u1ea7u Nh\u1edbt \u0110\u1ed9ng C\u01a1 ( L\u1ecdc Gi\u1ea5y ) Bosch O0098 D\u00e0nh Cho Xe KIA Carens\/Rondo 1.7 CDi (13-); HYUNDAI Geresis 3.8 (08-16)<\/p>\n<p>< > TH\u00d4NG TIN S\u1ea2N PH\u1ea8M :<br \/>\n&#8211; Xu\u1ea5t x\u1ee9 : Trung Qu\u1ed1c<br \/>\n&#8211; Th\u01b0\u01a1ng hi\u1ec7u : Bosch<br \/>\n&#8211; M\u00e3 s\u1ea3n ph\u1ea9m : 0986AF0098<br \/>\n&#8211; K\u00edch Th\u01b0\u1edbc :<br \/>\n+ Chi\u1ec1u cao : 104 mm<br \/>\n+ \u0110\u01b0\u1eddng k\u00ednh : 63 x 25.3mm<\/p>\n<p>https:\/\/cf.shopee.vn\/file\/vn-11134208-7r98o-lqkbl3l3mss7a0<\/p>\n<p>&#8211; \u1ee8NG D\u1ee4NG :<br \/>\n+ L\u1ecdc d\u1ea7u nh\u1edbt \u0111\u1ed9ng c\u01a1 Bosch 0986AF0098 c\u00f3 th\u1ec3 s\u1eed d\u1ee5ng l\u1eafp cho c\u00e1c xe: Hyundai Avante, Hyundai Elantra, Hyundai i30, Hyundai Kona, Hyundai Veracruz, Kia Optima, Kia Rondo, Kia Sorento, Kia Sportage,&#8230;<\/p>\n<p>\u0110\u1eb7c t\u00ednh k\u1ef9 thu\u1eadt s\u1ea3n ph\u1ea9m:<\/p>\n<p>\u21d2 Thay th\u1ebf l\u1ecdc nh\u1edbt \u0111\u1ed9ng c\u01a1 sau kho\u1ea3ng 10,000 km theo \u0111\u1ecbnh k\u1ef3 \u0111\u01b0\u1ee3c khuy\u1ebfn c\u00e1o<\/p>\n<p> Li\u00ean h\u1ec7 v\u1edbi shop qua c\u00f4ng c\u1ee5 chat c\u1ee7a shopee \u0111\u1ec3 \u0111\u01b0\u1ee3c nh\u00e2n vi\u00ean k\u1ec9 thu\u1eadt t\u01b0 v\u1ea5n nh\u00e9 . Xin ch\u00e2n th\u00e0nh c\u1ea3m \u01a1n<br \/>\n#loc_nhot_dong_co_bosch_O0098#loc_nhot_loc_giay#BOSCHO0098#<\/p>\n","protected":false},"excerpt":{"rendered":"<p>L\u1ecdc D\u1ea7u Nh\u1edbt \u0110\u1ed9ng C\u01a1 ( L\u1ecdc Gi\u1ea5y ) Bosch O0098 D\u00e0nh Cho Xe KIA Carens\/Rondo 1.7 CDi (13-); HYUNDAI Geresis 3.8 (08-16) < > TH\u00d4NG TIN S\u1ea2N PH\u1ea8M : &#8211; Xu\u1ea5t x\u1ee9 : Trung Qu\u1ed1c &#8211; Th\u01b0\u01a1ng hi\u1ec7u : Bosch &#8211; M\u00e3 s\u1ea3n ph\u1ea9m : 0986AF0098 &#8211; K\u00edch Th\u01b0\u1edbc : + Chi\u1ec1u cao :&hellip;<\/p>\n","protected":false},"featured_media":6078,"comment_status":"closed","ping_status":"open","template":"","meta":[],"product_cat":[117],"product_tag":[],"class_list":{"0":"post-6544","1":"product","2":"type-product","3":"status-publish","4":"has-post-thumbnail","6":"product_brand-bosch-car-service","7":"product_cat-cham-soc-o-to-xe-hoi","9":"first","10":"instock","11":"product-type-simple","12":"col-xs-6 col-sm-4","13":"col-md-3 col-lg-3","14":"un-4-cols"},"_links":{"self":[{"href":"https:\/\/hibucenter.com\/index.php\/wp-json\/wp\/v2\/product\/6544","targetHints":{"allow":["GET"]}}],"collection":[{"href":"https:\/\/hibucenter.com\/index.php\/wp-json\/wp\/v2\/product"}],"about":[{"href":"https:\/\/hibucenter.com\/index.php\/wp-json\/wp\/v2\/types\/product"}],"replies":[{"embeddable":true,"href":"https:\/\/hibucenter.com\/index.php\/wp-json\/wp\/v2\/comments?post=6544"}],"version-history":[{"count":0,"href":"https:\/\/hibucenter.com\/index.php\/wp-json\/wp\/v2\/product\/6544\/revisions"}],"wp:featuredmedia":[{"embeddable":true,"href":"https:\/\/hibucenter.com\/index.php\/wp-json\/wp\/v2\/media\/6078"}],"wp:attachment":[{"href":"https:\/\/hibucenter.com\/index.php\/wp-json\/wp\/v2\/media?parent=6544"}],"wp:term":[{"taxonomy":"product_cat","embeddable":true,"href":"https:\/\/hibucenter.com\/index.php\/wp-json\/wp\/v2\/product_cat?post=6544"},{"taxonomy":"product_tag","embeddable":true,"href":"https:\/\/hibucenter.com\/index.php\/wp-json\/wp\/v2\/product_tag?post=6544"}],"curies":[{"name":"wp","href":"https:\/\/api.w.org\/{rel}","templated":true}]}}