{"id":6503,"date":"2025-04-28T16:13:32","date_gmt":"2025-04-28T09:13:32","guid":{"rendered":"https:\/\/hibucenter.com\/index.php\/product\/bosch-loc-gio-dieu-hoa-than-hoat-tinh-aeristo-plus-c5099-danh-cho-xe-mazda-2-ford-fiesta-bo-02-cai\/"},"modified":"2025-07-21T10:36:02","modified_gmt":"2025-07-21T03:36:02","slug":"bosch-loc-gio-dieu-hoa-than-hoat-tinh-aeristo-plus-c5099-danh-cho-xe-mazda-2-ford-fiesta-bo-02-cai","status":"publish","type":"product","link":"https:\/\/hibucenter.com\/index.php\/bosch-loc-gio-dieu-hoa-than-hoat-tinh-aeristo-plus-c5099-danh-cho-xe-mazda-2-ford-fiesta-bo-02-cai\/","title":{"rendered":"BOSCH L\u1ecdc Gi\u00f3 \u0110i\u1ec1u H\u00f2a Than Ho\u1ea1t T\u00ednh Aeristo Plus C5099 D\u00e0nh Cho Xe Mazda 2, Ford Fiesta, B\u1ed9 02 C\u00e1i"},"content":{"rendered":"<p>L\u1ecdc Gi\u00f3 \u0110i\u1ec1u H\u00f2a Than Ho\u1ea1t T\u00ednh BOSCH Aeristo Plus C5099 D\u00e0nh Cho Xe Mazda 2 (07 &#8211; 14), Ford Fiesta (10 &#8211; 13) B\u1ed9 02 C\u00e1i<\/p>\n<p>  QU\u00dd KH\u00c1CH KH\u00d4NG R\u00d5 K\u00cdCH TH\u01af\u1edaC VUI L\u00d2NG LI\u00caN H\u1ec6 CHO SHOP QUA C\u00d4NG C\u1ee4 CHAT C\u1ee6A SHOPEE \u0110\u1ec2 \u0110\u01af\u1ee2C NH\u00c2N VI\u00caN K\u1ef8 THU\u1eacT H\u1ed6 TR\u1ee2 T\u01af V\u1ea4N NH\u00c9  <\/p>\n<p>  TH\u00d4NG TIN S\u1ea2N PH\u1ea8M:<br \/>\n&#8211; Th\u01b0\u01a1ng hi\u1ec7u:  Bosch<br \/>\n&#8211; Xu\u1ea5t x\u1ee9:  Indonesia<br \/>\n&#8211; Quy c\u00e1ch: B\u1ed9 2 c\u00e1i<br \/>\n&#8211; K\u00edch th\u01b0\u1edbc (DxRxC): L\u1ecdc 1: 247 x 101 x 17 mm  ; L\u1ecdc 2:  247 x 99 x 17 mm<br \/>\n&#8211; M\u00e3 Bosch: 0986AF5099<br \/>\n&#8211; \u1ee8ng d\u1ee5ng : MAZDA 2 ( 07 &#8211; 14), FORD Fiesta (10 &#8211; 13).<\/p>\n<p>https:\/\/cf.shopee.vn\/file\/vn-11134208-7r98o-lz1fwa5di9pd84<\/p>\n<p> \u0110\u1eb7c t\u00ednh k\u1ef9 thu\u1eadt s\u1ea3n ph\u1ea9m:<br \/>\n\u00a0\u00a0\u00a0\u00a0\u00a0\u2666\u00a0B\u1ea3o v\u1ec7 h\u00e0nh kh\u00e1ch trong xe kh\u1ecfi c\u00e1c ch\u1ea5t b\u1ee5i b\u1ea9n trong kh\u00f4ng kh\u00ed.<br \/>\n\u00a0\u00a0\u00a0\u00a0\u00a0\u2666\u00a0Ng\u0103n ch\u1eb7n kh\u00ed \u0111\u1ed9c, m\u00f9i kh\u00f3 ch\u1ecbu, hi\u1ec7n t\u01b0\u1ee3ng d\u1ecb \u1ee9ng nh\u1edd c\u1ea5u t\u1ea1o b\u1eb1ng than ho\u1ea1t t\u00ednh.<br \/>\n\u00a0\u00a0\u00a0\u00a0\u00a0\u2666\u00a0B\u1ea3o v\u1ec7 h\u1ec7 th\u1ed1ng \u0111i\u1ec1u h\u00f2a nhi\u1ec7t \u0111\u1ed9.<br \/>\n\u00a0\u00a0\u00a0\u00a0\u00a0\u25ba\u00a0Thay m\u1edbi l\u1ecdc gi\u00f3 \u0111i\u1ec1u h\u00f2a m\u1ed7i 15.000 km ho\u1eb7c m\u1ed7i n\u0103m.<\/p>\n<p>#loc_dieu_hoa_bosch_C5099#loc_may_lanh_bosch_C5099<br \/>\n#loc_gio_dieu_hoa_Mazda2#loc_gio_dieu_hoa_FORD_Fiesta<br \/>\n#hibucenter<\/p>\n","protected":false},"excerpt":{"rendered":"<p>L\u1ecdc Gi\u00f3 \u0110i\u1ec1u H\u00f2a Than Ho\u1ea1t T\u00ednh BOSCH Aeristo Plus C5099 D\u00e0nh Cho Xe Mazda 2 (07 &#8211; 14), Ford Fiesta (10 &#8211; 13) B\u1ed9 02 C\u00e1i QU\u00dd KH\u00c1CH KH\u00d4NG R\u00d5 K\u00cdCH TH\u01af\u1edaC VUI L\u00d2NG LI\u00caN H\u1ec6 CHO SHOP QUA C\u00d4NG C\u1ee4 CHAT C\u1ee6A SHOPEE \u0110\u1ec2 \u0110\u01af\u1ee2C NH\u00c2N VI\u00caN K\u1ef8 THU\u1eacT H\u1ed6 TR\u1ee2 T\u01af V\u1ea4N&hellip;<\/p>\n","protected":false},"featured_media":6505,"comment_status":"closed","ping_status":"open","template":"","meta":[],"product_cat":[117],"product_tag":[],"class_list":{"0":"post-6503","1":"product","2":"type-product","3":"status-publish","4":"has-post-thumbnail","6":"product_brand-bosch-car-service","7":"product_cat-cham-soc-o-to-xe-hoi","9":"first","10":"instock","11":"product-type-simple","12":"col-xs-6 col-sm-4","13":"col-md-3 col-lg-3","14":"un-4-cols"},"_links":{"self":[{"href":"https:\/\/hibucenter.com\/index.php\/wp-json\/wp\/v2\/product\/6503","targetHints":{"allow":["GET"]}}],"collection":[{"href":"https:\/\/hibucenter.com\/index.php\/wp-json\/wp\/v2\/product"}],"about":[{"href":"https:\/\/hibucenter.com\/index.php\/wp-json\/wp\/v2\/types\/product"}],"replies":[{"embeddable":true,"href":"https:\/\/hibucenter.com\/index.php\/wp-json\/wp\/v2\/comments?post=6503"}],"version-history":[{"count":0,"href":"https:\/\/hibucenter.com\/index.php\/wp-json\/wp\/v2\/product\/6503\/revisions"}],"wp:featuredmedia":[{"embeddable":true,"href":"https:\/\/hibucenter.com\/index.php\/wp-json\/wp\/v2\/media\/6505"}],"wp:attachment":[{"href":"https:\/\/hibucenter.com\/index.php\/wp-json\/wp\/v2\/media?parent=6503"}],"wp:term":[{"taxonomy":"product_cat","embeddable":true,"href":"https:\/\/hibucenter.com\/index.php\/wp-json\/wp\/v2\/product_cat?post=6503"},{"taxonomy":"product_tag","embeddable":true,"href":"https:\/\/hibucenter.com\/index.php\/wp-json\/wp\/v2\/product_tag?post=6503"}],"curies":[{"name":"wp","href":"https:\/\/api.w.org\/{rel}","templated":true}]}}