{"id":6270,"date":"2025-04-28T16:10:58","date_gmt":"2025-04-28T09:10:58","guid":{"rendered":"https:\/\/hibucenter.com\/index.php\/product\/bosch-loc-nhien-lieu-d6100-danh-cho-xe-toyota-hilux-2-5-diesel-hibucenter\/"},"modified":"2025-07-21T10:36:03","modified_gmt":"2025-07-21T03:36:03","slug":"bosch-loc-nhien-lieu-d6100-danh-cho-xe-toyota-hilux-2-5-diesel-hibucenter","status":"publish","type":"product","link":"https:\/\/hibucenter.com\/index.php\/bosch-loc-nhien-lieu-d6100-danh-cho-xe-toyota-hilux-2-5-diesel-hibucenter\/","title":{"rendered":"BOSCH L\u1ecdc Nhi\u00ean Li\u1ec7u D6100 D\u00e0nh cho xe TOYOTA Hilux 2.5 Diesel,&#8230;. | Hibucenter"},"content":{"rendered":"<p>L\u01afU \u00dd : Qu\u00fd kh\u00e1ch h\u00e0ng vui l\u00f2ng nh\u1eafn tin cho shop qua c\u00f4ng c\u1ee5 chat c\u1ee7a shopee tr\u01b0\u1edbc khi mua h\u00e0ng \u0111\u1ec3 \u0111\u01b0\u1ee3c nh\u00e2n vi\u00ean k\u1ef9 thu\u1eadt t\u01b0 v\u1ea5n h\u1ed7 tr\u1ee3 nh\u00e9. Tr\u00e1nh tr\u01b0\u1eddng h\u1ee3p \u0111\u1eb7t sai m\u00e3 sai k\u00edch th\u01b0\u1edbc \u1ea1 . Xin c\u1ea3m \u01a1n !!!<\/p>\n<p>https:\/\/cf.shopee.vn\/file\/vn-11134208-7r98o-lzirtf9xppalee<\/p>\n<p><   > TH\u00d4NG TIN S\u1ea2N PH\u1ea8M :<\/p>\n<p>&#8211; Xu\u1ea5t x\u1ee9 : Indonesia<\/p>\n<p>&#8211; Th\u01b0\u01a1ng hi\u1ec7u: Bosch<\/p>\n<p>&#8211; M\u00e3 s\u1ea3n ph\u1ea9m : 0986AF6100<\/p>\n<p>&#8211; K\u00edch th\u01b0\u1edbc : <\/p>\n<p>+ Cao : 75.3mm<br \/>\n+ \u0110\u01b0\u1eddng k\u00ednh ngo\u00e0i : 84mm<br \/>\n+ \u0110\u01b0\u1eddng k\u00ednh trong : 22.3mm<\/p>\n<p>\u1ee8NG D\u1ee4NG : <\/p>\n<p>+ Toyota Ref OEM : 23390-OL010<\/p>\n<p>+ Ergine codes: &#8211; 2ADFHV,2KDFTV,IKDFTV,D4D,5LE<\/p>\n<p>+ Toyota Fortuner 2.5 TD VNT<\/p>\n<p>+ Toyota Hilux 2.5 Diesel<\/p>\n<p>+ Toyota Fortuner 3.0 Diesel Turbo 4WD<\/p>\n<p>+ Toyota Hilux 2.5 Diesel Turbo<\/p>\n<p>&#8211; B\u1ed9 l\u1ecdc Nhi\u00ean li\u1ec7u Do S- Service cung c\u1ea5p s\u1ebd ng\u0103n ch\u1eb7n t\u1ea5t c\u1ea3 c\u00e1c lo\u1ea1i t\u1ea1p ch\u1ea5t cho d\u00f9 \u0111\u00f3 l\u00e0 b\u1ee5i b\u1ee5i than ho\u1eb7c n\u01b0\u1edbc &#8211; nh\u1edd m\u1ee9c \u0111\u1ed9 cao nh\u1ea5t c\u1ee7a t\u00e1ch b\u1ee5i b\u1ea9n v\u00e0 \u1ed5n \u0111\u1ecbnh c\u01a1 h\u1ecdc cao , L\u1ecdc nhi\u00ean li\u1ec7u s\u1ebd l\u1ecdc ngay c\u1ea3 nh\u1eefng h\u1ea1t nh\u1ecf nh\u1ea5t ra kh\u1ecfi d\u00f2ng nhi\u00eau li\u1ec7u n\u1ea1p . \u0110i\u1ec1u n\u00e0y cho ph\u00e9p m\u1ed9t h\u1ed7n h\u1ee3p nhi\u00ean li\u1ec7u &#8211; kh\u00f4ng kh\u00ed v\u1edbi t\u1ef7 l\u1ec7 t\u1ed1i \u01b0u v\u00e0 \u0111\u1ea3m b\u1ea3o r\u1eb1ng hi\u1ec7u su\u1ea5t \u0111\u1ed9ng c\u01a1 ph\u00f9 h\u1ee3p .<\/p>\n<p>#Loc_gio_nhien_lieu_BOSCH_D6100#Loc_gio_Bosch#<\/p>\n","protected":false},"excerpt":{"rendered":"<p>L\u01afU \u00dd : Qu\u00fd kh\u00e1ch h\u00e0ng vui l\u00f2ng nh\u1eafn tin cho shop qua c\u00f4ng c\u1ee5 chat c\u1ee7a shopee tr\u01b0\u1edbc khi mua h\u00e0ng \u0111\u1ec3 \u0111\u01b0\u1ee3c nh\u00e2n vi\u00ean k\u1ef9 thu\u1eadt t\u01b0 v\u1ea5n h\u1ed7 tr\u1ee3 nh\u00e9. Tr\u00e1nh tr\u01b0\u1eddng h\u1ee3p \u0111\u1eb7t sai m\u00e3 sai k\u00edch th\u01b0\u1edbc \u1ea1 . Xin c\u1ea3m \u01a1n !!! https:\/\/cf.shopee.vn\/file\/vn-11134208-7r98o-lzirtf9xppalee < > TH\u00d4NG TIN S\u1ea2N PH\u1ea8M&hellip;<\/p>\n","protected":false},"featured_media":6272,"comment_status":"closed","ping_status":"open","template":"","meta":[],"product_cat":[117],"product_tag":[],"class_list":{"0":"post-6270","1":"product","2":"type-product","3":"status-publish","4":"has-post-thumbnail","6":"product_brand-bosch-car-service","7":"product_cat-cham-soc-o-to-xe-hoi","9":"first","10":"instock","11":"product-type-simple","12":"col-xs-6 col-sm-4","13":"col-md-3 col-lg-3","14":"un-4-cols"},"_links":{"self":[{"href":"https:\/\/hibucenter.com\/index.php\/wp-json\/wp\/v2\/product\/6270","targetHints":{"allow":["GET"]}}],"collection":[{"href":"https:\/\/hibucenter.com\/index.php\/wp-json\/wp\/v2\/product"}],"about":[{"href":"https:\/\/hibucenter.com\/index.php\/wp-json\/wp\/v2\/types\/product"}],"replies":[{"embeddable":true,"href":"https:\/\/hibucenter.com\/index.php\/wp-json\/wp\/v2\/comments?post=6270"}],"version-history":[{"count":0,"href":"https:\/\/hibucenter.com\/index.php\/wp-json\/wp\/v2\/product\/6270\/revisions"}],"wp:featuredmedia":[{"embeddable":true,"href":"https:\/\/hibucenter.com\/index.php\/wp-json\/wp\/v2\/media\/6272"}],"wp:attachment":[{"href":"https:\/\/hibucenter.com\/index.php\/wp-json\/wp\/v2\/media?parent=6270"}],"wp:term":[{"taxonomy":"product_cat","embeddable":true,"href":"https:\/\/hibucenter.com\/index.php\/wp-json\/wp\/v2\/product_cat?post=6270"},{"taxonomy":"product_tag","embeddable":true,"href":"https:\/\/hibucenter.com\/index.php\/wp-json\/wp\/v2\/product_tag?post=6270"}],"curies":[{"name":"wp","href":"https:\/\/api.w.org\/{rel}","templated":true}]}}