{"id":6132,"date":"2025-04-28T16:10:05","date_gmt":"2025-04-28T09:10:05","guid":{"rendered":"https:\/\/hibucenter.com\/index.php\/product\/bosch-bo-gat-mua-aerotwin-euro-a825s-danh-cho-xe-mercedes-c-class-cls-2015-2017-e-class-2014-2015-hibucenter\/"},"modified":"2025-07-21T10:36:06","modified_gmt":"2025-07-21T03:36:06","slug":"bosch-bo-gat-mua-aerotwin-euro-a825s-danh-cho-xe-mercedes-c-class-cls-2015-2017-e-class-2014-2015-hibucenter","status":"publish","type":"product","link":"https:\/\/hibucenter.com\/index.php\/bosch-bo-gat-mua-aerotwin-euro-a825s-danh-cho-xe-mercedes-c-class-cls-2015-2017-e-class-2014-2015-hibucenter\/","title":{"rendered":"BOSCH B\u1ed9 G\u1ea1t M\u01b0a  Aerotwin Euro A825S D\u00e0nh Cho Xe Mercedes C-Class , CLS 2015 \u2013 2017,  E-Class 2014 \u2013 2015 | HIBUCENTER"},"content":{"rendered":"<p>L\u01afU \u00dd : Qu\u00fd kh\u00e1ch h\u00e0ng vui l\u00f2ng li\u00ean h\u1ec7 cho shop qua c\u00f4ng c\u1ee5 chat c\u1ee7a shopee tr\u01b0\u1edbc khi mua h\u00e0ng \u0111\u1ec3 \u0111\u01b0\u1ee3c nh\u00e2n vi\u00ean k\u1ef9 thu\u1eadt t\u01b0 v\u1ea5n h\u1ed7 tr\u1ee3 nh\u00e9. Tr\u00e1nh tr\u01b0\u1eddng h\u1ee3p \u0111\u1eb7t sai m\u00e3 sai k\u00edch th\u01b0\u1edbc \u1ea1 . Xin c\u1ea3m \u01a1n !!<\/p>\n<p>< > TH\u00d4NG S\u1ed0 K\u1ef8 THU\u1eacT :<br \/>\n&#8211; M\u00e3 s\u1ea3n ph\u1ea9m : A825S<br \/>\n&#8211; Th\u01b0\u01a1ng hi\u1ec7u : Bosch<br \/>\n&#8211; Xu\u1ea5t x\u1ee9 : B\u1ec9<br \/>\n&#8211; K\u00edch th\u01b0\u1edbc b\u00ean l\u00e1i : 24\u2033\/ 600mm<br \/>\n&#8211; K\u00edch th\u01b0\u1edbc b\u00ean ph\u1ee5 : 24\u2033\/ 600mm<br \/>\n&#8211; Ki\u1ec3u d\u00e1ng : Flat Blades<\/p>\n<p>https:\/\/cf.shopee.vn\/file\/vn-11134208-7r98o-lz4l8sl1eaoxfd<\/p>\n<p>< > \u1ee8NG D\u1ee4NG :<br \/>\nMercedes C-Class 2013 \u2013 2014<br \/>\nMercedes CLS 2015 \u2013 2017<br \/>\nMercedes E-Class 2014 \u2013 2015<\/p>\n<p>#HIBUCENTER#gat_mua_BOSCH_setA825S#gat_mua_xe_Mercedes<\/p>\n","protected":false},"excerpt":{"rendered":"<p>L\u01afU \u00dd : Qu\u00fd kh\u00e1ch h\u00e0ng vui l\u00f2ng li\u00ean h\u1ec7 cho shop qua c\u00f4ng c\u1ee5 chat c\u1ee7a shopee tr\u01b0\u1edbc khi mua h\u00e0ng \u0111\u1ec3 \u0111\u01b0\u1ee3c nh\u00e2n vi\u00ean k\u1ef9 thu\u1eadt t\u01b0 v\u1ea5n h\u1ed7 tr\u1ee3 nh\u00e9. Tr\u00e1nh tr\u01b0\u1eddng h\u1ee3p \u0111\u1eb7t sai m\u00e3 sai k\u00edch th\u01b0\u1edbc \u1ea1 . Xin c\u1ea3m \u01a1n !! < > TH\u00d4NG S\u1ed0 K\u1ef8 THU\u1eacT :&hellip;<\/p>\n","protected":false},"featured_media":6134,"comment_status":"closed","ping_status":"open","template":"","meta":[],"product_cat":[117],"product_tag":[],"class_list":{"0":"post-6132","1":"product","2":"type-product","3":"status-publish","4":"has-post-thumbnail","6":"product_brand-bosch-car-service","7":"product_cat-cham-soc-o-to-xe-hoi","9":"first","10":"instock","11":"product-type-simple","12":"col-xs-6 col-sm-4","13":"col-md-3 col-lg-3","14":"un-4-cols"},"_links":{"self":[{"href":"https:\/\/hibucenter.com\/index.php\/wp-json\/wp\/v2\/product\/6132","targetHints":{"allow":["GET"]}}],"collection":[{"href":"https:\/\/hibucenter.com\/index.php\/wp-json\/wp\/v2\/product"}],"about":[{"href":"https:\/\/hibucenter.com\/index.php\/wp-json\/wp\/v2\/types\/product"}],"replies":[{"embeddable":true,"href":"https:\/\/hibucenter.com\/index.php\/wp-json\/wp\/v2\/comments?post=6132"}],"version-history":[{"count":0,"href":"https:\/\/hibucenter.com\/index.php\/wp-json\/wp\/v2\/product\/6132\/revisions"}],"wp:featuredmedia":[{"embeddable":true,"href":"https:\/\/hibucenter.com\/index.php\/wp-json\/wp\/v2\/media\/6134"}],"wp:attachment":[{"href":"https:\/\/hibucenter.com\/index.php\/wp-json\/wp\/v2\/media?parent=6132"}],"wp:term":[{"taxonomy":"product_cat","embeddable":true,"href":"https:\/\/hibucenter.com\/index.php\/wp-json\/wp\/v2\/product_cat?post=6132"},{"taxonomy":"product_tag","embeddable":true,"href":"https:\/\/hibucenter.com\/index.php\/wp-json\/wp\/v2\/product_tag?post=6132"}],"curies":[{"name":"wp","href":"https:\/\/api.w.org\/{rel}","templated":true}]}}