{"id":5830,"date":"2025-04-28T16:00:47","date_gmt":"2025-04-28T09:00:47","guid":{"rendered":"https:\/\/hibucenter.com\/index.php\/product\/cap-gat-mua-xe-vinfast-vf9-2022-bosch-aerotwin-plus-ap24-ap20-ngam-so-4-hibucenter\/"},"modified":"2025-07-21T10:36:07","modified_gmt":"2025-07-21T03:36:07","slug":"cap-gat-mua-xe-vinfast-vf9-2022-bosch-aerotwin-plus-ap24-ap20-ngam-so-4-hibucenter","status":"publish","type":"product","link":"https:\/\/hibucenter.com\/index.php\/cap-gat-mua-xe-vinfast-vf9-2022-bosch-aerotwin-plus-ap24-ap20-ngam-so-4-hibucenter\/","title":{"rendered":"C\u1eb7p G\u1ea1t M\u01b0a xe Vinfast VF9 ( 2022 &#8211; ) BOSCH Aerotwin Plus AP24 &#038; AP20 (Ng\u00e0m s\u1ed1 4) HIBUCENTER"},"content":{"rendered":"<p>C\u1eb7p G\u1ea1t M\u01b0a xe Vinfast VF9 ( 2022 &#8211; ) BOSCH Aerotwin Plus AP24 &#038; AP20 (Ng\u00e0m s\u1ed1 4) HIBUCENTER<\/p>\n<p>< > TH\u00d4NG TIN S\u1ea2N PH\u1ea8M :<br \/>\n&#8211; Xu\u1ea5t x\u1ee9 th\u01b0\u01a1ng hi\u1ec7u : \u0110\u1ee9c<br \/>\n&#8211; Xu\u1ea5t x\u1ee9 t\u1ea1i : China<br \/>\n&#8211; K\u00edch th\u01b0\u1edbc : 24&#8243; \/ 60cm &#8211; 20&#8243; \/ 50cm<\/p>\n<p>< > \u1ee8NG D\u1ee4NG : Vinfast VF9 ( 2022  &#8211; )<\/p>\n<p>https:\/\/cf.shopee.vn\/file\/vn-11134208-7r98o-lybrm38ajjc10f<\/p>\n<p>https:\/\/cf.shopee.vn\/file\/vn-11134208-7r98o-lybrm38akxwh9c<\/p>\n<p>\u01afU \u0110I\u1ec2M:<br \/>\n+ Hi\u1ec7u su\u1ea5t g\u1ea1t n\u01b0\u1edbc t\u1ed1i \u01b0u<br \/>\n+ V\u1eadn h\u00e0nh y\u00ean t\u0129nh<br \/>\n+ Tu\u1ed5i th\u1ecd s\u1eed d\u1ee5ng cao, ngay c\u1ea3 \u1edf nhi\u1ec7t \u0111\u1ed9 r\u1ea5t cao ho\u1eb7c r\u1ea5t l\u1ea1nh<br \/>\n+ Mang l\u1ea1i t\u1ea7m nh\u00ecn t\u1ed1i \u01b0u nh\u1edd thi\u1ebft k\u1ebf kh\u00ed \u0111\u1ed9ng h\u1ecdc, ngay c\u1ea3 \u1edf t\u1ed1c \u0111\u1ed9 cao v\u00e0 trong \u0111i\u1ec1u ki\u1ec7n th\u1eddi ti\u1ebft kh\u1eafc nghi\u1ec7t<br \/>\n+ \u0110\u00e3 th\u1eed nghi\u1ec7m to\u00e0n di\u1ec7n cho t\u1eebng lo\u1ea1i xe<br \/>\n+ L\u1ef1c ti\u1ebfp x\u00fac \u0111\u1ed3ng \u0111\u1ec1u d\u1ecdc theo to\u00e0n b\u1ed9 l\u01b0\u1ee1i g\u1ea1t<br \/>\n+ Tu\u1ed5i th\u1ecd cao h\u01a1n t\u1edbi 40% so v\u1edbi c\u00e1c lo\u1ea1i c\u1ea7n g\u1ea1t n\u01b0\u1edbc l\u01b0\u1ee1i ph\u1eb3ng cao c\u1ea5p kh\u00e1c<br \/>\n+ K\u1ebft c\u1ea5u khung l\u01b0\u1ee1i g\u1ea1t kh\u00f4ng b\u1ecb \u0103n m\u00f2n<br \/>\n+ Ch\u1ea5t l\u01b0\u1ee3ng thi\u1ebft b\u1ecb nguy\u00ean b\u1ea3n<br \/>\n+ H\u1ec7 th\u1ed1ng b\u1ed9 chuy\u1ec3n \u0111\u1ed5i th\u00f4ng minh &#8211; 4 b\u1ed9 chuy\u1ec3n \u0111\u1ed5i cho 10 lo\u1ea1i c\u1ea7n g\u1ea1t n\u01b0\u1edbc \u0111\u1ec3 \u0111\u1ea3m b\u1ea3o ph\u1ea1m vi ph\u1ee7 s\u00f3ng cao cho xe<br \/>\n+ C\u00f4ng ngh\u1ec7 cao su g\u1ea1t n\u01b0\u1edbc Polymer Protected Performance (P-P-P) \u0111em \u0111\u1ebfn s\u1ef1 m\u01b0\u1ee3t m\u00e0 v\u00e0 y\u00ean t\u0129nh trong qu\u00e1 tr\u00ecnh g\u1ea1t<br \/>\n+ Ch\u1ed1ng l\u1ea1i nh\u1eefng h\u01b0 h\u1ecfng do ti\u1ebfp x\u00fac l\u00e2u v\u1edbi kh\u00f3i b\u1ee5i v\u00e0 \u00e1nh n\u1eafng m\u1eb7t tr\u1eddi trong m\u00f4i tr\u01b0\u1eddng. <\/p>\n<p>#Gat_mua_xe_Vinfast_VF9#Gat_mua_AeroTwin#gat_mua_BOSCH<\/p>\n","protected":false},"excerpt":{"rendered":"<p>C\u1eb7p G\u1ea1t M\u01b0a xe Vinfast VF9 ( 2022 &#8211; ) BOSCH Aerotwin Plus AP24 &#038; AP20 (Ng\u00e0m s\u1ed1 4) HIBUCENTER < > TH\u00d4NG TIN S\u1ea2N PH\u1ea8M : &#8211; Xu\u1ea5t x\u1ee9 th\u01b0\u01a1ng hi\u1ec7u : \u0110\u1ee9c &#8211; Xu\u1ea5t x\u1ee9 t\u1ea1i : China &#8211; K\u00edch th\u01b0\u1edbc : 24&#8243; \/ 60cm &#8211; 20&#8243; \/ 50cm < > \u1ee8NG D\u1ee4NG&hellip;<\/p>\n","protected":false},"featured_media":5833,"comment_status":"closed","ping_status":"open","template":"","meta":[],"product_cat":[117],"product_tag":[],"class_list":{"0":"post-5830","1":"product","2":"type-product","3":"status-publish","4":"has-post-thumbnail","6":"product_brand-bosch-car-service","7":"product_cat-cham-soc-o-to-xe-hoi","9":"first","10":"instock","11":"product-type-simple","12":"col-xs-6 col-sm-4","13":"col-md-3 col-lg-3","14":"un-4-cols"},"_links":{"self":[{"href":"https:\/\/hibucenter.com\/index.php\/wp-json\/wp\/v2\/product\/5830","targetHints":{"allow":["GET"]}}],"collection":[{"href":"https:\/\/hibucenter.com\/index.php\/wp-json\/wp\/v2\/product"}],"about":[{"href":"https:\/\/hibucenter.com\/index.php\/wp-json\/wp\/v2\/types\/product"}],"replies":[{"embeddable":true,"href":"https:\/\/hibucenter.com\/index.php\/wp-json\/wp\/v2\/comments?post=5830"}],"version-history":[{"count":0,"href":"https:\/\/hibucenter.com\/index.php\/wp-json\/wp\/v2\/product\/5830\/revisions"}],"wp:featuredmedia":[{"embeddable":true,"href":"https:\/\/hibucenter.com\/index.php\/wp-json\/wp\/v2\/media\/5833"}],"wp:attachment":[{"href":"https:\/\/hibucenter.com\/index.php\/wp-json\/wp\/v2\/media?parent=5830"}],"wp:term":[{"taxonomy":"product_cat","embeddable":true,"href":"https:\/\/hibucenter.com\/index.php\/wp-json\/wp\/v2\/product_cat?post=5830"},{"taxonomy":"product_tag","embeddable":true,"href":"https:\/\/hibucenter.com\/index.php\/wp-json\/wp\/v2\/product_tag?post=5830"}],"curies":[{"name":"wp","href":"https:\/\/api.w.org\/{rel}","templated":true}]}}