{"id":5653,"date":"2025-04-28T10:29:20","date_gmt":"2025-04-28T03:29:20","guid":{"rendered":"https:\/\/hibucenter.com\/index.php\/product\/den-pin-doi-dau-ledlenser-neo6r-240-lumens-green-hang-chinh-hang-hibucenter\/"},"modified":"2025-04-29T10:29:03","modified_gmt":"2025-04-29T03:29:03","slug":"den-pin-doi-dau-ledlenser-neo6r-240-lumens-green-hang-chinh-hang-hibucenter","status":"publish","type":"product","link":"https:\/\/hibucenter.com\/index.php\/den-pin-doi-dau-ledlenser-neo6r-240-lumens-green-hang-chinh-hang-hibucenter\/","title":{"rendered":"\u0110\u00e8n Pin \u0110\u1ed9i \u0110\u1ea7u LEDLENSER NEO6R 240 Lumens \u2013 Green \u2013 H\u00e0ng Ch\u00ednh H\u00e3ng \u2013 HIBUCENTER"},"content":{"rendered":"<p>\u0110\u00e8n Pin \u0110\u1ed9i \u0110\u1ea7u LEDLENSER NEO6R 240 Lumens H\u00e0ng Ch\u00ednh H\u00e3ng \u2013 HIBUCENTER <\/p>\n<p>TH\u00d4NG S\u1ed0 K\u1ef8 THU\u1eacT:<br \/>\n&#8211; Pin: 1 x Polymer 3.7V<br \/>\n&#8211; C\u00f4ng su\u1ea5t: 5.18 Wh<br \/>\n&#8211; Ch\u1ed1ng n\u01b0\u1edbc: IPX7<br \/>\n&#8211; Ch\u1ed1ng b\u1ee5i: IP5X<br \/>\n&#8211; T\u00ednh n\u0103ng s\u1ea1c: C\u00f3<br \/>\n&#8211; V\u00f2ng \u0111\u1ea7u: 70 mm<br \/>\n&#8211; Tr\u1ecdng l\u01b0\u1ee3ng: 95 g<br \/>\n&#8211; Th\u01b0\u01a1ng hi\u1ec7u: LEDLENSER \u2013 \u0110\u1ee8C<br \/>\n&#8211; B\u1ea3o h\u00e0nh: 7 n\u0103m (Ch\u00ednh H\u00e3ng)<\/p>\n<p>Hi\u1ec7u su\u1ea5t ti\u00eau chu\u1ea9n FL1:<br \/>\n&#8211; \u0110\u1ed9 s\u00e1ng t\u1ed1i \u0111a: 240 Lumens, t\u1ed1i thi\u1ec3u: 20 Lumens<br \/>\n&#8211; Kho\u1ea3ng c\u00e1ch t\u1ed1i \u0111a: 30M, t\u1ed1i thi\u1ec3u: 10M<br \/>\n&#8211; Th\u1eddi l\u01b0\u1ee3ng pin t\u1ed1i \u0111a: 40 Gi\u1edd, t\u1ed1i thi\u1ec3u: 6 Gi\u1edd<br \/>\n&#8211; Ch\u1ed1ng n\u01b0\u1edbc \u2013 Ch\u1ed1ng b\u1ee5i: IPX7<\/p>\n<p>M\u00f4 t\u1ea3:<br \/>\n&#8211; V\u1edbi LedLenser NEO6R, b\u1ea1n \u0111\u00e3 \u0111\u1ebfn v\u1edbi \u201cNight Runner Club\u201d. B\u1edfi v\u00ec nh\u1eefng ng\u01b0\u1eddi hay v\u1eadn \u0111\u1ed9ng v\u00e0o tr\u1eddi t\u1ed1i, h\u1ecd c\u1ea7n m\u1ed9t \u0111\u00e8n pha \u0111\u1ed9i \u0111\u1ea7u, c\u00f3 t\u00ednh n\u0103ng s\u1ea1c nhanh qua c\u1ed5ng Micro-USB ti\u1ec7n d\u1ee5ng.<br \/>\n&#8211; Gi\u1ed1ng nh\u01b0 c\u00e1c d\u00f2ng NEO kh\u00e1c, n\u00f3 g\u00e2y \u1ea5n t\u01b0\u1ee3ng v\u1edbi thi\u1ebft k\u1ebf th\u1ec3 thao v\u00e0 tr\u1ecdng l\u01b0\u1ee3ng ch\u1ec9 v\u1edbi 95g.<br \/>\n&#8211; Ngo\u00e0i ra, ch\u1ebf \u0111\u1ed9 gi\u1eef s\u00e1ng li\u00ean t\u1ee5c gi\u00fap cho \u0111\u00e8n pin ho\u1ea1t \u0111\u1ed9ng li\u00ean t\u1ee5c trong su\u1ed1t th\u1eddi gian s\u1eed d\u1ee5ng. (B\u1ed9 \u0111\u00e8n \u0111\u00e3 bao g\u1ed3m d\u00e2y g\u1eafn \u0111\u00e8n tr\u01b0\u1edbc ng\u1ef1c).<\/p>\n<p>LedLenser l\u00e0 th\u01b0\u01a1ng hi\u1ec7u \u0111\u00e8n pin cao c\u1ea5p n\u1ed5i ti\u1ebfng kh\u1eafp th\u1ebf gi\u1edbi c\u00f3 tr\u1ee5 s\u1edf ch\u00ednh t\u1ea1i \u0110\u1ee9c, c\u00e1c s\u1ea3n ph\u1ea9m LedLenser ch\u00ednh th\u1ee9c \u0111\u01b0\u1ee3c ph\u00e2n ph\u1ed1i tr\u00ean th\u1ecb tr\u01b0\u1eddng Vi\u1ec7t Nam v\u00e0o n\u0103m 2014, v\u1edbi m\u1ee5c ti\u00eau  s\u1ebd tr\u1edf th\u00e0nh th\u01b0\u01a1ng hi\u1ec7u th\u00e2n thi\u1ebft v\u1edbi m\u1ecdi gia \u0111\u00ecnh.<\/p>\n<p>HIBUCENTER cam k\u1ebft b\u00e1n t\u1ea5t c\u1ea3 c\u00e1c s\u1ea3n ph\u1ea9m c\u1ee7a LEDLENSER Ch\u00ednh H\u00e3ng \u2013 Uy T\u00edn \u2013 Ch\u1ea5t L\u01b0\u1ee3ng!!!<\/p>\n<p>#LEDLENSER #LEDLENSER_\u0110\u1ee8C #HANGCHINHHANG #HIBUCENTER #LEDLENSER_NEO6R_240_Lumens<\/p>\n","protected":false},"excerpt":{"rendered":"<p>\u0110\u00e8n Pin \u0110\u1ed9i \u0110\u1ea7u LEDLENSER NEO6R 240 Lumens H\u00e0ng Ch\u00ednh H\u00e3ng \u2013 HIBUCENTER TH\u00d4NG S\u1ed0 K\u1ef8 THU\u1eacT: &#8211; Pin: 1 x Polymer 3.7V &#8211; C\u00f4ng su\u1ea5t: 5.18 Wh &#8211; Ch\u1ed1ng n\u01b0\u1edbc: IPX7 &#8211; Ch\u1ed1ng b\u1ee5i: IP5X &#8211; T\u00ednh n\u0103ng s\u1ea1c: C\u00f3 &#8211; V\u00f2ng \u0111\u1ea7u: 70 mm &#8211; Tr\u1ecdng l\u01b0\u1ee3ng: 95 g &#8211; Th\u01b0\u01a1ng hi\u1ec7u: LEDLENSER&hellip;<\/p>\n","protected":false},"featured_media":5654,"comment_status":"closed","ping_status":"open","template":"","meta":[],"product_cat":[80],"product_tag":[],"class_list":{"0":"post-5653","1":"product","2":"type-product","3":"status-publish","4":"has-post-thumbnail","6":"product_brand-ledlenser","7":"product_cat-den-pin-cao-cap","9":"first","10":"instock","11":"featured","12":"purchasable","13":"product-type-simple","14":"col-xs-6 col-sm-4","15":"col-md-3 col-lg-3","16":"un-4-cols"},"_links":{"self":[{"href":"https:\/\/hibucenter.com\/index.php\/wp-json\/wp\/v2\/product\/5653","targetHints":{"allow":["GET"]}}],"collection":[{"href":"https:\/\/hibucenter.com\/index.php\/wp-json\/wp\/v2\/product"}],"about":[{"href":"https:\/\/hibucenter.com\/index.php\/wp-json\/wp\/v2\/types\/product"}],"replies":[{"embeddable":true,"href":"https:\/\/hibucenter.com\/index.php\/wp-json\/wp\/v2\/comments?post=5653"}],"version-history":[{"count":0,"href":"https:\/\/hibucenter.com\/index.php\/wp-json\/wp\/v2\/product\/5653\/revisions"}],"wp:featuredmedia":[{"embeddable":true,"href":"https:\/\/hibucenter.com\/index.php\/wp-json\/wp\/v2\/media\/5654"}],"wp:attachment":[{"href":"https:\/\/hibucenter.com\/index.php\/wp-json\/wp\/v2\/media?parent=5653"}],"wp:term":[{"taxonomy":"product_cat","embeddable":true,"href":"https:\/\/hibucenter.com\/index.php\/wp-json\/wp\/v2\/product_cat?post=5653"},{"taxonomy":"product_tag","embeddable":true,"href":"https:\/\/hibucenter.com\/index.php\/wp-json\/wp\/v2\/product_tag?post=5653"}],"curies":[{"name":"wp","href":"https:\/\/api.w.org\/{rel}","templated":true}]}}