{"id":5589,"date":"2025-04-28T10:28:53","date_gmt":"2025-04-28T03:28:53","guid":{"rendered":"https:\/\/hibucenter.com\/index.php\/product\/den-pin-cong-nghiep-ledlenser-i4r-cri-120-lumens-hang-chinh-hang-hibucenter\/"},"modified":"2025-04-29T10:29:03","modified_gmt":"2025-04-29T03:29:03","slug":"den-pin-cong-nghiep-ledlenser-i4r-cri-120-lumens-hang-chinh-hang-hibucenter","status":"publish","type":"product","link":"https:\/\/hibucenter.com\/index.php\/den-pin-cong-nghiep-ledlenser-i4r-cri-120-lumens-hang-chinh-hang-hibucenter\/","title":{"rendered":"\u0110\u00e8n Pin C\u00f4ng Nghi\u1ec7p LEDLENSER i4R CRI \u2013 120 Lumens \u2013 H\u00e0ng Ch\u00ednh H\u00e3ng \u2013 HIBUCENTER"},"content":{"rendered":"<p>\u0110\u00e8n Pin C\u00f4ng Nghi\u1ec7p LEDLENSER i4R CRI \u2013 120 Lumens \u2013 H\u00e0ng Ch\u00ednh H\u00e3ng \u2013 HIBUCENTER<\/p>\n<p>Th\u00f4ng s\u1ed1 k\u1ef9 thu\u1eadt:<br \/>\n&#8211; \u0110\u1ebf s\u1ea1c ti\u00eau chu\u1ea9n d\u1ea1ng c\u1eafm<br \/>\n&#8211; Lo\u1ea1i pin: 2 x AAA NiMh 1.2V<br \/>\n&#8211; Tr\u1ecdng l\u01b0\u1ee3ng: 60 gr<br \/>\n&#8211; K\u00edch th\u01b0\u1edbc: d\u00e0i 146 mm<br \/>\n&#8211; T\u00ednh n\u0103ng s\u1ea1c pin: C\u00f3, Micro USB<br \/>\n&#8211; Kh\u00f4ng bao g\u1ed3m ngu\u1ed3n c\u1ea5p USB 5V DC<br \/>\n&#8211; Th\u01b0\u01a1ng hi\u1ec7u: LEDLENSER \u2013 \u0110\u1ee8C<br \/>\n&#8211; B\u1ea3o h\u00e0nh: 7 n\u0103m (Ch\u00ednh H\u00e3ng)<\/p>\n<p>Hi\u1ec7u su\u1ea5t ti\u00eau chu\u1ea9n FL1:<br \/>\n&#8211; \u0110\u1ed9 s\u00e1ng t\u1ed1i \u0111a: 120 Lumens, t\u1ed1i thi\u1ec3u: 80 Lumens<br \/>\n&#8211; Kho\u1ea3ng c\u00e1ch t\u1ed1i \u0111a: 80M, t\u1ed1i thi\u1ec3u: 20M<br \/>\n&#8211; Th\u1eddi l\u01b0\u1ee3ng pin t\u1ed1i \u0111a: 20 Gi\u1edd, t\u1ed1i thi\u1ec3u: 4 Gi\u1edd<br \/>\n&#8211; Ch\u1ed1ng n\u01b0\u1edbc \u2013 Ch\u1ed1ng b\u1ee5i: IP54<\/p>\n<p>M\u00f4 t\u1ea3:<br \/>\nLedlenser i-Series l\u00e0 d\u00f2ng ph\u1ea9m \u0111\u01b0\u1ee3c thi\u1ebft k\u1ebf \u0111\u1eb7c bi\u1ec7t nh\u1eb1m \u0111\u00e1p \u1ee9ng nhu c\u1ea7u kh\u1eaft khe trong c\u00f4ng nghi\u1ec7p v\u00e0 th\u1ee7 c\u00f4ng.<br \/>\nCh\u1eef \u2018i\u2019 trong t\u00ean c\u1ee7a Ledlenser i-Series l\u00e0 vi\u1ebft t\u1eaft ch\u1ec9 v\u1ec1 ng\u00e0nh c\u00f4ng nghi\u1ec7p. C\u00e1c m\u00e0u v\u00e0ng-\u0111en l\u00e0 bi\u1ec3u t\u01b0\u1ee3ng m\u1ea1nh m\u1ebd, ch\u1ee9c n\u0103ng v\u00e0 \u0111\u1ed3ng h\u00e0nh b\u1ec1n b\u1ec9.<br \/>\ni-Series k\u1ebft h\u1ee3p ch\u1ee9c n\u0103ng b\u1ec1n b\u1ec9 , hi\u1ec7u su\u1ea5t cao, nh\u01b0ng d\u1ec5 s\u1eed d\u1ee5ng v\u1edbi gi\u00e1 c\u1ea3 h\u1ee3p l\u00fd.<br \/>\nLedlenser i-Series l\u00e0 s\u1ef1 l\u1ef1a ch\u1ecdn \u0111\u1ea7u ti\u00ean cho nh\u1eefng th\u1ee3 ch\u1ebf t\u00e1c th\u1ee7 c\u00f4ng, \u0111i\u1ec7n, \u0111i\u1ec7n t\u1eed v\u00e0 c\u00e1c ngh\u00e0nh c\u00f4ng nghi\u1ec7p kh\u00e1c.<\/p>\n<p>LedLenser l\u00e0 th\u01b0\u01a1ng hi\u1ec7u \u0111\u00e8n pin cao c\u1ea5p n\u1ed5i ti\u1ebfng kh\u1eafp th\u1ebf gi\u1edbi c\u00f3 tr\u1ee5 s\u1edf ch\u00ednh t\u1ea1i \u0110\u1ee9c, c\u00e1c s\u1ea3n ph\u1ea9m LedLenser ch\u00ednh th\u1ee9c \u0111\u01b0\u1ee3c ph\u00e2n ph\u1ed1i tr\u00ean th\u1ecb tr\u01b0\u1eddng Vi\u1ec7t Nam v\u00e0o n\u0103m 2014, v\u1edbi m\u1ee5c ti\u00eau  s\u1ebd tr\u1edf th\u00e0nh th\u01b0\u01a1ng hi\u1ec7u th\u00e2n thi\u1ebft v\u1edbi m\u1ecdi gia \u0111\u00ecnh.<\/p>\n<p>HIBUCENTER cam k\u1ebft b\u00e1n t\u1ea5t c\u1ea3 c\u00e1c s\u1ea3n ph\u1ea9m c\u1ee7a LEDLENSER Ch\u00ednh H\u00e3ng \u2013 Uy T\u00edn \u2013 Ch\u1ea5t L\u01b0\u1ee3ng!!!<\/p>\n<p>#LEDLENSER #LEDLENSER_\u0110\u1ee8C #HANGCHINHHANG #HIBUCENTER  #LEDLENSER_i4R_CRI #120Lumens<\/p>\n","protected":false},"excerpt":{"rendered":"<p>\u0110\u00e8n Pin C\u00f4ng Nghi\u1ec7p LEDLENSER i4R CRI \u2013 120 Lumens \u2013 H\u00e0ng Ch\u00ednh H\u00e3ng \u2013 HIBUCENTER Th\u00f4ng s\u1ed1 k\u1ef9 thu\u1eadt: &#8211; \u0110\u1ebf s\u1ea1c ti\u00eau chu\u1ea9n d\u1ea1ng c\u1eafm &#8211; Lo\u1ea1i pin: 2 x AAA NiMh 1.2V &#8211; Tr\u1ecdng l\u01b0\u1ee3ng: 60 gr &#8211; K\u00edch th\u01b0\u1edbc: d\u00e0i 146 mm &#8211; T\u00ednh n\u0103ng s\u1ea1c pin: C\u00f3, Micro USB &#8211;&hellip;<\/p>\n","protected":false},"featured_media":5590,"comment_status":"closed","ping_status":"open","template":"","meta":[],"product_cat":[80],"product_tag":[],"class_list":{"0":"post-5589","1":"product","2":"type-product","3":"status-publish","4":"has-post-thumbnail","6":"product_brand-ledlenser","7":"product_cat-den-pin-cao-cap","9":"first","10":"instock","11":"featured","12":"product-type-simple","13":"col-xs-6 col-sm-4","14":"col-md-3 col-lg-3","15":"un-4-cols"},"_links":{"self":[{"href":"https:\/\/hibucenter.com\/index.php\/wp-json\/wp\/v2\/product\/5589","targetHints":{"allow":["GET"]}}],"collection":[{"href":"https:\/\/hibucenter.com\/index.php\/wp-json\/wp\/v2\/product"}],"about":[{"href":"https:\/\/hibucenter.com\/index.php\/wp-json\/wp\/v2\/types\/product"}],"replies":[{"embeddable":true,"href":"https:\/\/hibucenter.com\/index.php\/wp-json\/wp\/v2\/comments?post=5589"}],"version-history":[{"count":0,"href":"https:\/\/hibucenter.com\/index.php\/wp-json\/wp\/v2\/product\/5589\/revisions"}],"wp:featuredmedia":[{"embeddable":true,"href":"https:\/\/hibucenter.com\/index.php\/wp-json\/wp\/v2\/media\/5590"}],"wp:attachment":[{"href":"https:\/\/hibucenter.com\/index.php\/wp-json\/wp\/v2\/media?parent=5589"}],"wp:term":[{"taxonomy":"product_cat","embeddable":true,"href":"https:\/\/hibucenter.com\/index.php\/wp-json\/wp\/v2\/product_cat?post=5589"},{"taxonomy":"product_tag","embeddable":true,"href":"https:\/\/hibucenter.com\/index.php\/wp-json\/wp\/v2\/product_tag?post=5589"}],"curies":[{"name":"wp","href":"https:\/\/api.w.org\/{rel}","templated":true}]}}