{"id":4952,"date":"2025-04-28T10:09:58","date_gmt":"2025-04-28T03:09:58","guid":{"rendered":"https:\/\/hibucenter.com\/index.php\/product\/den-pin-doi-dau-fenix-hm60r-1300-lumens\/"},"modified":"2025-07-17T14:24:44","modified_gmt":"2025-07-17T07:24:44","slug":"den-pin-doi-dau-fenix-hm60r-1300-lumens","status":"publish","type":"product","link":"https:\/\/hibucenter.com\/index.php\/den-pin-doi-dau-fenix-hm60r-1300-lumens\/","title":{"rendered":"\u0110\u00e8n Pin \u0110\u1ed9i \u0110\u1ea7u Fenix &#8211; HM60R &#8211; 1300 Lumens"},"content":{"rendered":"<p>\u0110\u00e8n Pin \u0110\u1ed9i \u0110\u1ea7u Fenix &#8211; HM60R &#8211; 1300 Lumens<br \/>\n  Th\u00f4ng s\u1ed1 k\u0129 thu\u1eadt:<br \/>\n&#8211; \u0110\u00e8n s\u1eed d\u1ee5ng LED Luminus SST40 tr\u1eafng v\u00e0 \u0111\u1ecf, th\u1eddi l\u01b0\u1ee3ng s\u1eed d\u1ee5ng l\u00ean \u0111\u1ebfn 50.000 gi\u1edd<br \/>\n&#8211; \u0110\u1ed9 s\u00e1ng t\u1ed1i \u0111a : 1.300 lumen, Chi\u1ebfu xa : 120m<br \/>\n&#8211; T\u01b0\u01a1ng th\u00edch v\u1edbi pin s\u1ea1c Fenix 18650 (k\u00e8m theo) ho\u1eb7c 2 pin CR123A<br \/>\n&#8211; LED b\u00e1o s\u1ea1c : \u0110\u00e8n \u0111\u1ecf li\u00ean t\u1ee5c b\u1eadt: \u0111\u00e8n \u0111ang s\u1ea1c; \u0111\u00e8n xanh : \u0111\u00e3 s\u1ea1c \u0111\u1ea7y.<br \/>\n&#8211; S\u1ea1c pin: C\u1ed5ng Type C c\u00f4ng ngh\u1ec7 ch\u1ed1ng n\u01b0\u1edbc \u00e1p su\u1ea5t.<br \/>\n&#8211; \u0110\u01b0\u1ee3c l\u00e0m b\u1eb1ng h\u1ee3p kim nh\u00f4m h\u00e0ng kh\u00f4ng cao c\u1ea5p<br \/>\n&#8211; M\u1ea1ch \u0111i\u1ec1u ch\u1ec9nh k\u1ef9 thu\u1eadt s\u1ed1 \u0111\u1ec3 duy tr\u00ec \u0111\u1ed9 s\u00e1ng \u1ed5n \u0111\u1ecbnh, trang b\u1ecb c\u1ea3m bi\u1ebfn \u0111i\u1ec1u khi\u1ec3n \u00e1nh s\u00e1ng th\u00f4ng minh.<br \/>\n&#8211; C\u00f3 t\u00ednh n\u0103ng b\u1ea3o v\u1ec7 ph\u00e2n c\u1ef1c ng\u01b0\u1ee3c, \u0111\u1ec3 b\u1ea3o v\u1ec7 thi\u1ebft b\u1ecb kh\u1ecfi vi\u1ec7c l\u1eafp pin kh\u00f4ng \u0111\u00fang c\u00e1ch<br \/>\n&#8211; M\u1ea1ch b\u1ed9 nh\u1edb th\u00f4ng minh c\u00f3 th\u1ec3 l\u01b0u n\u1ea5c \u0111\u1ed9 s\u00e1ng \u0111\u01b0\u1ee3c s\u1eed d\u1ee5ng cu\u1ed1i c\u00f9ng<br \/>\n&#8211; K\u00edch th\u01b0\u1edbc :85x45x45mm<br \/>\n&#8211; N\u1eb7ng : 157 grams<br \/>\n&#8211; Ch\u1ed1ng n\u01b0\u1edbc : IPX68<br \/>\n&#8211; Ch\u1ed1ng va \u0111\u1eadp : 2m<br \/>\n&#8211; B\u1ea3o h\u00e0nh : 05 n\u0103m<br \/>\n&#8211; Xu\u1ea5t x\u1ee9: China<br \/>\n==============================<br \/>\nhttps:\/\/cf.shopee.vn\/file\/vn-11134208-7r98o-lsjnsq93kon85e<br \/>\n  Nh\u1eefng t\u00ednh n\u0103ng:<br \/>\n&#8211; N\u0103ng l\u01b0\u1ee3ng cho \u0111\u00e8n \u0111\u01b0\u1ee3c cung c\u1ea5p b\u1edfi 1 vi\u00ean pin 18650 dung l\u01b0\u1ee3ng 2600mAh, cho th\u1eddi gian chi\u1ebfu s\u00e1ng 54 ti\u1ebfng li\u00ean t\u1ee5c (m\u1ee9c th\u1ea5p). \u0110\u1ed3ng th\u1eddi c\u1ed5ng Type C \u0111\u01b0\u1ee3c t\u00edch h\u1ee3p tr\u00ean th\u00e2n \u0111\u00e8n, d\u1ec5 d\u00e0ng s\u1ea1c l\u1ea1i b\u1ea5t c\u1ee9 l\u00fac n\u00e0o ch\u1ec9 t\u1ed1n h\u01a1n 2 gi\u1edd \u0111\u1ed3ng h\u1ed3.<br \/>\n&#8211; \u00c1nh s\u00e1ng \u0111\u1ecf tr\u00ean HM60R c\u1ef1c k\u00ec h\u1eefu d\u1ee5ng trong ban \u0111\u00eam,  gi\u00fap b\u1ea3o v\u1ec7 th\u1ecb l\u1ef1c kh\u00f4ng g\u00e2y ch\u00f3i v\u00e0 \u1ea3nh h\u01b0\u1edfng ng\u01b0\u1eddi kh\u00e1c, kh\u00f4ng thu h\u00fat c\u00f4n tr\u00f9ng, v\u00e0 b\u00e1o hi\u1ec7u v\u1ecb tr\u00ed trong \u0111\u00eam.<br \/>\n&#8211; B\u1ed9 d\u00e2y \u0111eo \u0111\u1ea7u c\u1ee7a Fenix HM61R \u0111\u01b0\u1ee3c h\u00e3ng c\u1ea3i ti\u1ebfn, b\u1ea3n l\u1edbn h\u01a1n v\u00e0 \u0111\u1ed9 co gi\u00e3n t\u1ed1t, kh\u00f4ng g\u00e2y kh\u00f3 ch\u1ecbu, \u00f4m s\u00e1t ch\u1eafc ch\u1eafn v\u00e0o \u0111\u1ea7u b\u1ea1n. Ngo\u00e0i ra c\u00f3 d\u1ea3i ph\u1ea3n quang tr\u00ean d\u00e2y, cho t\u1ea7m nh\u00ecn l\u00ean \u0111\u1ebfn 50m v\u1eabn quan s\u00e1t th\u1ea5y \u0111\u01b0\u1ee3c.<br \/>\n&#8211; \u0110\u00e8n pin \u0111\u1ed9i \u0111\u1ea7u Fenix HM60R S\u1eed d\u1ee5ng duy nh\u1ea5t 1 c\u00f4ng t\u1eafc silicon, tin c\u1eady, d\u1ec5 d\u00e0ng thao t\u00e1c s\u1eed d\u1ee5ng.<br \/>\n==============================<br \/>\nhttps:\/\/cf.shopee.vn\/file\/vn-11134208-7r98o-lsjnsq93m37o49<br \/>\n   H\u01b0\u1edbng d\u1eabn s\u1eed d\u1ee5ng:<br \/>\n* B\u1eadt: Nh\u1ea5n v\u00e0 gi\u1eef c\u00f4ng t\u1eafc trong 0,5 gi\u00e2y \u0111\u1ec3 v\u00e0o ch\u1ebf \u0111\u1ed9 ti\u00eau \u0111i\u1ec3m, nh\u1ea5p \u0111\u00fap v\u00e0o c\u00f4ng t\u1eafc \u0111\u1ec3 v\u00e0o ch\u1ebf \u0111\u1ed9 ch\u1ee9c n\u0103ng.<br \/>\n* T\u1eaft: Nh\u1ea5n v\u00e0 gi\u1eef c\u00f4ng t\u1eafc trong 0,5 gi\u00e2y \u0111\u1ec3 t\u1eaft \u0111\u00e8n.<br \/>\nChuy\u1ec3n ch\u1ebf \u0111\u1ed9 Khi \u0111\u00e8n \u0111\u01b0\u1ee3c b\u1eadt, nh\u1ea5n v\u00e0 gi\u1eef c\u00f4ng t\u1eafc trong 1,2 gi\u00e2y \u0111\u1ec3 chuy\u1ec3n sang ch\u1ebf \u0111\u1ed9 kh\u00e1c.<br \/>\n* L\u1ef1a ch\u1ecdn \u0111\u1ea7u ra:<br \/>\n\u1ede ch\u1ebf \u0111\u1ed9 Chi\u1ebfu xa, khi \u0111\u00e8n \u0111\u01b0\u1ee3c b\u1eadt, nh\u1ea5p m\u1ed9t l\u1ea7n v\u00e0o c\u00f4ng t\u1eafc \u0111\u1ec3 chuy\u1ec3n qua Low- Med \u2013 High \u2013 Turbo. \u1ede ch\u1ebf \u0111\u1ed9  chi\u1ebfu t\u1ecfa, khi \u0111\u00e8n \u0111\u01b0\u1ee3c b\u1eadt, nh\u1ea5p m\u1ed9t l\u1ea7n v\u00e0o c\u00f4ng t\u1eafc \u0111\u1ec3 chuy\u1ec3n qua Red \u2013 Low \u2013 Med \u2013 SOS<br \/>\n* M\u1ea1ch b\u1ed9 nh\u1edb th\u00f4ng minh :<br \/>\n\u0110\u00e8n pha ghi nh\u1edb \u0111\u1ea7u ra \u0111\u01b0\u1ee3c ch\u1ecdn cu\u1ed1i c\u00f9ng \u1edf ch\u1ebf \u0111\u1ed9 \u0111\u00e8n chi\u1ebfu. Khi \u0111\u01b0\u1ee3c b\u1eadt l\u1ea1i, \u0111\u1ea7u ra \u0111\u00e3 s\u1eed d\u1ee5ng tr\u01b0\u1edbc \u0111\u00f3 s\u1ebd \u0111\u01b0\u1ee3c g\u1ecdi l\u1ea1i. M\u1ed7i khi v\u00e0o ch\u1ebf \u0111\u1ed9 ch\u1ee9c n\u0103ng v\u1edbi \u0111\u00e8n \u0111\u1ecf.<br \/>\n* Ch\u1ee9c n\u0103ng kh\u00f3a<br \/>\n&#8211; Kh\u00f3a: Khi \u0111\u00e8n \u0111\u00e3 t\u1eaft, nh\u1ea5p \u0111\u00fap v\u00e0o c\u00f4ng t\u1eafc,, \u0111\u00e8n s\u1ebd nh\u1ea5p nh\u00e1y 3 l\u1ea7n \/ 2Hz \u1edf ch\u1ebf \u0111\u1ed9 Eco c\u1ee7a \u00e1nh s\u00e1ng tr\u1eafng \u0111\u1ec3 cho bi\u1ebft tr\u1ea1ng th\u00e1i b\u1ecb kh\u00f3a.<br \/>\n&#8211; M\u1edf kh\u00f3a: Khi \u0111\u00e8n b\u1ecb kh\u00f3a, nh\u1ea5p \u0111\u00fap v\u00e0o c\u00f4ng t\u1eafc, \u0111\u00e8n s\u1ebd \u0111\u01b0\u1ee3c k\u00edch ho\u1ea1t v\u1edbi 3 l\u1ea7n nh\u1ea5p nh\u00e1y 2Hz \u1edf ch\u1ebf \u0111\u1ed9 Eco c\u1ee7a \u00e1nh s\u00e1ng tr\u1eafng v\u00e0 k\u00edch ho\u1ea1t \u1edf ch\u1ebf \u0111\u1ed9 Low c\u1ee7a \u00e1nh s\u00e1ng tr\u1eafng.<br \/>\n&#8211; \u0110\u00e8n c\u00f3 t\u00edch h\u1ee3p m\u1ea1ch nh\u1edb th\u00f4ng minh, \u0111\u00e8n s\u1ebd ghi nh\u1edb \u0111\u1ea7u ra \u0111\u01b0\u1ee3c ch\u1ecdn cu\u1ed1i c\u00f9ng ngo\u1ea1i tr\u1eeb ch\u1ebf \u0111\u1ed9 \u0111\u00e8n \u0111\u1ecf. Khi b\u1eadt l\u1ea1i, \u0111\u1ea7u ra \u0111\u00e3 s\u1eed d\u1ee5ng tr\u01b0\u1edbc \u0111\u00f3 c\u1ee7a ch\u1ebf \u0111\u1ed9 \u00e1nh s\u00e1ng tr\u1eafng s\u1ebd \u0111\u01b0\u1ee3c g\u1ecdi l\u1ea1i.<\/p>\n<p>#denpindoidauHM60R#denpindoidau#denpinHM60R#HM60R#fenixHM60R#fenix#denpinkiemsacduphong#denpinbotui#denpincongng#<\/p>\n","protected":false},"excerpt":{"rendered":"<p>\u0110\u00e8n Pin \u0110\u1ed9i \u0110\u1ea7u Fenix &#8211; HM60R &#8211; 1300 Lumens Th\u00f4ng s\u1ed1 k\u0129 thu\u1eadt: &#8211; \u0110\u00e8n s\u1eed d\u1ee5ng LED Luminus SST40 tr\u1eafng v\u00e0 \u0111\u1ecf, th\u1eddi l\u01b0\u1ee3ng s\u1eed d\u1ee5ng l\u00ean \u0111\u1ebfn 50.000 gi\u1edd &#8211; \u0110\u1ed9 s\u00e1ng t\u1ed1i \u0111a : 1.300 lumen, Chi\u1ebfu xa : 120m &#8211; T\u01b0\u01a1ng th\u00edch v\u1edbi pin s\u1ea1c Fenix 18650 (k\u00e8m theo) ho\u1eb7c&hellip;<\/p>\n","protected":false},"featured_media":4959,"comment_status":"closed","ping_status":"open","template":"","meta":[],"product_cat":[80],"product_tag":[102,87,116,105,115,106],"class_list":{"0":"post-4952","1":"product","2":"type-product","3":"status-publish","4":"has-post-thumbnail","6":"product_brand-fenix","7":"product_cat-den-pin-cao-cap","8":"product_tag-den-cong-trinh","9":"product_tag-den-da-ngoai","10":"product_tag-den-pin-fenix","11":"product_tag-den-pin-sang-toa","12":"product_tag-den-pin-sieu-sang","13":"product_tag-den-sang-rong","15":"first","16":"instock","17":"product-type-simple","18":"col-xs-6 col-sm-4","19":"col-md-3 col-lg-3","20":"un-4-cols"},"_links":{"self":[{"href":"https:\/\/hibucenter.com\/index.php\/wp-json\/wp\/v2\/product\/4952","targetHints":{"allow":["GET"]}}],"collection":[{"href":"https:\/\/hibucenter.com\/index.php\/wp-json\/wp\/v2\/product"}],"about":[{"href":"https:\/\/hibucenter.com\/index.php\/wp-json\/wp\/v2\/types\/product"}],"replies":[{"embeddable":true,"href":"https:\/\/hibucenter.com\/index.php\/wp-json\/wp\/v2\/comments?post=4952"}],"version-history":[{"count":0,"href":"https:\/\/hibucenter.com\/index.php\/wp-json\/wp\/v2\/product\/4952\/revisions"}],"wp:featuredmedia":[{"embeddable":true,"href":"https:\/\/hibucenter.com\/index.php\/wp-json\/wp\/v2\/media\/4959"}],"wp:attachment":[{"href":"https:\/\/hibucenter.com\/index.php\/wp-json\/wp\/v2\/media?parent=4952"}],"wp:term":[{"taxonomy":"product_cat","embeddable":true,"href":"https:\/\/hibucenter.com\/index.php\/wp-json\/wp\/v2\/product_cat?post=4952"},{"taxonomy":"product_tag","embeddable":true,"href":"https:\/\/hibucenter.com\/index.php\/wp-json\/wp\/v2\/product_tag?post=4952"}],"curies":[{"name":"wp","href":"https:\/\/api.w.org\/{rel}","templated":true}]}}