{"id":4652,"date":"2025-04-28T10:00:29","date_gmt":"2025-04-28T03:00:29","guid":{"rendered":"https:\/\/hibucenter.com\/index.php\/product\/den-pin-cam-tay-fenix-ld30r-1700-lumens-cong-suat-manh-me\/"},"modified":"2025-07-17T14:24:46","modified_gmt":"2025-07-17T07:24:46","slug":"den-pin-cam-tay-fenix-ld30r-1700-lumens-cong-suat-manh-me","status":"publish","type":"product","link":"https:\/\/hibucenter.com\/index.php\/den-pin-cam-tay-fenix-ld30r-1700-lumens-cong-suat-manh-me\/","title":{"rendered":"\u0110\u00e8n Pin C\u1ea7m Tay Fenix LD30R &#8211; 1700 Lumens &#8211; C\u00f4ng Su\u1ea5t M\u1ea1nh M\u1ebd"},"content":{"rendered":"<p>\u0110\u00e8n Pin C\u1ea7m Tay Fenix LD30R &#8211; 1700 Lumens &#8211; C\u00f4ng Su\u1ea5t M\u1ea1nh M\u1ebd<br \/>\n  Th\u00f4ng s\u1ed1 k\u0129 thu\u1eadt:<br \/>\n&#8211; C\u00f4ng su\u1ea5t: 1700 lumens<br \/>\n&#8211; T\u1ea7m chi\u1ebfu: 257 m\u00e9t<br \/>\n&#8211; M\u00e0u \u00e1nh s\u00e1ng: \u00e1nh s\u00e1ng Tr\u1eafng<br \/>\n&#8211; Chip Led: Luminus SFT40 tu\u1ed5i th\u1ecd 50.000 gi\u1edd<br \/>\n&#8211; Th\u1eddi l\u01b0\u1ee3ng s\u00e1ng: t\u1ed1i \u0111a 750 gi\u1edd (m\u1ee9c moon light)<br \/>\n&#8211; Pin: Pin s\u1ea1c Li-ion 18650 dung l\u01b0\u1ee3ng 3400mAh<br \/>\n&#8211; C\u1ed5ng s\u1ea1c: Type C<br \/>\n&#8211; Ch\u1ea5t li\u1ec7u: H\u1ee3p kim nh\u00f4m A6061-T6<br \/>\n&#8211; T\u00ednh n\u0103ng: C\u00f4ng t\u1eafc v\u1eadt l\u00fd \u0111u\u00f4i v\u00e0 \u0111i\u1ec1u khi\u1ec3n th\u00e2n, Led hi\u1ec3n th\u1ecb m\u1ee9c pin tr\u00ean c\u00f4ng t\u1eafc<br \/>\n&#8211; K\u00edch th\u01b0\u1edbc: 129.7 x 26.5 x 22.6 mm<br \/>\n&#8211; Tr\u1ecdng l\u01b0\u1ee3ng: 132 gram (\u0111\u00e3 g\u1ed3m pin)<br \/>\n&#8211; Ch\u1ed1ng va \u0111\u1eadp: 1 m\u00e9t<br \/>\n&#8211; Ch\u1ed1ng b\u1ee5i, ch\u1ed1ng n\u01b0\u1edbc: IP68<br \/>\n&#8211; \u1ee8ng d\u1ee5ng: s\u1eed d\u1ee5ng h\u00e0ng ng\u00e0y, l\u00e0m vi\u1ec7c, c\u00f4ng x\u01b0\u1edfng, c\u1eafm tr\u1ea1i d\u00e3 ngo\u1ea1i, c\u1ee9u n\u1ea1n c\u1ee9u h\u1ed9\u2026.<br \/>\n&#8211; B\u1ea3o h\u00e0nh: \u0110\u00e8n 05 n\u0103m, pin 01 n\u0103m.<br \/>\n&#8211; Xu\u1ea5t x\u1ee9: China.<br \/>\n============================<\/p>\n<p>  Nh\u1eefng \u0111\u1eb7c \u0111i\u1ec3m :<br \/>\n&#8211; \u0110\u00e8n c\u00f3 \u0111\u1ebfn 5 m\u1ee9c s\u00e1ng v\u00e0 2 ch\u1ebf \u0111\u1ed9 c\u1ea3nh b\u00e1o Strobe \u2013 SOS, ph\u00f9 h\u1ee3p cho to\u00e0n b\u1ed9 nhu c\u1ea7u s\u1eed d\u1ee5ng h\u00e0ng ng\u00e0y v\u00e0 c\u1ea3 c\u00e1c trong tr\u01b0\u1eddng h\u1ee3p kh\u1ea9n c\u1ea5p \u2013 c\u1ea7n huy \u0111\u1ed9ng ngu\u1ed3n s\u00e1ng l\u1edbn \u0111\u1ec3 bao qu\u00e1t kh\u00f4ng gian.<br \/>\n&#8211; \u0110\u1eb7c bi\u1ec7t nh\u1ea5t l\u00e0 ch\u1ebf \u0111\u1ed9 Moonlight 1 lumens \u2013 Fenix LD30R c\u00f3 th\u1ec3 s\u00e1ng li\u00ean t\u1ee5c \u0111\u1ebfn 750 gi\u1edd. \u0110\u00e2y l\u00e0 m\u1ed9t m\u1ee9c s\u00e1ng r\u1ea5t h\u1eefu d\u1ee5ng trong c\u00e1c t\u00ecnh hu\u1ed1ng kh\u00f4ng ti\u1ebfp x\u00fac g\u1ea7n ngu\u1ed3n \u0111i\u1ec7n, \u0111i r\u1eebng d\u00e0i ng\u00e0y. N\u00f3 gi\u00fap duy tr\u00ec \u00e1nh s\u00e1ng m\u00e0 v\u1eabn \u0111\u1ea3m b\u1ea3o t\u1ea7m nh\u00ecn \u0111\u1ec3 thao t\u00e1c. Th\u1eadm ch\u00ed c\u00f3 th\u1ec3 s\u1eed d\u1ee5ng m\u1ee9c Moonlight \u0111\u1ec3 l\u00e0m \u0111\u00e8n ng\u1ee7.<br \/>\n&#8211; Th\u00e2n \u0111\u00e8n Fenix \u200b\u200bLD30R \u0111\u01b0\u1ee3c l\u00e0m b\u1eb1ng h\u1ee3p kim nh\u00f4m A6061-T6 si\u00eau b\u1ec1n, cho \u0111\u00e8n c\u00f3 tr\u1ecdng l\u01b0\u1ee3ng nh\u1eb9 nh\u01b0ng v\u1eabn \u0111\u1ea3m b\u1ea3o c\u1ee9ng c\u00e1p ch\u1ed1ng ch\u1ecbu va \u0111\u1eadp \u2013 t\u1ed1i \u0111a \u1edf \u0111\u1ed9 cao \u0111\u1ebfn 1m. Ngo\u00e0i ra h\u00e3ng c\u00f2n trang b\u1ecb cho \u0111\u00e8n chu\u1ea9n ch\u1ed1ng n\u01b0\u1edbc, b\u1ee5i IP68 .- Clip g\u00e0i 2 chi\u1ec1u \u0111\u01b0\u1ee3c t\u00edch h\u1ee3p tr\u00ean Fenix LD30R, h\u1ed7 tr\u1ee3 k\u1ebft n\u1ed1i \u0111\u00e8n \u1edf b\u1ea5t k\u00ec \u0111\u00e2u b\u1ea1n mu\u1ed1n theo c\u1ea3 2 h\u01b0\u1edbng.<br \/>\n============================<\/p>\n<p>   H\u01b0\u1edbng d\u1eabn s\u1eed d\u1ee5ng:<br \/>\n* B\u1eadt\/t\u1eaft:<br \/>\n&#8211; Nh\u1ea5n 1 l\u1ea7n v\u00e0o c\u00f4ng t\u1eafc \u0111u\u00f4i \u0111\u1ec3 b\u1eadt\/t\u1eaft, nh\u1ea5n n\u1eeda l\u1ef1c \u0111\u1ec3 truy c\u1eadp t\u1ee9c th\u00ec.<br \/>\n* L\u1ef1a ch\u1ecdn ch\u1ebf \u0111\u1ed9:<br \/>\n&#8211; Khi \u0111\u00e8n \u0111\u01b0\u1ee3c b\u1eadt, nh\u1ea5p m\u1ed9t l\u1ea7n v\u00e0o c\u00f4ng t\u1eafc th\u00e2n \u0111\u1ec3 chuy\u1ec3n m\u1ee9c s\u00e1ng: Eco \u2192 Low \u2192 Med \u2192 High \u2192 Turbo.<br \/>\n* Nh\u00e1y v\u00e0 SOS:<br \/>\n&#8211; Khi \u0111\u00e8n \u0111\u01b0\u1ee3c b\u1eadt, nh\u1ea5n v\u00e0 gi\u1eef c\u00f4ng t\u1eafc th\u00e2n \u0111\u00e8n trong 0.8 gi\u00e2y \u0111\u1ec3 chuy\u1ec3n sang ch\u1ebf \u0111\u1ed9 Nh\u00e1y, nh\u1ea5p m\u1ed9t l\u1ea7n v\u00e0o c\u00f4ng t\u1eafc th\u00e2n \u0111\u1ec3 chuy\u1ec3n qua l\u1ea1i Nh\u00e1y\u2192 SOS. Nh\u1ea5n v\u00e0 gi\u1eef c\u00f4ng t\u1eafc th\u00e2n trong 0,8 gi\u00e2y m\u1ed9t l\u1ea7n n\u1eefa \u0111\u1ec3 quay l\u1ea1i ch\u1ebf \u0111\u1ed9 chung tr\u01b0\u1edbc \u0111\u00f3.<br \/>\n* M\u1ea1ch nh\u1edb m\u1ee9c s\u00e1ng cu\u1ed1i:<br \/>\n&#8211; \u0110\u00e8n c\u00f3 m\u1ea1ch nh\u1edb th\u00f4ng minh, \u0111\u00e8n ghi nh\u1edb m\u1ee9c s\u00e1ng cu\u1ed1i c\u00f9ng sau khi t\u1eaft. Khi \u0111\u01b0\u1ee3c b\u1eadt l\u1ea1i, \u0111\u00e8n s\u1ebd g\u1ecdi l\u1ea1i m\u1ee9c s\u00e1ng \u0111\u00e3 d\u00f9ng tr\u01b0\u1edbc \u0111\u00f3.<br \/>\n***L\u01b0u \u00fd: \u0110\u00e8n kh\u00f4ng ghi nh\u1edb 2 m\u1ee9c Nh\u00e1y v\u00e0 SOS. \u0110\u00e8n s\u1ebd g\u1ecdi l\u1ea1i m\u1ee9c s\u00e1ng \u1edf ch\u1ebf \u0111\u1ed9 chung \u0111\u00e3 d\u00f9ng.<br \/>\n* B\u00e1o m\u1ee9c pin c\u00f2n l\u1ea1i:<br \/>\n&#8211; M\u1ed7i l\u1ea7n b\u1eadt \u0111\u00e8n, \u0111\u00e8n b\u00e1o m\u1ee9c pin \u1edf gi\u1eefa c\u00f4ng t\u1eafc s\u1ebd t\u1ef1 \u0111\u1ed9ng hi\u1ec3n th\u1ecb tr\u1ea1ng th\u00e1i pin trong 3 gi\u00e2y.<br \/>\n&#8211; S\u00e1ng xanh: 100% \u2013 85% pin<br \/>\n&#8211; Nh\u1ea5p nh\u00e1y xanh: 85% \u2013 50% pin<br \/>\n&#8211; S\u00e1ng \u0111\u1ecf: 50% \u2013 25% pin<br \/>\n&#8211; Nh\u1ea5p nh\u00e1y \u0111\u1ecf: 25% \u2013 1% pin<br \/>\n** L\u01b0u \u00fd: T\u00ednh n\u0103ng n\u00e0y ch\u1ec9 ho\u1ea1t \u0111\u1ed9ng v\u1edbi pin s\u1ea1c Li-ion Fenix \u200b\u200bARB-L18. Kh\u00f4ng ho\u1ea1t \u0111\u1ed9ng khi d\u00f9ng pin kh\u00f4ng ph\u1ea3i c\u1ee7a Fenix.<\/p>\n<p>#denpincamtayfenixLD30R#LD30R#fenixLD30R#fenix#denpinkiemsacduphong#denpinbotui#denpincongnghiep#<\/p>\n","protected":false},"excerpt":{"rendered":"<p>\u0110\u00e8n Pin C\u1ea7m Tay Fenix LD30R &#8211; 1700 Lumens &#8211; C\u00f4ng Su\u1ea5t M\u1ea1nh M\u1ebd Th\u00f4ng s\u1ed1 k\u0129 thu\u1eadt: &#8211; C\u00f4ng su\u1ea5t: 1700 lumens &#8211; T\u1ea7m chi\u1ebfu: 257 m\u00e9t &#8211; M\u00e0u \u00e1nh s\u00e1ng: \u00e1nh s\u00e1ng Tr\u1eafng &#8211; Chip Led: Luminus SFT40 tu\u1ed5i th\u1ecd 50.000 gi\u1edd &#8211; Th\u1eddi l\u01b0\u1ee3ng s\u00e1ng: t\u1ed1i \u0111a 750 gi\u1edd (m\u1ee9c moon light)&hellip;<\/p>\n","protected":false},"featured_media":4562,"comment_status":"closed","ping_status":"open","template":"","meta":[],"product_cat":[80],"product_tag":[102,87,116,105,115,106],"class_list":{"0":"post-4652","1":"product","2":"type-product","3":"status-publish","4":"has-post-thumbnail","6":"product_brand-fenix","7":"product_cat-den-pin-cao-cap","8":"product_tag-den-cong-trinh","9":"product_tag-den-da-ngoai","10":"product_tag-den-pin-fenix","11":"product_tag-den-pin-sang-toa","12":"product_tag-den-pin-sieu-sang","13":"product_tag-den-sang-rong","15":"first","16":"instock","17":"product-type-simple","18":"col-xs-6 col-sm-4","19":"col-md-3 col-lg-3","20":"un-4-cols"},"_links":{"self":[{"href":"https:\/\/hibucenter.com\/index.php\/wp-json\/wp\/v2\/product\/4652","targetHints":{"allow":["GET"]}}],"collection":[{"href":"https:\/\/hibucenter.com\/index.php\/wp-json\/wp\/v2\/product"}],"about":[{"href":"https:\/\/hibucenter.com\/index.php\/wp-json\/wp\/v2\/types\/product"}],"replies":[{"embeddable":true,"href":"https:\/\/hibucenter.com\/index.php\/wp-json\/wp\/v2\/comments?post=4652"}],"version-history":[{"count":0,"href":"https:\/\/hibucenter.com\/index.php\/wp-json\/wp\/v2\/product\/4652\/revisions"}],"wp:featuredmedia":[{"embeddable":true,"href":"https:\/\/hibucenter.com\/index.php\/wp-json\/wp\/v2\/media\/4562"}],"wp:attachment":[{"href":"https:\/\/hibucenter.com\/index.php\/wp-json\/wp\/v2\/media?parent=4652"}],"wp:term":[{"taxonomy":"product_cat","embeddable":true,"href":"https:\/\/hibucenter.com\/index.php\/wp-json\/wp\/v2\/product_cat?post=4652"},{"taxonomy":"product_tag","embeddable":true,"href":"https:\/\/hibucenter.com\/index.php\/wp-json\/wp\/v2\/product_tag?post=4652"}],"curies":[{"name":"wp","href":"https:\/\/api.w.org\/{rel}","templated":true}]}}