{"id":4649,"date":"2025-04-28T10:00:29","date_gmt":"2025-04-28T03:00:29","guid":{"rendered":"https:\/\/hibucenter.com\/index.php\/product\/den-pin-fenix-e20-v2-0-350-lumens-nho-gon-sieu-sang\/"},"modified":"2025-07-17T14:24:48","modified_gmt":"2025-07-17T07:24:48","slug":"den-pin-fenix-e20-v2-0-350-lumens-nho-gon-sieu-sang","status":"publish","type":"product","link":"https:\/\/hibucenter.com\/index.php\/den-pin-fenix-e20-v2-0-350-lumens-nho-gon-sieu-sang\/","title":{"rendered":"\u0110\u00e8n Pin Fenix &#8211; E20 V2.0 &#8211; 350 Lumens Nh\u1ecf G\u1ecdn Si\u00eau S\u00e1ng"},"content":{"rendered":"<p>\u0110\u00e8n Pin Fenix &#8211; E20 V2.0 &#8211; 350 Lumens Nh\u1ecf G\u1ecdn Si\u00eau S\u00e1ng<br \/>\n  Th\u00f4ng s\u1ed1 k\u0129 thu\u1eadt:<br \/>\n&#8211; Trang b\u1ecb led Luminus SST20, tu\u1ed5i th\u1ecd h\u01a1n 50.000 gi\u1edd<br \/>\n&#8211; T\u01b0\u01a1ng th\u00edch 2 pin AA (Ni-MH\/Alkaline)<br \/>\n&#8211; M\u1ea1ch \u0111i\u1ec1u khi\u1ec3n th\u00f4ng minh duy tr\u00ec \u0111\u1ed9 s\u00e1ng \u1ed5n \u0111\u1ecbnh<br \/>\n&#8211; M\u1ea1ch b\u1ea3o v\u1ec7 ch\u1ed1ng qu\u00e1 nhi\u1ec7t khi ho\u1ea1t \u0111\u1ed9ng \u1edf m\u1ee9c s\u00e1ng cao<br \/>\n&#8211; B\u1ea3o v\u1ec7 ch\u1ed1ng l\u1eafp ng\u01b0\u1ee3c c\u1ef1c pin<br \/>\n&#8211; Thao t\u00e1c 1 tay d\u1ec5 d\u00e0ng v\u1edbi c\u00f4ng t\u1eafc \u0111u\u00f4i<br \/>\n&#8211; Th\u00e2n \u0111\u00e8n b\u1eb1ng h\u1ee3p kim nh\u00f4m A6061-T6<br \/>\n&#8211; X\u1eed l\u00fd m\u1ea1 b\u1ec1 m\u1eb7t anodized HAIII si\u00eau c\u1ee9ng<br \/>\n&#8211; H\u1ec7 th\u1ed1ng quang h\u1ecdc s\u1eed d\u1ee5ng th\u1ea5u k\u00ednh TIR hi\u1ec7u su\u1ea5t truy\u1ec1n d\u1eabn cao<br \/>\n&#8211; K\u00edch th\u01b0\u1edbc: 127 x 21 x 16.8mm<br \/>\n&#8211; Tr\u1ecdng l\u01b0\u1ee3ng: 42g (ch\u01b0a t\u00ednh pin)<br \/>\n&#8211; Made in China<br \/>\n&#8211; B\u1ea3o H\u00e0nh: 5 N\u0103m<br \/>\n==============================<br \/>\nhttps:\/\/cf.shopee.vn\/file\/vn-11134208-7r98o-lsid1gaxj3bt3e<br \/>\n  Nh\u1eefng t\u00ednh n\u0103ng:<br \/>\n&#8211; Ch\u1ea5t l\u01b0\u1ee3ng gia c\u00f4ng tuy\u1ec7t v\u1eddi, hi\u1ec7u n\u0103ng cao, c\u00e1c m\u1ee9c s\u00e1ng ph\u00e2n b\u1ed5 h\u1ee3p l\u00fd v\u1eabn l\u00e0 \u0111i\u1ec1u Fenix lu\u00f4n cam k\u1ebft \u0111em t\u1edbi cho kh\u00e1ch h\u00e0ng.<br \/>\n&#8211; \u0110\u00e8n pin Fenix \u200b\u200b E20 V2.0 s\u1eed d\u1ee5ng b\u00f3ng Led SST20 cho c\u00f4ng su\u1ea5t t\u1ed1i \u0111a \u0111\u1ebfn 350 lumens, t\u1ea7m chi\u1ebfu xa 126m v\u00e0 g\u00f3c chi\u1ebfu r\u1ed9ng t\u1edbi 85 \u0111\u1ed9. \u0110\u00e2y l\u00e0 l\u1ef1a ch\u1ecdn tuy\u1ec7t v\u1eddi cho c\u00e1c nhu c\u1ea7u chi\u1ebfu s\u00e1ng h\u00e0ng ng\u00e0y, c\u1ea3 trong nh\u00e0 l\u1eabn ngo\u00e0i.<br \/>\n&#8211; \u0110\u00e8n s\u1eed d\u1ee5ng th\u1ea5u k\u00ednh TIR thi\u1ebft k\u1ebf ri\u00eang, c\u00f3 ch\u1ea5t l\u01b0\u1ee3ng cao v\u00e0 \u0111\u1ed9 m\u1ecfng ch\u1ec9 b\u1eb1ng \u00bd so v\u1edbi th\u1ea5u k\u00ednh th\u00f4ng th\u01b0\u1eddng, ngo\u00e0i ra s\u1eed d\u1ee5ng l\u1edbp m\u1ea1 AI+UV nh\u01b0 k\u00ednh xe h\u01a1i, \u0111em l\u1ea1i hi\u1ec7u su\u1ea5t truy\u1ec1n d\u1eabn \u00e1nh s\u00e1ng v\u00e0 kh\u1ea3 n\u0103ng ch\u1ed1ng x\u01b0\u1edbc tuy\u1ec7t v\u1eddi.<br \/>\n&#8211; \u0110\u00e8n d\u1ee5ng 2 vi\u00ean pin AA 1.2V ho\u1eb7c 1.5V, c\u00f3 th\u1ec3 thay th\u1ebf nhanh ch\u00f3ng v\u00e0 d\u1ec5 ki\u1ebfm \u1edf b\u1ea5t k\u00ec n\u01a1i \u0111\u00e2u.<br \/>\n&#8211; \u0110\u00e8n \u0111\u01b0\u1ee3c gia c\u00f4ng ren su\u1ed1t d\u1ecdc th\u00e2n, cho c\u1ea3n gi\u00e1c c\u1ea7m n\u1eafm ch\u1eafc ch\u1eafn.<br \/>\n==============================<br \/>\nhttps:\/\/cf.shopee.vn\/file\/vn-11134208-7r98o-lsid6didth384f<br \/>\n   H\u01b0\u1edbng d\u1eabn s\u1eed d\u1ee5ng:<br \/>\n* B\u1eadt\/ t\u1eaft:<br \/>\n&#8211; Nh\u1ea5n ho\u00e0n to\u00e0n c\u00f4ng t\u1eafc \u0111u\u00f4i \u0111\u1ec3 b\u1eadt\/ t\u1eaft \u0111\u00e8n.<br \/>\n* L\u1ef1a ch\u1ecdn \u0111\u1ea7u ra<br \/>\n&#8211; Khi \u0111\u00e8n \u0111\u01b0\u1ee3c b\u1eadt, ch\u1ea1m v\u00e0o c\u00f4ng t\u1eafc \u0111u\u00f4i \u0111\u1ec3 chuy\u1ec3n qua Eco \u2192 Low \u2192 Med \u2192 High.<br \/>\n* C\u00e1ch b\u1ea3o qu\u1ea3n \u0111\u00e8n pin Fenix \u200b\u200bE20 V2.0<br \/>\n&#8211; N\u00ean thay th\u1ebf pin 4 th\u00e1ng 1 l\u1ea7n \u0111\u1ec3 \u0111\u1ea3m b\u1ea3o tu\u1ed5i th\u1ecd v\u00e0 hi\u1ec7u su\u1ea5t t\u1ed1i \u01b0u khi kh\u00f4ng s\u1eed d\u1ee5ng th\u01b0\u1eddng xuy\u00ean.<br \/>\n&#8211; Sau khi thay xong, v\u1eb7n l\u1ea1i ren \u0111u\u00f4i \u0111\u00e8n.<\/p>\n<p>#denpinE20V2.0#denpindoidau#E20V2.0#fenixE20V2.0#fenix#denpinkiemsacduphong#denpinbotui#denpincongnghiep#<\/p>\n","protected":false},"excerpt":{"rendered":"<p>\u0110\u00e8n Pin Fenix &#8211; E20 V2.0 &#8211; 350 Lumens Nh\u1ecf G\u1ecdn Si\u00eau S\u00e1ng Th\u00f4ng s\u1ed1 k\u0129 thu\u1eadt: &#8211; Trang b\u1ecb led Luminus SST20, tu\u1ed5i th\u1ecd h\u01a1n 50.000 gi\u1edd &#8211; T\u01b0\u01a1ng th\u00edch 2 pin AA (Ni-MH\/Alkaline) &#8211; M\u1ea1ch \u0111i\u1ec1u khi\u1ec3n th\u00f4ng minh duy tr\u00ec \u0111\u1ed9 s\u00e1ng \u1ed5n \u0111\u1ecbnh &#8211; M\u1ea1ch b\u1ea3o v\u1ec7 ch\u1ed1ng qu\u00e1 nhi\u1ec7t khi&hellip;<\/p>\n","protected":false},"featured_media":4531,"comment_status":"closed","ping_status":"open","template":"","meta":[],"product_cat":[80],"product_tag":[102,87,116,105,115,106],"class_list":{"0":"post-4649","1":"product","2":"type-product","3":"status-publish","4":"has-post-thumbnail","6":"product_brand-fenix","7":"product_cat-den-pin-cao-cap","8":"product_tag-den-cong-trinh","9":"product_tag-den-da-ngoai","10":"product_tag-den-pin-fenix","11":"product_tag-den-pin-sang-toa","12":"product_tag-den-pin-sieu-sang","13":"product_tag-den-sang-rong","15":"first","16":"instock","17":"product-type-simple","18":"col-xs-6 col-sm-4","19":"col-md-3 col-lg-3","20":"un-4-cols"},"_links":{"self":[{"href":"https:\/\/hibucenter.com\/index.php\/wp-json\/wp\/v2\/product\/4649","targetHints":{"allow":["GET"]}}],"collection":[{"href":"https:\/\/hibucenter.com\/index.php\/wp-json\/wp\/v2\/product"}],"about":[{"href":"https:\/\/hibucenter.com\/index.php\/wp-json\/wp\/v2\/types\/product"}],"replies":[{"embeddable":true,"href":"https:\/\/hibucenter.com\/index.php\/wp-json\/wp\/v2\/comments?post=4649"}],"version-history":[{"count":0,"href":"https:\/\/hibucenter.com\/index.php\/wp-json\/wp\/v2\/product\/4649\/revisions"}],"wp:featuredmedia":[{"embeddable":true,"href":"https:\/\/hibucenter.com\/index.php\/wp-json\/wp\/v2\/media\/4531"}],"wp:attachment":[{"href":"https:\/\/hibucenter.com\/index.php\/wp-json\/wp\/v2\/media?parent=4649"}],"wp:term":[{"taxonomy":"product_cat","embeddable":true,"href":"https:\/\/hibucenter.com\/index.php\/wp-json\/wp\/v2\/product_cat?post=4649"},{"taxonomy":"product_tag","embeddable":true,"href":"https:\/\/hibucenter.com\/index.php\/wp-json\/wp\/v2\/product_tag?post=4649"}],"curies":[{"name":"wp","href":"https:\/\/api.w.org\/{rel}","templated":true}]}}