{"id":4648,"date":"2025-04-28T10:00:29","date_gmt":"2025-04-28T03:00:29","guid":{"rendered":"https:\/\/hibucenter.com\/index.php\/product\/den-pin-fenix-pd32-v2-0-1200-lumens-hoat-dong-trong-nhiet-do-khac-nghiet\/"},"modified":"2025-07-17T14:24:48","modified_gmt":"2025-07-17T07:24:48","slug":"den-pin-fenix-pd32-v2-0-1200-lumens-hoat-dong-trong-nhiet-do-khac-nghiet","status":"publish","type":"product","link":"https:\/\/hibucenter.com\/index.php\/den-pin-fenix-pd32-v2-0-1200-lumens-hoat-dong-trong-nhiet-do-khac-nghiet\/","title":{"rendered":"\u0110\u00e8n Pin Fenix PD32 V2.0 &#8211; 1200 Lumens &#8211; Ho\u1ea1t \u0110\u1ed9ng Trong Nhi\u1ec7t \u0110\u1ed9 Kh\u1eafc Nghi\u1ec7t"},"content":{"rendered":"<p>\u0110\u00e8n Pin Fenix PD32 V2.0 &#8211; 1200 Lumens &#8211; Ho\u1ea1t \u0110\u1ed9ng Trong Nhi\u1ec7t \u0110\u1ed9 Kh\u1eafc Nghi\u1ec7t<br \/>\n  B\u1ed9 s\u1ea3n ph\u1ea9m bao g\u1ed3m:<br \/>\n1 x \u0110\u00e8n pin Fenix PD32 V2.0<br \/>\n1 x Bao \u0111\u1ef1ng<br \/>\n1 x D\u00e2y \u0111eo c\u1ed5 tay<br \/>\n1 x O-ring ch\u1ed1ng n\u01b0\u1edbc d\u1ef1 ph\u00f2ng<br \/>\n1 x S\u00e1ch HSSD<br \/>\n==============================<br \/>\nhttps:\/\/cf.shopee.vn\/file\/vn-11134208-7r98o-lsid6diduvno1a<br \/>\n  Th\u00f4ng s\u1ed1 k\u0129 thu\u1eadt:<br \/>\n&#8211; \u0110\u1ed9 s\u00e1ng c\u1ef1c \u0111\u1ea1i 1200 Lumens, chi\u1ebfu xa 395 m\u00e9t<br \/>\n&#8211; Trang b\u1ecb b\u00f3ng led OSRAM KW CSLPM1.TG chuy\u00ean chi\u1ebfu xa, tu\u1ed5i th\u1ecd 50.000 gi\u1edd<br \/>\n&#8211; S\u1eed d\u1ee5ng 1 pin s\u1ea1c 18650 ho\u1eb7c 2 pin CR123A<br \/>\n&#8211; Thi\u1ebft k\u1ebf c\u00f4ng t\u1eafc ch\u00ednh \u1edf \u0111u\u00f4i v\u1edbi kh\u1ea3 n\u0103ng truy c\u1eadp nhanh ch\u1ebf \u0111\u1ed9 nh\u00e1y Strobe<br \/>\n&#8211; Th\u00e2n \u0111\u00e8n b\u1eb1ng h\u1ee3p kim nh\u00f4m cao c\u1ea5p \u0111\u01b0\u1ee3c x\u1eed l\u00fd m\u1ea1 b\u1ec1 m\u1eb7t Anodized HAIII si\u00eau c\u1ee9ng<br \/>\n&#8211; K\u00edch th\u01b0\u1edbc: 129.4 x 25.4 x 23.6mm<br \/>\n&#8211; Tr\u1ecdng l\u01b0\u1ee3ng: 82g<br \/>\n&#8211; Made in China<br \/>\n&#8211; B\u1ea3o H\u00e0nh: 5 N\u0103m<br \/>\n==============================<\/p>\n<p>  Nh\u1eefng t\u00ednh n\u0103ng:<br \/>\n&#8211; Ch\u1ea5t l\u01b0\u1ee3ng gia c\u00f4ng tuy\u1ec7t v\u1eddi, hi\u1ec7u n\u0103ng cao, c\u00e1c m\u1ee9c s\u00e1ng ph\u00e2n b\u1ed5 h\u1ee3p l\u00fd v\u1eabn l\u00e0 \u0111i\u1ec1u Fenix lu\u00f4n cam k\u1ebft \u0111em t\u1edbi cho kh\u00e1ch h\u00e0ng.<br \/>\n&#8211; Fenix PD32 V2.0 c\u00f3 th\u1ec3 truy c\u1eadp ngay l\u1eadp t\u1ee9c \u0111\u1ebfn ch\u1ebf \u0111\u1ed9 Strobe \u0111\u1ec3 ph\u1ea3n \u1ee9ng nhanh trong c\u00e1c t\u00ecnh hu\u1ed1ng ph\u00f2ng th\u00e2n, \u0111\u1ed1i kh\u00e1ng. Ch\u1ec9 c\u1ea7n nh\u1ea5n v\u00e0 gi\u1eef c\u00f4ng t\u1eafc \u0111u\u00f4i 0.5s.<br \/>\n&#8211; \u0110\u00e8n pin Fenix PD32 V2.0 c\u00f3 3 ch\u1ebf \u0111\u1ed9 s\u00e1ng, nhanh ch\u00f3ng truy c\u1eadp \u0111\u1ec3 s\u1eed d\u1ee5ng, \u0111\u00e1p \u1ee9ng nhanh.<br \/>\n&#8211; \u0110\u00e8n t\u01b0\u01a1ng t\u00edch v\u1ec1 nhi\u1ec1u lo\u1ea1i pin, c\u00f3 th\u1ec3 s\u1eed d\u1ee5ng pin 18650 3500 mAh  ho\u1eb7c 2 vi\u00ean CR123A (pin d\u00f9ng 1 l\u1ea7n).<br \/>\n&#8211; \u0110\u00e8n pin Fenix PD32 V2.0 c\u00f2n t\u01b0\u01a1ng th\u00edch v\u1edbi nhi\u1ec1u lo\u1ea1i ph\u1ee5 ki\u1ec7n \u0111\u1eb7c bi\u1ec7t c\u1ee7a h\u00e3ng, ph\u1ee5c v\u1ee5 c\u00e1c nhu c\u1ea7u t\u00e1c chi\u1ebfn, l\u1ef1c l\u01b0\u1ee3ng h\u00e0nh ph\u00e1p\u2026.<br \/>\n&#8211; Th\u00e2n \u0111\u00e8n Fenix PD32 V2.0 \u0111\u01b0\u1ee3c gia c\u00f4ng t\u1eeb h\u1ee3p kim nh\u00f4m A6061-T6 si\u00eau b\u1ec1n v\u00e0 si\u00eau nh\u1eb9, cho \u0111\u00e8n kh\u1ea3 n\u0103ng ch\u1ecbu va \u0111\u1eadp \u0111\u1ebfn 1.5m. \u0110\u00e8n c\u00f2n \u0111\u01b0\u1ee3c trang b\u1ecb kh\u1ea3 n\u0103ng ch\u1ed1ng b\u1ee5i, n\u01b0\u1edbc theo ti\u00eau chu\u1ea9n IP68.<br \/>\n==============================<\/p>\n<p>https:\/\/cf.shopee.vn\/file\/vn-11134208-7r98o-lsid6didwa84d2<br \/>\n   H\u01b0\u1edbng d\u1eabn s\u1eed d\u1ee5ng:<br \/>\n* B\u1eadt\/ t\u1eaft:<br \/>\n&#8211; Nh\u1ea5n c\u00f4ng t\u1eafc \u0111u\u00f4i \u0111\u1ec3 b\u1eadt \u0111\u00e8n trong gi\u00e2y l\u00e1t.<br \/>\n&#8211; Nh\u1ea5n c\u00f4ng t\u1eafc \u0111u\u00f4i \u0111\u1ec3 b\u1eadt \u0111\u00e8n li\u00ean t\u1ee5c, nh\u1ea5n l\u1ea7n n\u1eefa \u0111\u1ec3 t\u1eaft \u0111\u00e8n.<br \/>\n* L\u1ef1a ch\u1ecdn \u0111\u1ea7u ra<br \/>\n&#8211; Khi \u0111\u00e8n \u0111\u01b0\u1ee3c b\u1eadt, ch\u1ea1m v\u00e0o c\u00f4ng t\u1eafc \u0111u\u00f4i \u0111\u1ec3 chuy\u1ec3n qua Low \u2192 Med \u2192 High<br \/>\n* Strobe:<br \/>\n&#8211; \u1ede b\u1ea5t k\u1ef3 tr\u1ea1ng th\u00e1i n\u00e0o, h\u00e3y nh\u1ea5n v\u00e0 gi\u1eef c\u00f4ng t\u1eafc \u0111u\u00f4i trong 0,5 gi\u00e2y \u0111\u1ec3 v\u00e0o nh\u1ea5p nh\u00e1y.<br \/>\n&#8211; Nh\u1ea5n v\u00e0o c\u00f4ng t\u1eafc \u0111u\u00f4i \u0111\u1ec3 quay l\u1ea1i ch\u1ebf \u0111\u1ed9 \u0111\u00e3 s\u1eed d\u1ee5ng tr\u01b0\u1edbc \u0111\u00f3.<br \/>\n* M\u1ea1ch b\u1ed9 nh\u1edb th\u00f4ng minh<br \/>\n&#8211; \u0110\u00e8n ghi nh\u1edb \u0111\u1ea7u ra \u0111\u01b0\u1ee3c ch\u1ecdn cu\u1ed1i c\u00f9ng kh\u00f4ng bao g\u1ed3m nh\u1ea5p nh\u00e1y. Khi \u0111\u01b0\u1ee3c b\u1eadt l\u1ea1i, \u0111\u1ea7u ra \u0111\u00e3 s\u1eed d\u1ee5ng tr\u01b0\u1edbc \u0111\u00f3 c\u1ee7a ch\u1ebf \u0111\u1ed9 chung s\u1ebd \u0111\u01b0\u1ee3c g\u1ecdi l\u1ea1i.<\/p>\n<p>#denpinPD32V2.0#denpindoidau#PD32V2.0#fenixPD32V2.0#fenix#denpinkiemsacduphong#denpinbotui#denpincongnghiep#<\/p>\n","protected":false},"excerpt":{"rendered":"<p>\u0110\u00e8n Pin Fenix PD32 V2.0 &#8211; 1200 Lumens &#8211; Ho\u1ea1t \u0110\u1ed9ng Trong Nhi\u1ec7t \u0110\u1ed9 Kh\u1eafc Nghi\u1ec7t B\u1ed9 s\u1ea3n ph\u1ea9m bao g\u1ed3m: 1 x \u0110\u00e8n pin Fenix PD32 V2.0 1 x Bao \u0111\u1ef1ng 1 x D\u00e2y \u0111eo c\u1ed5 tay 1 x O-ring ch\u1ed1ng n\u01b0\u1edbc d\u1ef1 ph\u00f2ng 1 x S\u00e1ch HSSD ============================== https:\/\/cf.shopee.vn\/file\/vn-11134208-7r98o-lsid6diduvno1a Th\u00f4ng s\u1ed1 k\u0129 thu\u1eadt:&hellip;<\/p>\n","protected":false},"featured_media":4521,"comment_status":"closed","ping_status":"open","template":"","meta":[],"product_cat":[80],"product_tag":[102,87,116,105,115,106],"class_list":{"0":"post-4648","1":"product","2":"type-product","3":"status-publish","4":"has-post-thumbnail","6":"product_brand-fenix","7":"product_cat-den-pin-cao-cap","8":"product_tag-den-cong-trinh","9":"product_tag-den-da-ngoai","10":"product_tag-den-pin-fenix","11":"product_tag-den-pin-sang-toa","12":"product_tag-den-pin-sieu-sang","13":"product_tag-den-sang-rong","15":"first","16":"instock","17":"product-type-simple","18":"col-xs-6 col-sm-4","19":"col-md-3 col-lg-3","20":"un-4-cols"},"_links":{"self":[{"href":"https:\/\/hibucenter.com\/index.php\/wp-json\/wp\/v2\/product\/4648","targetHints":{"allow":["GET"]}}],"collection":[{"href":"https:\/\/hibucenter.com\/index.php\/wp-json\/wp\/v2\/product"}],"about":[{"href":"https:\/\/hibucenter.com\/index.php\/wp-json\/wp\/v2\/types\/product"}],"replies":[{"embeddable":true,"href":"https:\/\/hibucenter.com\/index.php\/wp-json\/wp\/v2\/comments?post=4648"}],"version-history":[{"count":0,"href":"https:\/\/hibucenter.com\/index.php\/wp-json\/wp\/v2\/product\/4648\/revisions"}],"wp:featuredmedia":[{"embeddable":true,"href":"https:\/\/hibucenter.com\/index.php\/wp-json\/wp\/v2\/media\/4521"}],"wp:attachment":[{"href":"https:\/\/hibucenter.com\/index.php\/wp-json\/wp\/v2\/media?parent=4648"}],"wp:term":[{"taxonomy":"product_cat","embeddable":true,"href":"https:\/\/hibucenter.com\/index.php\/wp-json\/wp\/v2\/product_cat?post=4648"},{"taxonomy":"product_tag","embeddable":true,"href":"https:\/\/hibucenter.com\/index.php\/wp-json\/wp\/v2\/product_tag?post=4648"}],"curies":[{"name":"wp","href":"https:\/\/api.w.org\/{rel}","templated":true}]}}