{"id":14898,"date":"2025-12-16T11:30:19","date_gmt":"2025-12-16T04:30:19","guid":{"rendered":"https:\/\/hibucenter.com\/index.php\/leu-trung-tam-kem-man-chieu-glamping-chi-so-chong-nang-upf-50-naturehike-nh20tm008\/"},"modified":"2025-12-16T11:30:50","modified_gmt":"2025-12-16T04:30:50","slug":"leu-trung-tam-kem-man-chieu-glamping-chi-so-chong-nang-upf-50-naturehike-nh20tm008","status":"publish","type":"product","link":"https:\/\/hibucenter.com\/index.php\/leu-trung-tam-kem-man-chieu-glamping-chi-so-chong-nang-upf-50-naturehike-nh20tm008\/","title":{"rendered":"L\u1ec1u trung t\u00e2m k\u00e8m m\u00e0n chi\u1ebfu Glamping ch\u1ec9 s\u1ed1 ch\u1ed1ng n\u1eafng UPF 50+ NatureHike NH20TM008"},"content":{"rendered":"<p>TH\u00d4NG TIN S\u1ea2N PH\u1ea8M:<br \/>\n&#8211; Tr\u1ecdng l\u01b0\u1ee3ng: 12kg<br \/>\n&#8211; Di\u1ec7n t\u00edch: 45 \u33a1<br \/>\n&#8211; S\u1ed1 l\u01b0\u1ee3ng: 10-15 Ng\u01b0\u1eddi<br \/>\n&#8211; K\u00edch th\u01b0\u1edbc: 555x336x240cm<br \/>\n&#8211; K\u00edch Th\u01b0\u1edbc \u0111\u00f3ng g\u00f3i: 72x30x23.5cm<br \/>\n&#8211; Ch\u1ea5t li\u1ec7u: V\u1ea3i Oxford 150D<br \/>\n&#8211; M\u00e0u s\u1eafc: m\u00e0u c\u00e1t<br \/>\n&#8211; Th\u01b0\u01a1ng hi\u1ec7u: NatureHike<br \/>\n&#8211; Xu\u1ea5t x\u1ee9: Trung Qu\u1ed1c<br \/>\nCh\u1ea5t li\u1ec7u:<br \/>\n&#8211; M\u1eb7t ngo\u00e0i: V\u1ea3i Oxford 150D, ph\u1ee7 ch\u1ed1ng n\u01b0\u1edbc PU3000MM<br \/>\n&#8211; Khung s\u1eaft t\u00e1n<br \/>\nThi\u1ebft k\u1ebf:<br \/>\n&#8211; M\u00e1i che t\u00e1n r\u1ed9ng, c\u00e1c g\u00f3c c\u0103ng d\u00e2y ch\u1eafc ch\u1eafn<br \/>\n&#8211; V\u1eeba c\u00f3 th\u1ec3 m\u1edf t\u00e1n r\u1ed9ng, v\u1eeba \u0111\u00f3ng k\u00edn ch\u1ed1ng n\u00f3ng<br \/>\n&#8211; Ch\u1ed1ng th\u1ea5m t\u1ed1t, d\u1ec5 d\u00e0ng th\u00e1o l\u1eafp, b\u1ea3o qu\u1ea3n<br \/>\n&#8211; Thu\u1eadn ti\u1ec7n cho vi\u1ec7c c\u1ea5t gi\u1eef v\u00e0 di chuy\u1ec3n<br \/>\nK\u00e8m m\u00e0n chi\u1ebfu: open-air cinema k\u00edch th\u01b0\u1edbc 2.9 \u00d7 1.6m, t\u01b0\u01a1ng \u0111\u01b0\u01a1ng m\u00e0n h\u00ecnh 16:9<br \/>\nPh\u00f9 h\u1ee3p cho c\u00e1c chuy\u1ebfn du l\u1ecbch d\u00e3 ngo\u1ea1i, sinh ho\u1ea1t t\u1eadp th\u1ec3 ngo\u00e0i tr\u1eddi\u2026<\/p>\n","protected":false},"excerpt":{"rendered":"<p>TH\u00d4NG TIN S\u1ea2N PH\u1ea8M: &#8211; Tr\u1ecdng l\u01b0\u1ee3ng: 12kg &#8211; Di\u1ec7n t\u00edch: 45 \u33a1 &#8211; S\u1ed1 l\u01b0\u1ee3ng: 10-15 Ng\u01b0\u1eddi &#8211; K\u00edch th\u01b0\u1edbc: 555x336x240cm &#8211; K\u00edch Th\u01b0\u1edbc \u0111\u00f3ng g\u00f3i: 72x30x23.5cm &#8211; Ch\u1ea5t li\u1ec7u: V\u1ea3i Oxford 150D &#8211; M\u00e0u s\u1eafc: m\u00e0u c\u00e1t &#8211; Th\u01b0\u01a1ng hi\u1ec7u: NatureHike &#8211; Xu\u1ea5t x\u1ee9: Trung Qu\u1ed1c Ch\u1ea5t li\u1ec7u: &#8211; M\u1eb7t ngo\u00e0i: V\u1ea3i Oxford&hellip;<\/p>\n","protected":false},"featured_media":14900,"comment_status":"closed","ping_status":"open","template":"","meta":[],"product_cat":[15],"product_tag":[],"class_list":{"0":"post-14898","1":"product","2":"type-product","3":"status-publish","4":"has-post-thumbnail","6":"product_cat-uncategorized","8":"first","9":"instock","10":"purchasable","11":"product-type-simple","12":"col-xs-6 col-sm-4","13":"col-md-3 col-lg-3","14":"un-4-cols"},"_links":{"self":[{"href":"https:\/\/hibucenter.com\/index.php\/wp-json\/wp\/v2\/product\/14898","targetHints":{"allow":["GET"]}}],"collection":[{"href":"https:\/\/hibucenter.com\/index.php\/wp-json\/wp\/v2\/product"}],"about":[{"href":"https:\/\/hibucenter.com\/index.php\/wp-json\/wp\/v2\/types\/product"}],"replies":[{"embeddable":true,"href":"https:\/\/hibucenter.com\/index.php\/wp-json\/wp\/v2\/comments?post=14898"}],"version-history":[{"count":1,"href":"https:\/\/hibucenter.com\/index.php\/wp-json\/wp\/v2\/product\/14898\/revisions"}],"predecessor-version":[{"id":14899,"href":"https:\/\/hibucenter.com\/index.php\/wp-json\/wp\/v2\/product\/14898\/revisions\/14899"}],"wp:featuredmedia":[{"embeddable":true,"href":"https:\/\/hibucenter.com\/index.php\/wp-json\/wp\/v2\/media\/14900"}],"wp:attachment":[{"href":"https:\/\/hibucenter.com\/index.php\/wp-json\/wp\/v2\/media?parent=14898"}],"wp:term":[{"taxonomy":"product_cat","embeddable":true,"href":"https:\/\/hibucenter.com\/index.php\/wp-json\/wp\/v2\/product_cat?post=14898"},{"taxonomy":"product_tag","embeddable":true,"href":"https:\/\/hibucenter.com\/index.php\/wp-json\/wp\/v2\/product_tag?post=14898"}],"curies":[{"name":"wp","href":"https:\/\/api.w.org\/{rel}","templated":true}]}}