{"id":14442,"date":"2025-12-16T11:27:14","date_gmt":"2025-12-16T04:27:14","guid":{"rendered":"https:\/\/hibucenter.com\/index.php\/leu-naturehike-glamping-village-5-0-nh21zp009-ban-nang-cap-2022-co-mai-tang-che-phia-truoc-2-ben-leu\/"},"modified":"2025-12-16T11:27:25","modified_gmt":"2025-12-16T04:27:25","slug":"leu-naturehike-glamping-village-5-0-nh21zp009-ban-nang-cap-2022-co-mai-tang-che-phia-truoc-2-ben-leu","status":"publish","type":"product","link":"https:\/\/hibucenter.com\/index.php\/leu-naturehike-glamping-village-5-0-nh21zp009-ban-nang-cap-2022-co-mai-tang-che-phia-truoc-2-ben-leu\/","title":{"rendered":"L\u1ec1u Naturehike Glamping Village 5.0 NH21ZP009 [b\u1ea3n n\u00e2ng c\u1ea5p 2022 c\u00f3 m\u00e1i t\u0103ng che ph\u00eda tr\u01b0\u1edbc 2 b\u00ean l\u1ec1u]"},"content":{"rendered":"<p>TH\u00d4NG TIN S\u1ea2N PH\u1ea8M:<br \/>\n&#8211; Th\u01b0\u01a1ng hi\u1ec7u: Naturehike<br \/>\n&#8211; Xu\u1ea5t x\u1ee9: Trung Qu\u1ed1c<br \/>\n&#8211; K\u00edch th\u01b0\u1edbc:\u00a0<br \/>\n+ Kh\u00f4ng gian s\u1eed d\u1ee5ng: 240 x 220 x 190 cm<br \/>\n+ K\u00edch th\u01b0\u1edbc t\u1ed5ng th\u1ec3: 470 x 210 x 190 cm\u00a0<br \/>\n&#8211; K\u00edch th\u01b0\u1edbc \u0111\u00f3ng g\u00f3i: \u027825 x 90 cm<br \/>\n&#8211; Tr\u1ecdng l\u01b0\u1ee3ng: 14,2 kg<br \/>\n&#8211; S\u1ee9c ch\u1ee9a: t\u1eeb 4 ng\u01b0\u1eddi<br \/>\n&#8211; Ch\u1ea5t li\u1ec7u: V\u1ea3i 210D Polyester k\u1ebb s\u1ecdc v\u1ea3i Oxford<br \/>\n&#8211; C\u1ea5u tr\u00fac l\u1ec1u 2 l\u1edbp, chu\u1ea9n ch\u1ed1ng \u1ea9m \u2013 m\u01b0a PU3000, ch\u1ed1ng n\u1eafng n\u00f3ng UPF50+<br \/>\nL\u1ec1u Naturehike Glamping NH21ZP009-2 [Village 5.0 n\u00e2ng c\u1ea5p 2022] c\u00f3 ph\u1ea7n m\u00e1i hi\u00ean tr\u01b0\u1edbc v\u1edbi ph\u1ea7n r\u00e8m h\u1ea1 th\u1ea5p, che n\u1eafng, ch\u1eafn m\u01b0a k\u00edn h\u01a1n t\u1ea1i kh\u00f4ng gian ph\u00eda tr\u01b0\u1edbc.\u00a0<br \/>\nM\u1ed9t kh\u00f4ng gian l\u1ec1u cho 05 ng\u01b0\u1eddi, nh\u01b0ng s\u1ebd l\u00e0 d\u00f2ng l\u1ec1u Naturehike Glamping cho c\u1eb7p \u0111\u00f4i. Hay gia \u0111\u00ecnh th\u00eam 02 em b\u00e9, \u0111\u1ec3 c\u00f3 \u0111\u01b0\u1ee3c m\u1ed9t kh\u00f4ng gian th\u1ecfa m\u00e1i trong r\u1eebng, ngh\u1ec9 ng\u01a1i v\u1edbi ng\u00f4i nh\u00e0 di \u0111\u1ed9ng. Trong c\u1ea3m gi\u00e1c, c\u00f9ng nh\u1eefng tr\u1ea3i nghi\u1ec7m cao c\u1ea5p, tho\u1ea3i m\u00e1i nh\u1ea5t!<br \/>\nL\u00e0 m\u1eabu l\u1ec1u Glamping gia \u0111\u00ecnh, khi mang th\u00f4ng s\u1ed1 trong kh\u00f4ng gian l\u1ec1u ch\u00ednh l\u00e0 210 x 210 cm. Khi nh\u00ecn l\u1ea1i nh\u1eefng d\u00f2ng l\u1ec1u d\u00e3 ngo\u1ea1i, th\u00ec \u0111\u00e2y l\u00e0 m\u1ed9t th\u00f4ng s\u1ed1 chu\u1ea9n c\u1ee7a l\u1ec1u 04 ng\u01b0\u1eddi tr\u01b0\u1edfng th\u00e0nh. N\u1eb1m k\u00edn trong kh\u00f4ng gian l\u1ec1u, nh\u01b0ng lu\u00f4n tho\u00e1ng m\u00e1t, c\u1ef1c tho\u1ea3i m\u00e1i nh\u1edd h\u1ec7 th\u1ed1ng v\u1ea3i l\u01b0\u1edbi tr\u00ean tr\u1ea7n, t\u1edbi h\u1ec7 c\u1eeda \u2013 \u00f4 tho\u00e1ng tr\u00ean l\u1ec1u.<br \/>\nM\u1ed9t \u0111i\u1ec3m \u0111\u00e1ng t\u1ef1 h\u00e0o c\u1ee7a l\u1ec1u Naturehike Glamping Village 5.0. Khi l\u00e0 m\u1eabu l\u1ec1u mang t\u1edbi s\u1ef1 tho\u1ea3i m\u00e1i, gi\u00e1 tr\u1ecb v\u1ec1 m\u1eb7t h\u01b0\u1edfng th\u1ee5. Ho\u00e0 m\u00ecnh v\u00e0o v\u1edbi thi\u00ean nhi\u00ean v\u1edbi t\u1ef7 l\u1ec7 \u00f4 tho\u00e1ng, ph\u1ea7n may v\u1ea3i l\u01b0\u1edbi chi\u1ebfm t\u1edbi kho\u1ea3ng 60% di\u1ec7n t\u00edch v\u1ea3i l\u1ec1u:<br \/>\n&#8211; Gi\u00fap ch\u00fang ta c\u00f3 \u0111\u01b0\u1ee3c kh\u00f4ng gian ho\u00e0 m\u00ecnh v\u00e0o v\u1edbi thi\u00ean nhi\u00ean \u0111\u00fang ngh\u0129a<br \/>\n&#8211; Thi\u1ebft k\u1ebf l\u1ec1u d\u1ea1ng Cabin, gi\u00fap c\u00f4ng n\u0103ng, kh\u1ea3 n\u0103ng t\u1eadn d\u1ee5ng di\u1ec7n t\u00edch s\u00e0n l\u1ec1u t\u1ed1i \u0111a<br \/>\n&#8211; Di\u1ec7n t\u00edch ng\u1ee7 l\u1ec1u cho 01 gia \u0111\u00ecnh, 01 c\u1eb7p \u0111\u00f4i l\u00e0 th\u1eeba s\u1ef1 r\u1ed9ng r\u00e3i<br \/>\n&#8211; C\u00f3 th\u1ec3 \u0111\u1eb7t th\u00eam m\u1ed9t chi\u1ebfc b\u00e0n nh\u1ecf v\u00e0o l\u1ec1u, u\u1ed1ng tr\u00e0 ngh\u1ec9 ng\u01a1i ngay trong l\u1ec1u<\/p>\n","protected":false},"excerpt":{"rendered":"<p>TH\u00d4NG TIN S\u1ea2N PH\u1ea8M: &#8211; Th\u01b0\u01a1ng hi\u1ec7u: Naturehike &#8211; Xu\u1ea5t x\u1ee9: Trung Qu\u1ed1c &#8211; K\u00edch th\u01b0\u1edbc:\u00a0 + Kh\u00f4ng gian s\u1eed d\u1ee5ng: 240 x 220 x 190 cm + K\u00edch th\u01b0\u1edbc t\u1ed5ng th\u1ec3: 470 x 210 x 190 cm\u00a0 &#8211; K\u00edch th\u01b0\u1edbc \u0111\u00f3ng g\u00f3i: \u027825 x 90 cm &#8211; Tr\u1ecdng l\u01b0\u1ee3ng: 14,2 kg &#8211; S\u1ee9c ch\u1ee9a:&hellip;<\/p>\n","protected":false},"featured_media":14449,"comment_status":"closed","ping_status":"open","template":"","meta":[],"product_cat":[15],"product_tag":[],"class_list":{"0":"post-14442","1":"product","2":"type-product","3":"status-publish","4":"has-post-thumbnail","6":"product_cat-uncategorized","8":"first","9":"instock","10":"purchasable","11":"product-type-simple","12":"col-xs-6 col-sm-4","13":"col-md-3 col-lg-3","14":"un-4-cols"},"_links":{"self":[{"href":"https:\/\/hibucenter.com\/index.php\/wp-json\/wp\/v2\/product\/14442","targetHints":{"allow":["GET"]}}],"collection":[{"href":"https:\/\/hibucenter.com\/index.php\/wp-json\/wp\/v2\/product"}],"about":[{"href":"https:\/\/hibucenter.com\/index.php\/wp-json\/wp\/v2\/types\/product"}],"replies":[{"embeddable":true,"href":"https:\/\/hibucenter.com\/index.php\/wp-json\/wp\/v2\/comments?post=14442"}],"version-history":[{"count":1,"href":"https:\/\/hibucenter.com\/index.php\/wp-json\/wp\/v2\/product\/14442\/revisions"}],"predecessor-version":[{"id":14443,"href":"https:\/\/hibucenter.com\/index.php\/wp-json\/wp\/v2\/product\/14442\/revisions\/14443"}],"wp:featuredmedia":[{"embeddable":true,"href":"https:\/\/hibucenter.com\/index.php\/wp-json\/wp\/v2\/media\/14449"}],"wp:attachment":[{"href":"https:\/\/hibucenter.com\/index.php\/wp-json\/wp\/v2\/media?parent=14442"}],"wp:term":[{"taxonomy":"product_cat","embeddable":true,"href":"https:\/\/hibucenter.com\/index.php\/wp-json\/wp\/v2\/product_cat?post=14442"},{"taxonomy":"product_tag","embeddable":true,"href":"https:\/\/hibucenter.com\/index.php\/wp-json\/wp\/v2\/product_tag?post=14442"}],"curies":[{"name":"wp","href":"https:\/\/api.w.org\/{rel}","templated":true}]}}