{"id":10187,"date":"2025-07-10T14:36:57","date_gmt":"2025-07-10T07:36:57","guid":{"rendered":"https:\/\/hibucenter.com\/?post_type=product&#038;p=10187"},"modified":"2025-07-16T11:30:46","modified_gmt":"2025-07-16T04:30:46","slug":"ban-xep-helinox-cafe-table-wide-coyote-tan","status":"publish","type":"product","link":"https:\/\/hibucenter.com\/index.php\/ban-xep-helinox-cafe-table-wide-coyote-tan\/","title":{"rendered":"B\u00e0n x\u1ebfp HELINOX Cafe Table Wide &#8211; Coyote Tan"},"content":{"rendered":"<p>B\u00e0n x\u1ebfp HELINOX Cafe Table Wide &#8211; Coyote Tan<\/p>\n<p>Trong s\u1ed1 c\u00e1c m\u1eabu b\u00e0n Helinox, m\u1eabu b\u00e0n n\u00e0y c\u00f3 m\u1eb7t b\u00e0n cao. N\u00f3 \u0111\u01b0\u1ee3c thi\u1ebft k\u1ebf \u0111\u1ec3 ph\u00f9 h\u1ee3p v\u1edbi chi\u1ec1u cao gh\u1ebf ng\u1ed3i c\u1ee7a gh\u1ebf c\u00e0 ph\u00ea, gi\u00fap b\u1ea1n tho\u1ea3i m\u00e1i s\u1eed d\u1ee5ng b\u1eb1ng c\u00e1ch k\u1ebft h\u1ee3p ch\u00fang. M\u1eabu b\u00e0n n\u00e0y \u0111\u01b0\u1ee3c thi\u1ebft k\u1ebf d\u1ef1a tr\u00ean b\u00e0n c\u00e0 ph\u00ea v\u00e0 r\u1ed9ng h\u01a1n 30 cm.<\/p>\n<p>B\u00e0n x\u1ebfp HELINOX Cafe Table Wide &#8211; Coyote Tan<br \/>\n\u26ab\ufe0eK\u00edch th\u01b0\u1edbc m\u1eb7t b\u00e0n: R\u1ed9ng 90\u00d7S\u00e2u 60cm<br \/>\n\u26ab\ufe0eChi\u1ec1u cao: 68cm<br \/>\n\u26ab\ufe0eK\u00edch th\u01b0\u1edbc h\u1ed9p: R\u1ed9ng 91\u00d7S\u00e2u 9\u00d7Cao 61cm<br \/>\n\u26ab\ufe0eTr\u1ecdng l\u01b0\u1ee3ng khi s\u1eed d\u1ee5ng: 4.835g<br \/>\n\u26ab\ufe0eTr\u1ecdng l\u01b0\u1ee3ng khi c\u1ea5t gi\u1eef: 5.515g<br \/>\n\u26ab\ufe0eT\u1ea3i tr\u1ecdng: 50kg<br \/>\n\u26ab\ufe0eCh\u1ea5t li\u1ec7u m\u1eb7t b\u00e0n: HPL (v\u1eadt li\u1ec7u laminate ch\u1ecbu \u00e1p su\u1ea5t cao l\u00e0m t\u1eeb s\u1ee3i g\u1ed7 v\u00e0 nh\u1ef1a)<br \/>\n\u26ab\ufe0eCh\u1ea5t li\u1ec7u khung: Nh\u00f4m, nh\u1ef1a<\/p>\n<p>&nbsp;<\/p>\n<p>* Tr\u1ecdng l\u01b0\u1ee3ng c\u1ee7a s\u1ea3n ph\u1ea9m c\u00f3 th\u1ec3 h\u01a1i kh\u00e1c so v\u1edbi tr\u1ecdng l\u01b0\u1ee3ng th\u1ef1c t\u1ebf do ph\u01b0\u01a1ng ph\u00e1p \u0111o l\u01b0\u1eddng, y\u1ebfu t\u1ed1 m\u00f4i tr\u01b0\u1eddng, v.v.<\/p>\n","protected":false},"excerpt":{"rendered":"<p>B\u00e0n x\u1ebfp HELINOX Cafe Table Wide &#8211; Coyote Tan<\/p>\n<p>Trong s\u1ed1 c\u00e1c m\u1eabu b\u00e0n Helinox, m\u1eabu b\u00e0n n\u00e0y c\u00f3 m\u1eb7t b\u00e0n cao. N\u00f3 \u0111\u01b0\u1ee3c thi\u1ebft k\u1ebf \u0111\u1ec3 ph\u00f9 h\u1ee3p v\u1edbi chi\u1ec1u cao gh\u1ebf ng\u1ed3i c\u1ee7a gh\u1ebf c\u00e0 ph\u00ea, gi\u00fap b\u1ea1n tho\u1ea3i m\u00e1i s\u1eed d\u1ee5ng b\u1eb1ng c\u00e1ch k\u1ebft h\u1ee3p ch\u00fang. M\u1eabu b\u00e0n n\u00e0y \u0111\u01b0\u1ee3c thi\u1ebft k\u1ebf d\u1ef1a tr\u00ean b\u00e0n c\u00e0 ph\u00ea v\u00e0 r\u1ed9ng h\u01a1n 30 cm.<\/p>\n","protected":false},"featured_media":10195,"comment_status":"open","ping_status":"closed","template":"","meta":[],"product_cat":[161],"product_tag":[],"class_list":{"0":"post-10187","1":"product","2":"type-product","3":"status-publish","4":"has-post-thumbnail","6":"product_brand-helinox","7":"product_cat-do-outdoor-camping","9":"first","10":"instock","11":"shipping-taxable","12":"purchasable","13":"product-type-simple","14":"col-xs-6 col-sm-4","15":"col-md-3 col-lg-3","16":"un-4-cols"},"_links":{"self":[{"href":"https:\/\/hibucenter.com\/index.php\/wp-json\/wp\/v2\/product\/10187","targetHints":{"allow":["GET"]}}],"collection":[{"href":"https:\/\/hibucenter.com\/index.php\/wp-json\/wp\/v2\/product"}],"about":[{"href":"https:\/\/hibucenter.com\/index.php\/wp-json\/wp\/v2\/types\/product"}],"replies":[{"embeddable":true,"href":"https:\/\/hibucenter.com\/index.php\/wp-json\/wp\/v2\/comments?post=10187"}],"version-history":[{"count":1,"href":"https:\/\/hibucenter.com\/index.php\/wp-json\/wp\/v2\/product\/10187\/revisions"}],"predecessor-version":[{"id":10196,"href":"https:\/\/hibucenter.com\/index.php\/wp-json\/wp\/v2\/product\/10187\/revisions\/10196"}],"wp:featuredmedia":[{"embeddable":true,"href":"https:\/\/hibucenter.com\/index.php\/wp-json\/wp\/v2\/media\/10195"}],"wp:attachment":[{"href":"https:\/\/hibucenter.com\/index.php\/wp-json\/wp\/v2\/media?parent=10187"}],"wp:term":[{"taxonomy":"product_cat","embeddable":true,"href":"https:\/\/hibucenter.com\/index.php\/wp-json\/wp\/v2\/product_cat?post=10187"},{"taxonomy":"product_tag","embeddable":true,"href":"https:\/\/hibucenter.com\/index.php\/wp-json\/wp\/v2\/product_tag?post=10187"}],"curies":[{"name":"wp","href":"https:\/\/api.w.org\/{rel}","templated":true}]}}